
--
-- Table structure for table `subscription_type_settings`
--

CREATE TABLE `subscription_type_settings` (
  `type_id` bigint(20) NOT NULL,
  `locale` varchar(14) NOT NULL DEFAULT '',
  `setting_name` varchar(255) NOT NULL,
  `setting_value` text,
  `setting_type` varchar(6) NOT NULL,
  UNIQUE KEY `subscription_type_settings_pkey` (`type_id`,`locale`,`setting_name`),
  KEY `subscription_type_settings_type_id` (`type_id`)
) ENGINE=InnoDB DEFAULT CHARSET=utf8;

--
-- Dumping data for table `subscription_type_settings`
--


--
-- Table structure for table `subscription_types`
--

CREATE TABLE `subscription_types` (
  `type_id` bigint(20) NOT NULL AUTO_INCREMENT,
  `journal_id` bigint(20) NOT NULL,
  `cost` double NOT NULL,
  `currency_code_alpha` varchar(3) NOT NULL,
  `non_expiring` tinyint(4) NOT NULL DEFAULT '0',
  `duration` smallint(6) DEFAULT NULL,
  `format` smallint(6) NOT NULL,
  `institutional` tinyint(4) NOT NULL DEFAULT '0',
  `membership` tinyint(4) NOT NULL DEFAULT '0',
  `disable_public_display` tinyint(4) NOT NULL,
  `seq` double NOT NULL,
  PRIMARY KEY (`type_id`)
) ENGINE=InnoDB DEFAULT CHARSET=utf8;

--
-- Dumping data for table `subscription_types`
--


--
-- Table structure for table `subscriptions`
--

CREATE TABLE `subscriptions` (
  `subscription_id` bigint(20) NOT NULL AUTO_INCREMENT,
  `journal_id` bigint(20) NOT NULL,
  `user_id` bigint(20) NOT NULL,
  `type_id` bigint(20) NOT NULL,
  `date_start` date DEFAULT NULL,
  `date_end` datetime DEFAULT NULL,
  `status` tinyint(4) NOT NULL DEFAULT '1',
  `membership` varchar(40) DEFAULT NULL,
  `reference_number` varchar(40) DEFAULT NULL,
  `notes` text,
  PRIMARY KEY (`subscription_id`)
) ENGINE=InnoDB DEFAULT CHARSET=utf8;

--
-- Dumping data for table `subscriptions`
--


--
-- Table structure for table `temporary_files`
--

CREATE TABLE `temporary_files` (
  `file_id` bigint(20) NOT NULL AUTO_INCREMENT,
  `user_id` bigint(20) NOT NULL,
  `file_name` varchar(90) NOT NULL,
  `file_type` varchar(255) DEFAULT NULL,
  `file_size` bigint(20) NOT NULL,
  `original_file_name` varchar(127) DEFAULT NULL,
  `date_uploaded` datetime NOT NULL,
  PRIMARY KEY (`file_id`),
  KEY `temporary_files_user_id` (`user_id`)
) ENGINE=InnoDB AUTO_INCREMENT=29 DEFAULT CHARSET=utf8;

--
-- Dumping data for table `temporary_files`
--

INSERT INTO `temporary_files` VALUES (1,1,'jpgPnaNPY','image/jpeg',896451,'Untitled-2.jpg','2019-07-12 11:31:53'),(3,1,'jpgU9qkkM','image/jpeg',121663,'full logo dipake ukuran kecil.jpg','2019-07-12 11:33:20'),(9,1,'pngEPaTcj','image/png',607979,'Coba2.png','2019-07-15 10:02:03'),(13,1,'tar.gzVzJ36E','application/x-gzip',364522,'bootstrap3-3.1.2.5.tar.gz','2019-07-20 09:01:45'),(14,1,'ziplfCt3n','application/zip',442355,'bootstrap3-master.zip','2019-07-20 09:04:24'),(15,1,'tar.gzxqUPFV','application/x-gzip',364522,'bootstrap3-3.1.2.5.tar.gz','2019-07-20 09:09:54'),(16,1,'tar.gzKxREHi','application/x-gzip',364522,'bootstrap3-3.1.2.5.tar.gz','2019-07-20 09:11:42'),(17,1,'tar.gzzk8LpM','application/x-gzip',364522,'bootstrap3-3.1.2.5.tar.gz','2019-07-20 09:20:35'),(19,1,'png3IIpix','image/png',607979,'homepageImage_en_US.png','2019-08-10 01:36:09'),(21,1,'jpgQesciC','image/jpeg',38030,'cover_issue_2_id_ID.jpg','2019-08-10 01:39:41'),(28,1,'pngKm0zoc','image/png',67195,'CoverKalamatika.png','2019-08-10 13:39:20');

--
-- Table structure for table `theses`
--

CREATE TABLE `theses` (
  `thesis_id` bigint(20) NOT NULL AUTO_INCREMENT,
  `journal_id` bigint(20) NOT NULL,
  `status` smallint(6) NOT NULL,
  `degree` smallint(6) NOT NULL,
  `degree_name` varchar(255) DEFAULT NULL,
  `department` varchar(255) NOT NULL,
  `university` varchar(255) NOT NULL,
  `date_approved` datetime NOT NULL,
  `title` varchar(255) NOT NULL,
  `url` text,
  `abstract` text,
  `comment` text,
  `student_first_name` varchar(40) NOT NULL,
  `student_middle_name` varchar(40) DEFAULT NULL,
  `student_last_name` varchar(90) NOT NULL,
  `student_email` varchar(90) NOT NULL,
  `student_email_publish` tinyint(4) DEFAULT '0',
  `student_bio` text,
  `supervisor_first_name` varchar(40) NOT NULL,
  `supervisor_middle_name` varchar(40) DEFAULT NULL,
  `supervisor_last_name` varchar(90) NOT NULL,
  `supervisor_email` varchar(90) NOT NULL,
  `discipline` varchar(255) DEFAULT NULL,
  `subject_class` varchar(255) DEFAULT NULL,
  `subject` varchar(255) DEFAULT NULL,
  `coverage_geo` varchar(255) DEFAULT NULL,
  `coverage_chron` varchar(255) DEFAULT NULL,
  `coverage_sample` varchar(255) DEFAULT NULL,
  `method` varchar(255) DEFAULT NULL,
  `language` varchar(10) DEFAULT 'en',
  `date_submitted` datetime NOT NULL,
  PRIMARY KEY (`thesis_id`),
  KEY `theses_journal_id` (`journal_id`)
) ENGINE=InnoDB DEFAULT CHARSET=utf8;

--
-- Dumping data for table `theses`
--


--
-- Table structure for table `usage_stats_temporary_records`
--

CREATE TABLE `usage_stats_temporary_records` (
  `assoc_id` bigint(20) NOT NULL,
  `assoc_type` bigint(20) NOT NULL,
  `day` bigint(20) NOT NULL,
  `metric` bigint(20) NOT NULL DEFAULT '1',
  `country_id` varchar(2) DEFAULT NULL,
  `region` varchar(2) DEFAULT NULL,
  `city` varchar(255) DEFAULT NULL,
  `load_id` varchar(255) NOT NULL,
  `file_type` tinyint(4) DEFAULT NULL,
  `entry_time` bigint(20) NOT NULL
) ENGINE=InnoDB DEFAULT CHARSET=utf8;

--
-- Dumping data for table `usage_stats_temporary_records`
--

INSERT INTO `usage_stats_temporary_records` VALUES (2,256,20181111,1,NULL,NULL,NULL,'usage_events_20181111.log',0,1541870033),(2,256,20181111,1,NULL,NULL,NULL,'usage_events_20181111.log',0,1541871835),(2,256,20181111,1,NULL,NULL,NULL,'usage_events_20181111.log',0,1541873639),(2,256,20181111,1,NULL,NULL,NULL,'usage_events_20181111.log',0,1541875406),(103,257,20181111,1,NULL,NULL,NULL,'usage_events_20181111.log',0,1541876065),(2,256,20181111,1,NULL,NULL,NULL,'usage_events_20181111.log',0,1541877218),(24,257,20181111,1,NULL,NULL,NULL,'usage_events_20181111.log',0,1541878297),(2,256,20181111,1,NULL,NULL,NULL,'usage_events_20181111.log',0,1541879026),(2,256,20181111,1,NULL,NULL,NULL,'usage_events_20181111.log',0,1541880811),(2,256,20181111,1,NULL,NULL,NULL,'usage_events_20181111.log',0,1541882621),(18,531,20190927,1,NULL,NULL,NULL,'usage_events_20190927.log',4,1569517437),(2,256,20190927,1,NULL,NULL,NULL,'usage_events_20190927.log',0,1569519140),(867,531,20190927,1,NULL,NULL,NULL,'usage_events_20190927.log',3,1569521311),(149,515,20190927,1,NULL,NULL,NULL,'usage_events_20190927.log',2,1569522744),(46,1048585,20190927,1,NULL,NULL,NULL,'usage_events_20190927.log',0,1569524091),(50,1048585,20190927,1,NULL,NULL,NULL,'usage_events_20190927.log',0,1569524489),(498,515,20190927,1,NULL,NULL,NULL,'usage_events_20190927.log',2,1569525867),(498,515,20190927,1,NULL,NULL,NULL,'usage_events_20190927.log',2,1569527925),(87,1048585,20190927,1,NULL,NULL,NULL,'usage_events_20190927.log',0,1569529205),(481,515,20190927,1,NULL,NULL,NULL,'usage_events_20190927.log',2,1569529206),(46,1048585,20190927,1,NULL,NULL,NULL,'usage_events_20190927.log',0,1569529593),(51,515,20190927,1,NULL,NULL,NULL,'usage_events_20190927.log',2,1569529734),(18,531,20190927,1,NULL,NULL,NULL,'usage_events_20190927.log',4,1569530974),(6,1048585,20190927,1,NULL,NULL,NULL,'usage_events_20190927.log',0,1569531926),(47,515,20190927,1,NULL,NULL,NULL,'usage_events_20190927.log',2,1569531927),(54,1048585,20190927,1,NULL,NULL,NULL,'usage_events_20190927.log',0,1569533544),(283,515,20190927,1,NULL,NULL,NULL,'usage_events_20190927.log',2,1569533545),(852,515,20190927,1,NULL,NULL,NULL,'usage_events_20190927.log',2,1569535615),(498,515,20190927,1,NULL,NULL,NULL,'usage_events_20190927.log',2,1569537217),(46,1048585,20190927,1,NULL,NULL,NULL,'usage_events_20190927.log',0,1569537336),(50,515,20190927,1,NULL,NULL,NULL,'usage_events_20190927.log',2,1569538075),(9,1048585,20190927,1,NULL,NULL,NULL,'usage_events_20190927.log',0,1569538365),(48,515,20190927,1,NULL,NULL,NULL,'usage_events_20190927.log',2,1569538367),(642,515,20190927,1,NULL,NULL,NULL,'usage_events_20190927.log',2,1569538416),(88,1048585,20190927,1,NULL,NULL,NULL,'usage_events_20190927.log',0,1569539579),(498,515,20190927,1,NULL,NULL,NULL,'usage_events_20190927.log',2,1569539587),(498,515,20190927,1,NULL,NULL,NULL,'usage_events_20190927.log',2,1569539589),(88,1048585,20190927,1,NULL,NULL,NULL,'usage_events_20190927.log',0,1569539606),(283,515,20190927,1,NULL,NULL,NULL,'usage_events_20190927.log',2,1569540438),(16,1048585,20190927,1,NULL,NULL,NULL,'usage_events_20190927.log',0,1569542137),(3,1048585,20190927,1,NULL,NULL,NULL,'usage_events_20190927.log',0,1569542144),(49,515,20190927,1,NULL,NULL,NULL,'usage_events_20190927.log',2,1569542145),(129,515,20190927,1,NULL,NULL,NULL,'usage_events_20190927.log',2,1569542149),(2,256,20190927,1,NULL,NULL,NULL,'usage_events_20190927.log',0,1569542232),(2,256,20190927,1,NULL,NULL,NULL,'usage_events_20190927.log',0,1569542651),(16,1048585,20190927,1,NULL,NULL,NULL,'usage_events_20190927.log',0,1569544066),(129,515,20190927,1,NULL,NULL,NULL,'usage_events_20190927.log',2,1569544067),(51,515,20190927,1,NULL,NULL,NULL,'usage_events_20190927.log',2,1569544168),(49,515,20190927,1,NULL,NULL,NULL,'usage_events_20190927.log',2,1569544802),(498,515,20190927,1,NULL,NULL,NULL,'usage_events_20190927.log',2,1569545360),(16,1048585,20190927,1,NULL,NULL,NULL,'usage_events_20190927.log',0,1569545671),(49,1048585,20190927,1,NULL,NULL,NULL,'usage_events_20190927.log',0,1569545672),(180,1048585,20190927,1,NULL,NULL,NULL,'usage_events_20190927.log',0,1569546498),(46,1048585,20190927,1,NULL,NULL,NULL,'usage_events_20190927.log',0,1569546501),(18,531,20190927,1,NULL,NULL,NULL,'usage_events_20190927.log',4,1569548028),(867,531,20190927,1,NULL,NULL,NULL,'usage_events_20190927.log',3,1569549455),(22,1048585,20190927,1,NULL,NULL,NULL,'usage_events_20190927.log',0,1569549827),(4,259,20190927,1,NULL,NULL,NULL,'usage_events_20190927.log',0,1569549871),(272,515,20190927,1,NULL,NULL,NULL,'usage_events_20190927.log',2,1569550002),(2,256,20190927,1,NULL,NULL,NULL,'usage_events_20190927.log',0,1569551718),(322,1048585,20190927,1,NULL,NULL,NULL,'usage_events_20190927.log',0,1569551744),(2,256,20190927,1,NULL,NULL,NULL,'usage_events_20190927.log',0,1569551759),(129,515,20190927,1,NULL,NULL,NULL,'usage_events_20190927.log',2,1569551940),(2,256,20190927,1,NULL,NULL,NULL,'usage_events_20190927.log',0,1569552310),(2,256,20190927,1,NULL,NULL,NULL,'usage_events_20190927.log',0,1569552375),(2,256,20190927,1,NULL,NULL,NULL,'usage_events_20190927.log',0,1569552586),(182,1048585,20190927,1,NULL,NULL,NULL,'usage_events_20190927.log',0,1569552654),(129,515,20190927,1,NULL,NULL,NULL,'usage_events_20190927.log',2,1569552857),(2,256,20190927,1,NULL,NULL,NULL,'usage_events_20190927.log',0,1569553359),(195,1048585,20190927,1,NULL,NULL,NULL,'usage_events_20190927.log',0,1569553401),(8,259,20190927,1,NULL,NULL,NULL,'usage_events_20190927.log',0,1569554722),(2,256,20190927,1,NULL,NULL,NULL,'usage_events_20190927.log',0,1569554725),(251,1048585,20190927,1,NULL,NULL,NULL,'usage_events_20190927.log',0,1569554740),(2,256,20190927,1,NULL,NULL,NULL,'usage_events_20190927.log',0,1569554764),(8,259,20190927,1,NULL,NULL,NULL,'usage_events_20190927.log',0,1569554769),(2,256,20190927,1,NULL,NULL,NULL,'usage_events_20190927.log',0,1569555172),(5,259,20190927,1,NULL,NULL,NULL,'usage_events_20190927.log',0,1569556042),(2,256,20190927,1,NULL,NULL,NULL,'usage_events_20190927.log',0,1569556969),(167,1048585,20190927,1,NULL,NULL,NULL,'usage_events_20190927.log',0,1569558727);

--
-- Table structure for table `user_group_settings`
--

CREATE TABLE `user_group_settings` (
  `user_group_id` bigint(20) NOT NULL,
  `locale` varchar(14) NOT NULL DEFAULT '',
  `setting_name` varchar(255) NOT NULL,
  `setting_value` text,
  `setting_type` varchar(6) NOT NULL,
  UNIQUE KEY `user_group_settings_pkey` (`user_group_id`,`locale`,`setting_name`)
) ENGINE=MyISAM DEFAULT CHARSET=latin1;

--
-- Dumping data for table `user_group_settings`
--

INSERT INTO `user_group_settings` VALUES (2,'','nameLocaleKey','default.groups.name.manager','string'),(2,'','abbrevLocaleKey','default.groups.abbrev.manager','string'),(2,'en_US','name','Journal manager','string'),(2,'en_US','abbrev','JM','string'),(2,'id_ID','name','Manajer Jurnal','string'),(2,'id_ID','abbrev','JM','string'),(3,'','nameLocaleKey','default.groups.name.editor','string'),(3,'','abbrevLocaleKey','default.groups.abbrev.editor','string'),(3,'en_US','name','Journal editor','string'),(3,'en_US','abbrev','JE','string'),(3,'id_ID','name','Editor Jurnal','string'),(3,'id_ID','abbrev','JE','string'),(4,'','nameLocaleKey','default.groups.name.productionEditor','string'),(4,'','abbrevLocaleKey','default.groups.abbrev.productionEditor','string'),(4,'en_US','name','Production editor','string'),(4,'en_US','abbrev','ProdE','string'),(4,'id_ID','name','##default.groups.name.productionEditor##','string'),(4,'id_ID','abbrev','##default.groups.abbrev.productionEditor##','string'),(5,'','nameLocaleKey','default.groups.name.sectionEditor','string'),(5,'','abbrevLocaleKey','default.groups.abbrev.sectionEditor','string'),(5,'en_US','name','Section editor','string'),(5,'en_US','abbrev','SecE','string'),(5,'id_ID','name','Editor Bagian','string'),(5,'id_ID','abbrev','SecE','string'),(6,'','nameLocaleKey','default.groups.name.guestEditor','string'),(6,'','abbrevLocaleKey','default.groups.abbrev.guestEditor','string'),(6,'en_US','name','Guest editor','string'),(6,'en_US','abbrev','GE','string'),(6,'id_ID','name','Editor Tamu','string'),(6,'id_ID','abbrev','GE','string'),(7,'','nameLocaleKey','default.groups.name.copyeditor','string'),(7,'','abbrevLocaleKey','default.groups.abbrev.copyeditor','string'),(7,'en_US','name','Copyeditor','string'),(7,'en_US','abbrev','CE','string'),(7,'id_ID','name','##default.groups.name.copyeditor##','string'),(7,'id_ID','abbrev','##default.groups.abbrev.copyeditor##','string'),(8,'','nameLocaleKey','default.groups.name.designer','string'),(8,'','abbrevLocaleKey','default.groups.abbrev.designer','string'),(8,'en_US','name','Designer','string'),(8,'en_US','abbrev','Design','string'),(8,'id_ID','name','##default.groups.name.designer##','string'),(8,'id_ID','abbrev','##default.groups.abbrev.designer##','string'),(9,'','nameLocaleKey','default.groups.name.funding','string'),(9,'','abbrevLocaleKey','default.groups.abbrev.funding','string'),(9,'en_US','name','Funding coordinator','string'),(9,'en_US','abbrev','FC','string'),(9,'id_ID','name','##default.groups.name.funding##','string'),(9,'id_ID','abbrev','##default.groups.abbrev.funding##','string'),(10,'','nameLocaleKey','default.groups.name.indexer','string'),(10,'','abbrevLocaleKey','default.groups.abbrev.indexer','string'),(10,'en_US','name','Indexer','string'),(10,'en_US','abbrev','IND','string'),(10,'id_ID','name','##default.groups.name.indexer##','string'),(10,'id_ID','abbrev','##default.groups.abbrev.indexer##','string'),(11,'','nameLocaleKey','default.groups.name.layoutEditor','string'),(11,'','abbrevLocaleKey','default.groups.abbrev.layoutEditor','string'),(11,'en_US','name','Layout Editor','string'),(11,'en_US','abbrev','LE','string'),(11,'id_ID','name','##default.groups.name.layoutEditor##','string'),(11,'id_ID','abbrev','##default.groups.abbrev.layoutEditor##','string'),(12,'','nameLocaleKey','default.groups.name.marketing','string'),(12,'','abbrevLocaleKey','default.groups.abbrev.marketing','string'),(12,'en_US','name','Marketing and sales coordinator','string'),(12,'en_US','abbrev','MS','string'),(12,'id_ID','name','##default.groups.name.marketing##','string'),(12,'id_ID','abbrev','##default.groups.abbrev.marketing##','string'),(13,'','nameLocaleKey','default.groups.name.proofreader','string'),(13,'','abbrevLocaleKey','default.groups.abbrev.proofreader','string'),(13,'en_US','name','Proofreader','string'),(13,'en_US','abbrev','PR','string'),(13,'id_ID','name','##default.groups.name.proofreader##','string'),(13,'id_ID','abbrev','##default.groups.abbrev.proofreader##','string'),(14,'','nameLocaleKey','default.groups.name.author','string'),(14,'','abbrevLocaleKey','default.groups.abbrev.author','string'),(14,'en_US','name','Author','string'),(14,'en_US','abbrev','AU','string'),(14,'id_ID','name','##default.groups.name.author##','string'),(14,'id_ID','abbrev','##default.groups.abbrev.author##','string'),(15,'','nameLocaleKey','default.groups.name.translator','string'),(15,'','abbrevLocaleKey','default.groups.abbrev.translator','string'),(15,'en_US','name','Translator','string'),(15,'en_US','abbrev','Trans','string'),(15,'id_ID','name','##default.groups.name.translator##','string'),(15,'id_ID','abbrev','##default.groups.abbrev.translator##','string'),(16,'','nameLocaleKey','default.groups.name.externalReviewer','string'),(16,'','abbrevLocaleKey','default.groups.abbrev.externalReviewer','string'),(16,'en_US','name','Reviewer','string'),(16,'en_US','abbrev','R','string'),(16,'id_ID','name','Reviewer','string'),(16,'id_ID','abbrev','R','string'),(17,'','nameLocaleKey','default.groups.name.reader','string'),(17,'','abbrevLocaleKey','default.groups.abbrev.reader','string'),(17,'en_US','name','Reader','string'),(17,'en_US','abbrev','Read','string'),(17,'id_ID','name','##default.groups.name.reader##','string'),(17,'id_ID','abbrev','##default.groups.abbrev.reader##','string'),(18,'','nameLocaleKey','default.groups.name.subscriptionManager','string'),(18,'','abbrevLocaleKey','default.groups.abbrev.subscriptionManager','string'),(18,'en_US','name','Subscription Manager','string'),(18,'en_US','abbrev','SubM','string'),(18,'id_ID','name','Manajer Langganan','string'),(18,'id_ID','abbrev','SubM','string');

--
-- Table structure for table `user_group_stage`
--

CREATE TABLE `user_group_stage` (
  `context_id` bigint(20) NOT NULL,
  `user_group_id` bigint(20) NOT NULL,
  `stage_id` bigint(20) NOT NULL,
  UNIQUE KEY `user_group_stage_pkey` (`context_id`,`user_group_id`,`stage_id`),
  KEY `user_group_stage_context_id` (`context_id`),
  KEY `user_group_stage_user_group_id` (`user_group_id`),
  KEY `user_group_stage_stage_id` (`stage_id`)
) ENGINE=MyISAM DEFAULT CHARSET=latin1;

--
-- Dumping data for table `user_group_stage`
--

INSERT INTO `user_group_stage` VALUES (2,3,1),(2,3,3),(2,3,4),(2,3,5),(2,4,4),(2,4,5),(2,5,1),(2,5,3),(2,5,4),(2,5,5),(2,6,1),(2,6,3),(2,6,4),(2,6,5),(2,7,4),(2,8,5),(2,9,1),(2,9,3),(2,10,5),(2,11,5),(2,12,4),(2,13,5),(2,14,1),(2,14,3),(2,14,4),(2,14,5),(2,15,1),(2,15,3),(2,15,4),(2,15,5),(2,16,3);

--
-- Table structure for table `user_groups`
--

CREATE TABLE `user_groups` (
  `user_group_id` bigint(20) NOT NULL AUTO_INCREMENT,
  `context_id` bigint(20) NOT NULL,
  `role_id` bigint(20) NOT NULL,
  `is_default` tinyint(4) NOT NULL DEFAULT '0',
  `show_title` tinyint(4) NOT NULL DEFAULT '1',
  `permit_self_registration` tinyint(4) NOT NULL DEFAULT '0',
  PRIMARY KEY (`user_group_id`),
  KEY `user_groups_user_group_id` (`user_group_id`),
  KEY `user_groups_context_id` (`context_id`),
  KEY `user_groups_role_id` (`role_id`)
) ENGINE=MyISAM AUTO_INCREMENT=19 DEFAULT CHARSET=latin1;

--
-- Dumping data for table `user_groups`
--

INSERT INTO `user_groups` VALUES (1,0,1,1,1,0),(2,2,16,1,0,0),(3,2,16,1,0,0),(4,2,16,1,0,0),(5,2,17,1,0,0),(6,2,17,1,0,0),(7,2,4097,1,0,0),(8,2,4097,1,0,0),(9,2,4097,1,0,0),(10,2,4097,1,0,0),(11,2,4097,1,0,0),(12,2,4097,1,0,0),(13,2,4097,1,0,0),(14,2,65536,1,0,1),(15,2,65536,1,0,0),(16,2,4096,1,0,1),(17,2,1048576,1,0,1),(18,2,2097152,1,0,0);

--
-- Table structure for table `user_interests`
--

CREATE TABLE `user_interests` (
  `user_id` bigint(20) NOT NULL,
  `controlled_vocab_entry_id` bigint(20) NOT NULL,
  UNIQUE KEY `u_e_pkey` (`user_id`,`controlled_vocab_entry_id`)
) ENGINE=InnoDB DEFAULT CHARSET=utf8;

--
-- Dumping data for table `user_interests`
--

INSERT INTO `user_interests` VALUES (1,317),(2,317),(2,318),(2,319),(2,320),(4,317),(6,317),(8,317),(10,317),(11,317),(11,346),(12,317),(13,317),(15,317),(17,317),(19,317),(25,317),(25,336),(31,317),(31,320),(33,317),(34,317),(35,323),(36,317),(37,317),(40,317),(53,317),(53,335),(55,317),(60,317),(67,317),(67,324),(72,317),(73,317),(74,317),(75,317),(76,317),(77,317),(78,325),(79,317),(80,326),(80,327),(81,328),(82,317),(83,317),(86,317),(87,329),(92,317),(121,347),(121,348),(121,349),(121,350),(123,317),(127,336),(136,317),(158,330),(158,331),(158,332),(159,317),(167,317),(176,333),(176,334),(191,317),(258,317),(291,336),(293,320),(293,326),(293,337),(293,338),(293,339),(293,340),(337,317),(338,317),(351,341),(351,342),(351,343),(351,344),(354,345),(358,317),(358,1394),(360,324),(360,326),(360,336),(360,346);

--
-- Table structure for table `user_settings`
--

CREATE TABLE `user_settings` (
  `user_id` bigint(20) NOT NULL,
  `locale` varchar(14) NOT NULL DEFAULT '',
  `setting_name` varchar(255) NOT NULL,
  `assoc_type` bigint(20) DEFAULT '0',
  `assoc_id` bigint(20) DEFAULT '0',
  `setting_value` text,
  `setting_type` varchar(6) NOT NULL,
  UNIQUE KEY `user_settings_pkey` (`user_id`,`locale`,`setting_name`,`assoc_type`,`assoc_id`),
  KEY `user_settings_user_id` (`user_id`)
) ENGINE=InnoDB DEFAULT CHARSET=utf8;

--
-- Dumping data for table `user_settings`
--

INSERT INTO `user_settings` VALUES (1,'en_US','biography',0,0,'Department of Mathematics Education','string'),(1,'en_US','signature',0,0,'','string'),(1,'en_US','affiliation',0,0,'University of Muhammadiyah Prof. DR. HAMKA','string'),(1,'','orcid',0,0,'http://orcid.org/0000-0002-7387-111X','string'),(2,'en_US','biography',0,0,'Dosen Pendidikan Matematika FKIP Universitas Muhammadiyah Prof. DR. HAMKA','string'),(2,'en_US','signature',0,0,'Pendidikan Matematika FKIP Universitas Muhammadiyah Prof. DR. HAMKA','string'),(2,'en_US','affiliation',0,0,'Universitas Muhammadiyah Prof. DR. HAMKA','string'),(2,'','orcid',0,0,'http://orcid.org/0000-0002-7387-111X','string'),(3,'en_US','biography',0,0,'','string'),(3,'en_US','signature',0,0,'','string'),(3,'en_US','affiliation',0,0,'','string'),(3,'','orcid',0,0,'','string'),(4,'en_US','biography',0,0,'','string'),(4,'en_US','signature',0,0,'','string'),(4,'en_US','affiliation',0,0,'HKBP Nommensen University','string'),(4,'','orcid',0,0,'','string'),(5,'id_ID','biography',0,0,'','string'),(5,'id_ID','signature',0,0,'','string'),(5,'id_ID','affiliation',0,0,'','string'),(5,'','orcid',0,0,'','string'),(6,'id_ID','biography',0,0,'Dosen di Program Studi Pendidikan Matematika Fakultas Keguruan dan Ilmu Pendidikan, Universitas Prof. DR. HAMKA\r\n\r\n<a href=\"https://scholar.google.co.id/citations?hl=id&user=82wgT84AAAAJ\">Google Scholar ID</a>','string'),(6,'id_ID','signature',0,0,'','string'),(6,'id_ID','affiliation',0,0,'Universitas Muhammadiyah Prof. DR. HAMKA, Jakarta','string'),(6,'','orcid',0,0,'','string'),(7,'id_ID','biography',0,0,'','string'),(7,'id_ID','signature',0,0,'','string'),(7,'id_ID','affiliation',0,0,'','string'),(7,'','orcid',0,0,'','string'),(8,'id_ID','biography',0,0,'Program Studi Pendidikan Matematika Fakultas Keguruan dan Ilmu Pendidikan, Universitas Muhammadiyah Prof. DR. HAMKA\r\n\r\n<a href=\"https://www.scopus.com/authid/detail.uri?origin=AuthorProfile&authorId=57196238056&zone=\">SCOPUSID: 57196238056</a>\r\n\r\n<a href=\"https://scholar.google.co.id/citations?hl=id&user=mFXQMNkAAAAJ\">Google Scholar ID</a>','string'),(8,'id_ID','signature',0,0,'Samsul Maarif\r\nPendidikan Matematika\r\nUniversitas Muhammadiyah Prof. Dr. HAMKA','string'),(8,'id_ID','affiliation',0,0,'(SCOPUSID: 57196238056), Universitas Muhammadiyah Prof. Dr. HAMKA, Jakarta','string'),(8,'','orcid',0,0,'http://orcid.org/0000-0002-1086-772X','string'),(9,'en_US','biography',0,0,'','string'),(9,'en_US','signature',0,0,'','string'),(9,'en_US','affiliation',0,0,'University of Muhammadiyah Prof. DR. HAMKA','string'),(9,'','orcid',0,0,'','string'),(10,'id_ID','biography',0,0,'Dosen di Universitas PGRI Semarang\r\n\r\n<a href=\"https://www.scopus.com/authid/detail.uri?authorId=57200651478\">SCOPUSID: 57200651478</a>\r\n\r\n<a href=\"https://scholar.google.co.id/citations?hl=id&user=c-z3GQoAAAAJ\">Google Scholar ID</a>','string'),(10,'id_ID','signature',0,0,'','string'),(10,'id_ID','affiliation',0,0,'(SCOPUSID: 57200651478), Universitas PGRI Semarang, Semarang','string'),(10,'','orcid',0,0,'http://orcid.org/0000-0003-2051-612X','string'),(11,'id_ID','biography',0,0,'Program Studi Pendidikan Matematika Fakultas Keguruan dan Ilmu Pendidikan, Universitas Muhammadiyah Prof. Dr. HAMKA\r\n\r\n<a href=\"https://www.scopus.com/authid/detail.uri?origin=resultslist&authorId=56073614300&zone=\">SCOPUSID: 56073614300</a>\r\n\r\n<a href=\"https://scholar.google.co.id/citations?user=vBsPgx8AAAAJ&hl=id&oi=ao\">Google Scholar ID</a>','string'),(11,'id_ID','signature',0,0,'Sigid Edy Purwanto\r\nPendidikan Matematika\r\nUniversitas Muhammadiyah Prof. Dr. HAMKA','string'),(11,'id_ID','affiliation',0,0,'(SCOPUSID: 56073614300), Universitas Muhammadiyah Prof. Dr. HAMKA, Jakarta','string'),(11,'','orcid',0,0,'','string'),(12,'id_ID','biography',0,0,'','string'),(12,'id_ID','signature',0,0,'','string'),(12,'id_ID','affiliation',0,0,'Unhair','string'),(12,'','orcid',0,0,'','string'),(13,'id_ID','biography',0,0,'Pendidikan Matematika, IKIP Siliwangi\r\n\r\n<a href=\"https://www.scopus.com/authid/detail.uri?authorId=57200720567\">SCOPUSID: 57200720567</a>\r\n\r\n<a href=\"https://scholar.google.co.id/citations?user=fpDzvzsAAAAJ&hl=id&oi=ao\">Google Scholar ID</a>','string'),(13,'id_ID','signature',0,0,'Wahyu Hidayat\r\nPendidikan Matematika\r\nIKIP Siliwangi','string'),(13,'id_ID','affiliation',0,0,'(SCOPUSID: 57200720567), IKIP Siliwangi, Bandung','string'),(13,'','orcid',0,0,'http://orcid.org/0000-0002-4075-8110','string'),(1,'','filterEditor',256,2,'0','int'),(1,'','filterSection',256,2,'0','int'),(8,'','filterEditor',256,2,'0','int'),(8,'','filterSection',256,2,'0','int'),(14,'id_ID','biography',0,0,'','string'),(14,'id_ID','signature',0,0,'','string'),(14,'id_ID','affiliation',0,0,'UHAMKA','string'),(14,'','orcid',0,0,'','string'),(15,'id_ID','biography',0,0,'Pendidikan Matematika, Universitas Swadaya Gunung Djati\r\n\r\n<a href=\"https://www.scopus.com/authid/detail.uri?origin=AuthorProfile&authorId=57193862720&zone=\">SCOPUSID: 57193862720</a>\r\n\r\n<a href=\"https://scholar.google.co.id/citations?user=ZSTw5wEAAAAJ&hl=id&oi=ao\">Google Scholar ID</a>','string'),(15,'id_ID','signature',0,0,'Muchamad Subali Noto\r\nPendidikan Matematika\r\nUniversitas Swadaya Gunung Djati','string'),(15,'id_ID','affiliation',0,0,'(SCOPUSID: 57193862720), Universitas Swadaya Gunung Djati, Cirebon','string'),(15,'','orcid',0,0,'http://orcid.org/0000-0001-9607-4394','string'),(16,'id_ID','biography',0,0,'','string'),(16,'id_ID','signature',0,0,'','string'),(16,'id_ID','affiliation',0,0,'','string'),(16,'','orcid',0,0,'','string'),(17,'id_ID','biography',0,0,'','string'),(17,'id_ID','signature',0,0,'','string'),(17,'id_ID','affiliation',0,0,'Pascasarjana UPI','string'),(17,'','orcid',0,0,'','string'),(18,'id_ID','biography',0,0,'','string'),(18,'id_ID','signature',0,0,'','string'),(18,'id_ID','affiliation',0,0,'STKIP Siliwangi','string'),(18,'','orcid',0,0,'','string'),(3,'','filterEditor',256,2,'0','int'),(3,'','filterSection',256,2,'0','int'),(19,'id_ID','biography',0,0,'Pendidikan Matematika, Fakultas Keguruan dan Ilmu Pendidikan, Universitas Muhammadiyah Prof. Dr. HAMKA.\r\n\r\n<a href=\"https://www.scopus.com/authid/detail.uri?authorId=56311092100\">SCOPUSID: 56311092100</a>\r\n\r\n<a href=\"https://scholar.google.co.id/citations?hl=id&user=Q9yjVmEAAAAJ\">Google Scholar ID</a>','string'),(19,'id_ID','signature',0,0,'','string'),(19,'id_ID','affiliation',0,0,'(SCOPUSID: 56311092100), Universitas Muhammadiyah Prof. Dr. HAMKA, Jakarta','string'),(19,'','orcid',0,0,'http://orcid.org/0000-0002-6216-3855','string'),(20,'id_ID','biography',0,0,'Lektor','string'),(20,'id_ID','signature',0,0,'P3M','string'),(20,'id_ID','affiliation',0,0,'Pusat Penelitian dan Pengabdian Kepada Masyarakat-STAIN Parepare','string'),(20,'','orcid',0,0,'','string'),(21,'id_ID','biography',0,0,'','string'),(21,'id_ID','signature',0,0,'','string'),(21,'id_ID','affiliation',0,0,'Universitas Pendidikan Indonesia','string'),(21,'','orcid',0,0,'','string'),(22,'id_ID','biography',0,0,'','string'),(22,'id_ID','signature',0,0,'','string'),(22,'id_ID','affiliation',0,0,'STKIP Surya','string'),(22,'','orcid',0,0,'','string'),(23,'id_ID','biography',0,0,'Dosen Pendidikan Matematika Universitas Muhammadiyah Tangerang','string'),(23,'id_ID','signature',0,0,'','string'),(23,'id_ID','affiliation',0,0,'Universitas Muhammadiyah Tangerang','string'),(23,'','orcid',0,0,'','string'),(11,'','filterEditor',256,2,'0','int'),(11,'','filterSection',256,2,'0','int'),(24,'id_ID','biography',0,0,'','string'),(24,'id_ID','signature',0,0,'','string'),(24,'id_ID','affiliation',0,0,'UHAMKA','string'),(24,'','orcid',0,0,'','string'),(25,'id_ID','biography',0,0,'','string'),(25,'id_ID','signature',0,0,'','string'),(25,'id_ID','affiliation',0,0,'Universitas Muhammadiyah Prof. DR. HAMKA','string'),(25,'','orcid',0,0,'','string'),(26,'id_ID','biography',0,0,'','string'),(26,'id_ID','signature',0,0,'','string'),(26,'id_ID','affiliation',0,0,'Universitas Singaperbangsa Karawang','string'),(26,'','orcid',0,0,'','string'),(27,'id_ID','biography',0,0,'','string'),(27,'id_ID','signature',0,0,'','string'),(27,'id_ID','affiliation',0,0,'IAIN Syekh Nurjati Cirebon','string'),(27,'','orcid',0,0,'','string'),(28,'id_ID','biography',0,0,'','string'),(28,'id_ID','signature',0,0,'','string'),(28,'id_ID','affiliation',0,0,'UNIVERSITAS MUHAMMADIYAH PROF. DR. HAMKA','string'),(28,'','orcid',0,0,'','string'),(29,'id_ID','biography',0,0,'Program Studi Pendidikan Matematika Universitas Muhammadiyah Matematika','string'),(29,'id_ID','signature',0,0,'','string'),(29,'id_ID','affiliation',0,0,'Lembaga Penelitian dan Pengabdian Masyarakat Universitas Muhammadiyah Parepare','string'),(29,'','orcid',0,0,'','string'),(30,'id_ID','biography',0,0,'Program Studi Pendidikan Matematika Universitas Muhammadiyah Parepare','string'),(30,'id_ID','signature',0,0,'','string'),(30,'id_ID','affiliation',0,0,'Lembaga Penelitian dan Pengabdian Masyarakat Universitas Muhammadiyah Parepare','string'),(30,'','orcid',0,0,'','string'),(30,'','profileImage',256,0,'a:5:{s:4:\"name\";s:15:\"foto arif 2.jpg\";s:10:\"uploadName\";s:19:\"profileImage-30.jpg\";s:5:\"width\";i:145;s:6:\"height\";i:150;s:12:\"dateUploaded\";s:19:\"2016-06-08 13:01:50\";}','object'),(31,'id_ID','biography',0,0,'Dosen Program Studi Pendidikan Matematika FKIP UHAMKA','string'),(31,'id_ID','signature',0,0,'Contoh Nama Penulis, M.Pd.\r\nPendidikan Matematika\r\nFKIP UHAMKA','string'),(31,'id_ID','affiliation',0,0,'Pendidikan Matematika\r\nFKIP UHAMKA','string'),(31,'','orcid',0,0,'','string'),(32,'id_ID','biography',0,0,'SMP NEGERI 2 TOBOALI','string'),(32,'id_ID','signature',0,0,'','string'),(32,'id_ID','affiliation',0,0,'Guru','string'),(32,'','orcid',0,0,'','string'),(2,'id_ID','biography',0,0,'Dosen di Program Studi Pendidikan Matematika, Fakultas Keguruan dan Ilmu Pendidikan, Universitas Muhammadiyah Prof. DR. HAMKA\r\n\r\nhttps://id.linkedin.com/in/krisnaperbowo','string'),(2,'id_ID','signature',0,0,'','string'),(2,'id_ID','affiliation',0,0,'Universitas Muhammadiyah Prof. DR. HAMKA','string'),(33,'id_ID','biography',0,0,'Program Studi Pendidikan Matematika\r\nFakultas Keguruan dan Ilmu Pendidikan,\r\nUniversitas Muhammadiyah Prof. DR. HAMKA\r\n\r\n<a href=\"https://scholar.google.co.id/citations?user=AQwZLG4AAAAJ&hl=id&oi=ao\">Google Scholar ID</a>','string'),(33,'id_ID','signature',0,0,'','string'),(33,'id_ID','affiliation',0,0,'Universitas Muhammadiyah Prof. DR. HAMKA, Jakarta','string'),(33,'','orcid',0,0,'','string'),(34,'id_ID','biography',0,0,'mahasiswa pendidikan matematika Universitas PGRI Semarang','string'),(34,'id_ID','signature',0,0,'','string'),(34,'id_ID','affiliation',0,0,'Universitas PGRI Semarang','string'),(34,'','orcid',0,0,'','string'),(35,'id_ID','biography',0,0,'Dosen prodi pendidikan matematika','string'),(35,'id_ID','signature',0,0,'','string'),(35,'id_ID','affiliation',0,0,'Universitas PGRI Semarang','string'),(35,'','orcid',0,0,'','string'),(36,'id_ID','biography',0,0,'Dosen di Program Studi Pendidikan Matematika Fakultas Keguruan dan Ilmu Pendidikan, Universitas Muhammadiyah Prof. DR. HAMKA','string'),(36,'id_ID','signature',0,0,'','string'),(36,'id_ID','affiliation',0,0,'Universitas Muhammadiyah Prof. DR. HAMKA','string'),(36,'','orcid',0,0,'','string'),(37,'id_ID','biography',0,0,'','string'),(37,'id_ID','signature',0,0,'','string'),(37,'id_ID','affiliation',0,0,'SMP Negeri 8 Lahat','string'),(37,'','orcid',0,0,'','string'),(38,'id_ID','biography',0,0,'Dosen Program Studi Pendidikan Matematika\r\nKoordinator Bidang mutu akademik Universitas Muhammadiyah Gresik','string'),(38,'id_ID','signature',0,0,'','string'),(38,'id_ID','affiliation',0,0,'Universitas Muhammadiyah Gresik','string'),(38,'','orcid',0,0,'','string'),(39,'id_ID','biography',0,0,'','string'),(39,'id_ID','signature',0,0,'','string'),(39,'id_ID','affiliation',0,0,'','string'),(39,'','orcid',0,0,'','string'),(40,'id_ID','biography',0,0,'','string'),(40,'id_ID','signature',0,0,'','string'),(40,'id_ID','affiliation',0,0,'Universitas Muhammadiyah Prof. DR. HAMKA','string'),(40,'','orcid',0,0,'','string'),(41,'id_ID','biography',0,0,'','string'),(41,'id_ID','signature',0,0,'','string'),(41,'id_ID','affiliation',0,0,'Universitas PGRI Palembang','string'),(41,'','orcid',0,0,'','string'),(41,'','profileImage',256,0,'a:5:{s:4:\"name\";s:13:\"Foto Diah.jpg\";s:10:\"uploadName\";s:19:\"profileImage-41.jpg\";s:5:\"width\";i:75;s:6:\"height\";i:94;s:12:\"dateUploaded\";s:19:\"2016-09-19 10:21:09\";}','object'),(42,'id_ID','biography',0,0,'Fakultas Keguruan dan Ilmu Pendidikan\r\nJurusan Pendidikan Guru Sekolah Dasar','string'),(42,'id_ID','signature',0,0,'','string'),(42,'id_ID','affiliation',0,0,'Universitas Borneo Tarakan','string'),(42,'','orcid',0,0,'','string'),(43,'id_ID','biography',0,0,'','string'),(43,'id_ID','signature',0,0,'','string'),(43,'id_ID','affiliation',0,0,'','string'),(43,'','orcid',0,0,'','string'),(1,'id_ID','biography',0,0,'Program Studi Pendidikan Matematika FKIP Universitas Muhammadiyah Prof. DR. HAMKA\r\n\r\n<a href=\"https://www.scopus.com/authid/detail.uri?origin=resultslist&authorId=57200726409&zone=\">SCOPUSID: 57200726409</a>\r\n\r\n<a href=\"https://scholar.google.co.id/citations?user=qWQ1FgIAAAAJ&hl=en\">Google Scholar ID</a>\r\n\r\n<a href=\"https://id.linkedin.com/in/krisnaperbowo\">LinkedIn ID</a>','string'),(1,'id_ID','signature',0,0,'','string'),(1,'id_ID','affiliation',0,0,'(SCOPUSID: 57200726409), Universitas Muhammadiyah Prof. DR. HAMKA, Jakarta','string'),(44,'id_ID','biography',0,0,'','string'),(44,'id_ID','signature',0,0,'','string'),(44,'id_ID','affiliation',0,0,'Program Studi Pendidikan Matematika FKIP Universitas Muhammadiyah Bengkulu','string'),(44,'','orcid',0,0,'','string'),(45,'id_ID','biography',0,0,'Universitas muhamadiyah tangerang','string'),(45,'id_ID','signature',0,0,'','string'),(45,'id_ID','affiliation',0,0,'','string'),(45,'','orcid',0,0,'','string'),(1,'','citation-editor-hide-raw-editing-warning',256,0,'1','bool'),(10,'','profileImage',256,0,'a:5:{s:4:\"name\";s:11:\"150x150.jpg\";s:10:\"uploadName\";s:19:\"profileImage-10.jpg\";s:5:\"width\";i:150;s:6:\"height\";i:150;s:12:\"dateUploaded\";s:19:\"2016-11-25 01:18:07\";}','object'),(46,'id_ID','biography',0,0,'','string'),(46,'id_ID','signature',0,0,'','string'),(46,'id_ID','affiliation',0,0,'','string'),(46,'','orcid',0,0,'','string'),(47,'id_ID','biography',0,0,'','string'),(47,'id_ID','signature',0,0,'','string'),(47,'id_ID','affiliation',0,0,'Indo MS','string'),(47,'','orcid',0,0,'','string'),(48,'id_ID','biography',0,0,'Program Studi Pendidikan Matematika dan Sarjana Pendidikan','string'),(48,'id_ID','signature',0,0,'','string'),(48,'id_ID','affiliation',0,0,'Universitas Muhammadiyah Tangerang','string'),(48,'','orcid',0,0,'','string'),(49,'id_ID','biography',0,0,'Program Studi Pendidikan Matematika\r\nSarjana Pendidikan','string'),(49,'id_ID','signature',0,0,'','string'),(49,'id_ID','affiliation',0,0,'Universitas Muhammadiyah Tangerang','string'),(49,'','orcid',0,0,'','string'),(50,'id_ID','biography',0,0,'','string'),(50,'id_ID','signature',0,0,'','string'),(50,'id_ID','affiliation',0,0,'Universitas Indraprasta PGRI','string'),(50,'','orcid',0,0,'','string'),(51,'id_ID','biography',0,0,'Dosen Institut Agama Islam Muhammadiyah Bima NTB','string'),(51,'id_ID','signature',0,0,'','string'),(51,'id_ID','affiliation',0,0,'','string'),(51,'','orcid',0,0,'','string'),(52,'id_ID','biography',0,0,'','string'),(52,'id_ID','signature',0,0,'','string'),(52,'id_ID','affiliation',0,0,'UHAMKA','string'),(52,'','orcid',0,0,'','string'),(53,'id_ID','biography',0,0,'','string'),(53,'id_ID','signature',0,0,'','string'),(53,'id_ID','affiliation',0,0,'Pendidikan Matematika UIN Sultan Syarif Kasim Riau','string'),(53,'','orcid',0,0,'','string'),(54,'id_ID','biography',0,0,'Jurusan pendidikan matematika\r\npangkat/Gol: penata muda tk. I, III/b\r\njabatan akademik: asisten ahli','string'),(54,'id_ID','signature',0,0,'','string'),(54,'id_ID','affiliation',0,0,'Jurusan Pendidikan Matematika, FKIP Universitas Musamus','string'),(54,'','orcid',0,0,'','string'),(55,'id_ID','biography',0,0,'','string'),(55,'id_ID','signature',0,0,'','string'),(55,'id_ID','affiliation',0,0,'universitas negeri medan','string'),(55,'','orcid',0,0,'','string'),(56,'id_ID','biography',0,0,'Kementerian Pendidikan dan Kebudayaan, Pangkat IIIc','string'),(56,'id_ID','signature',0,0,'zanipmath','string'),(56,'id_ID','affiliation',0,0,'LPMP Bengkulu','string'),(56,'','orcid',0,0,'','string'),(57,'id_ID','biography',0,0,'DISPORA KOTA LHOKSEUMAWE\r\nPEMBINA, IV/A','string'),(57,'id_ID','signature',0,0,'','string'),(57,'id_ID','affiliation',0,0,'SMK NEGERI 6 LHOKSEUMAWE','string'),(57,'','orcid',0,0,'','string'),(58,'id_ID','biography',0,0,'Nama  : Maximus Tamur, M.Pd\r\nUnit  : Prodi Matematika STKIP Santu Paulus Ruteng\r\nPangkat : IIIc/Lektor','string'),(58,'id_ID','signature',0,0,'','string'),(58,'id_ID','affiliation',0,0,'STKIP Santu Paulus Ruteng','string'),(58,'','orcid',0,0,'','string'),(59,'id_ID','biography',0,0,'Dosen Pendidikan Matematika STKIP Kusuma Negara Jakarta','string'),(59,'id_ID','signature',0,0,'','string'),(59,'id_ID','affiliation',0,0,'Pendidikan Matematika STKIP Kusuma Negara Jakarta','string'),(59,'','orcid',0,0,'http://orcid.org/0000-0003-2079-3952','string'),(60,'id_ID','biography',0,0,'Prodi Pendidikan Matematika\r\nFakultas Tarbiyah dan Keguruan\r\nUIN Sultan Syarif Kasim Riau\r\n\r\n<a href=\"https://scholar.google.co.id/citations?hl=id&user=MusbAdIAAAAJ\">Google Scholar ID</a>','string'),(60,'id_ID','signature',0,0,'Memen','string'),(60,'id_ID','affiliation',0,0,'Universitas Islam Negeri Sultan Syarif Kasim, Riau','string'),(60,'','orcid',0,0,'','string'),(61,'id_ID','biography',0,0,'P Mat PMIPA FKIP dan Lektor','string'),(61,'id_ID','signature',0,0,'','string'),(61,'id_ID','affiliation',0,0,'P Matematika P MIPA FKIP Universitas Sebelas Maret','string'),(61,'','orcid',0,0,'','string'),(62,'id_ID','biography',0,0,'Program Studi Pendidikan Matematika,  FPMIPATI','string'),(62,'id_ID','signature',0,0,'','string'),(62,'id_ID','affiliation',0,0,'UNIVERSITAS PGRI SEMARANG','string'),(62,'','orcid',0,0,'','string'),(63,'id_ID','biography',0,0,'Pendidikan Matematika','string'),(63,'id_ID','signature',0,0,'BISMILLAH','string'),(63,'id_ID','affiliation',0,0,'Universitas Muhammadiyah Makassar','string'),(63,'','orcid',0,0,'','string'),(64,'id_ID','biography',0,0,'','string'),(64,'id_ID','signature',0,0,'','string'),(64,'id_ID','affiliation',0,0,'Pendidikan Matematika FTK UIN Suska Riau','string'),(64,'','orcid',0,0,'','string'),(65,'id_ID','biography',0,0,'-','string'),(65,'id_ID','signature',0,0,'IKIP BUDI UTOMO MALANG','string'),(65,'id_ID','affiliation',0,0,'IKIP BUDI UTOMO MALANG','string'),(65,'','orcid',0,0,'','string'),(66,'id_ID','biography',0,0,'','string'),(66,'id_ID','signature',0,0,'IKIP BUDI UTOMO MALANG','string'),(66,'id_ID','affiliation',0,0,'IKIP BUDI UTOMO MALANG','string'),(66,'','orcid',0,0,'','string'),(67,'id_ID','biography',0,0,'Pendidikan Matematika\r\nUniversitas Indraprasta PGRI\r\n\r\n<a href=\"http://www.scopus.com/authid/detail.uri?authorId=57208621685\">SCOPUSID: 57200726409</a>\r\n\r\n<a href=\"https://scholar.google.co.id/citations?hl=id&user=n3ppGfEAAAAJ\">Google Scholar ID</a>','string'),(67,'id_ID','signature',0,0,'','string'),(67,'id_ID','affiliation',0,0,'(SCOPUSID: 57200726409), Universitas Indraprasta PGRI, Jakarta','string'),(67,'','orcid',0,0,'http://orcid.org/0000-0002-4282-6826','string'),(68,'id_ID','biography',0,0,'','string'),(68,'id_ID','signature',0,0,'','string'),(68,'id_ID','affiliation',0,0,'','string'),(68,'','orcid',0,0,'','string'),(69,'id_ID','biography',0,0,'','string'),(69,'id_ID','signature',0,0,'','string'),(69,'id_ID','affiliation',0,0,'IAIN Syekh Nurjati Cirebon','string'),(69,'','orcid',0,0,'http://orcid.org/0000-0001-6463-6479','string'),(70,'id_ID','biography',0,0,'','string'),(70,'id_ID','signature',0,0,'','string'),(70,'id_ID','affiliation',0,0,'Universitas Pamulang','string'),(70,'','orcid',0,0,'','string'),(71,'id_ID','biography',0,0,'','string'),(71,'id_ID','signature',0,0,'','string'),(71,'id_ID','affiliation',0,0,'Departemen Statistika Universitas Padjadjaran','string'),(71,'','orcid',0,0,'','string'),(72,'id_ID','biography',0,0,'Pendidikan Matematika\r\nUniversitas Sriwijaya\r\n\r\n<a href=\"https://www.scopus.com/authid/detail.uri?authorId=57196247058\">SCOPUSID: 57196247058</a>\r\n\r\n<a href=\"https://scholar.google.co.id/citations?hl=id&user=6rqP2ecAAAAJ\">Google Scholar ID</a>','string'),(72,'id_ID','signature',0,0,'budi mulyono unsri','string'),(72,'id_ID','affiliation',0,0,'(SCOPUSID: 57196247058), Universitas Sriwijaya, Palembang','string'),(72,'','orcid',0,0,'','string'),(73,'id_ID','biography',0,0,'','string'),(73,'id_ID','signature',0,0,'','string'),(73,'id_ID','affiliation',0,0,'Sekolah Tinggi Keguruan dan Ilmu Pendidikan (STKIP) Bima','string'),(73,'','orcid',0,0,'','string'),(74,'id_ID','biography',0,0,'Universitas PGRI Semarang\r\n\r\n<a href=\"https://www.scopus.com/authid/detail.uri?authorId=57196236780\">SCOPUSID: 57196236780</a>\r\n\r\n<a href=\"https://scholar.google.co.id/citations?hl=id&user=JmrEMLQAAAAJ\">Google Scholar ID</a>','string'),(74,'id_ID','signature',0,0,'','string'),(74,'id_ID','affiliation',0,0,'(SOPUSID: 57196236780), Universitas PGRI Semarang, Semarang','string'),(74,'','orcid',0,0,'http://orcid.org/0000-0002-3497-3690','string'),(75,'id_ID','biography',0,0,'Pendidikan Matematika, STKIP PGRI Sumatera Barat\r\n\r\n<a href=\"https://www.scopus.com/authid/detail.uri?origin=AuthorProfile&authorId=57193866867&zone=\">SCOPUSID: 57193866867</a>\r\n\r\n<a href=\"https://scholar.google.co.id/citations?user=zUaGvdwAAAAJ&hl=id\">Google Scholar ID</a>','string'),(75,'id_ID','signature',0,0,'Yulyanti Harisman\r\nPendidikan Matematika\r\nSTKIP PGRI Sumatera Barat','string'),(75,'id_ID','affiliation',0,0,'(SCOPUSID: 57193866867), STKIP PGRI Sumatera Barat, Padang','string'),(75,'','orcid',0,0,'','string'),(76,'id_ID','biography',0,0,'Pendidikan Matematika\r\nUniversitas Galuh\r\n\r\n<a href=\"https://www.scopus.com/authid/detail.uri?authorId=57193867550\">SCOPUSID: 57193867550</a>\r\n\r\n<a href=\"https://scholar.google.co.id/citations?hl=id&user=_zGLnQgAAAAJ\">Google Scholar ID</a>','string'),(76,'id_ID','signature',0,0,'','string'),(76,'id_ID','affiliation',0,0,'(SCOPUSID: 57193867550), Universitas Galuh, Ciamis','string'),(76,'','orcid',0,0,'http://orcid.org/0000-0001-9607-4394','string'),(77,'id_ID','biography',0,0,'Pendidikan Matematika \r\nUniversitas Subang\r\nPangkat akademik : Lektor\r\n\r\n<a href=\"https://scholar.google.co.id/citations?user=OAHpCsgAAAAJ&hl=id\">Google Scholar ID</a>','string'),(77,'id_ID','signature',0,0,'','string'),(77,'id_ID','affiliation',0,0,'Universitas Subang, Subang','string'),(77,'','orcid',0,0,'','string'),(4,'id_ID','biography',0,0,'Pendidikan Matematika\r\nUniversitas HKBP Nommensen\r\n\r\n<a href=\"https://scholar.google.co.id/citations?hl=id&user=_w-voswAAAAJ\">Google Scholar ID</a>','string'),(4,'id_ID','signature',0,0,'','string'),(4,'id_ID','affiliation',0,0,'Universitas HKBP Nommensen, Medan','string'),(77,'','profileImage',256,0,NULL,'string'),(78,'id_ID','biography',0,0,'Pendidikan Matematika\r\nUniversitas Borneo Tarakan\r\n\r\n<a href=\"https://www.scopus.com/authid/detail.uri?authorId=57200730465\">SCOPUSID: 57200730465</a>\r\n\r\n<a href=\"https://scholar.google.co.id/citations?hl=id&user=-2S-r6IAAAAJ\">Google Scholar ID</a>','string'),(78,'id_ID','signature',0,0,'-','string'),(78,'id_ID','affiliation',0,0,'(SCOPUSID: 57200730465), Universitas Borneo Tarakan, Kalimantan Utara','string'),(78,'','orcid',0,0,'','string'),(79,'id_ID','biography',0,0,'','string'),(79,'id_ID','signature',0,0,'','string'),(79,'id_ID','affiliation',0,0,'UIN Syarif Hidayatullah Jakarta','string'),(79,'','orcid',0,0,'','string'),(80,'id_ID','biography',0,0,'Jurusan Matematika FMIPA Universitas Sriwijaya\r\nPembina IVa\r\n\r\n<a href=\"https://www.scopus.com/authid/detail.uri?origin=resultslist&authorId=57200726409&zone=\">SCOPUSID: 57200726409</a>\r\n\r\n<a href=\"https://scholar.google.co.id/citations?user=EunY7j0AAAAJ&hl=id\">Google Scholar ID</a>','string'),(80,'id_ID','signature',0,0,'','string'),(80,'id_ID','affiliation',0,0,'Universitas Sriwijaya, Palembang','string'),(80,'','orcid',0,0,'','string'),(81,'id_ID','biography',0,0,'Dosen tetap prodi pend. Matematika','string'),(81,'id_ID','signature',0,0,'','string'),(81,'id_ID','affiliation',0,0,'Prodi Pendidikan Matematika FKIP Unpas','string'),(81,'','orcid',0,0,'','string'),(82,'id_ID','biography',0,0,'Program Studi Pendidikan Matematika\r\nUniversitas Muhammadiyah Sukabumi\r\n\r\n<a href=\"https://scholar.google.co.id/citations?hl=id&user=UNWW2PIAAAAJ\">Google Scholar ID</a>','string'),(82,'id_ID','signature',0,0,'','string'),(82,'id_ID','affiliation',0,0,'Universitas Muhammadiyah Sukabumi, Sikabumi','string'),(82,'','orcid',0,0,'','string'),(83,'id_ID','biography',0,0,'Universitas Padjadjaran\r\n\r\n<a href=\"https://www.scopus.com/authid/detail.uri?authorId=57197754063\">SCOPUSID: 57197754063</a>\r\n\r\n<a href=\"https://scholar.google.co.id/citations?hl=id&user=nVYhxSAAAAAJ\">Google Scholar ID</a>','string'),(83,'id_ID','signature',0,0,'','string'),(83,'id_ID','affiliation',0,0,'(SCOPUSID: 57197754063), Universitas Padjadjaran, Bandung','string'),(83,'','orcid',0,0,'','string'),(84,'id_ID','biography',0,0,'mahasiswa matematika uhamka','string'),(84,'id_ID','signature',0,0,'','string'),(84,'id_ID','affiliation',0,0,'Mahasiswa Uhamka','string'),(84,'','orcid',0,0,'','string'),(85,'id_ID','biography',0,0,'Fakultas Pendidikan Dasar dan Menengah, Universitas Majalengka','string'),(85,'id_ID','signature',0,0,'','string'),(85,'id_ID','affiliation',0,0,'Universitas Majalengka','string'),(85,'','orcid',0,0,'','string'),(86,'id_ID','biography',0,0,'Lecturer at Department of Mathematics IAIN Langsa, Aceh','string'),(86,'id_ID','signature',0,0,'','string'),(86,'id_ID','affiliation',0,0,'Department of Mathematics IAIN Langsa, Aceh','string'),(86,'','orcid',0,0,'http://orcid.org/0000-0003-2411-1111','string'),(87,'id_ID','biography',0,0,'ccd','string'),(87,'id_ID','signature',0,0,'ccd','string'),(87,'id_ID','affiliation',0,0,'ccd','string'),(87,'','orcid',0,0,'','string'),(88,'id_ID','biography',0,0,'Dosen Tetap Yayasan Universitas Indraprasta PGRI dengan pangat akademik asisten ahli','string'),(88,'id_ID','signature',0,0,'','string'),(88,'id_ID','affiliation',0,0,'Dosen Universitas Indraprasta PGRI','string'),(88,'','orcid',0,0,'','string'),(74,'en_US','biography',0,0,'','string'),(74,'en_US','signature',0,0,'','string'),(74,'en_US','affiliation',0,0,'','string'),(89,'id_ID','biography',0,0,'','string'),(89,'id_ID','signature',0,0,'','string'),(89,'id_ID','affiliation',0,0,'Universitas Sarjanawiyata Tamansiswa','string'),(89,'','orcid',0,0,'','string'),(90,'id_ID','biography',0,0,'S3 Pendidikan Matematika UPI','string'),(90,'id_ID','signature',0,0,'','string'),(90,'id_ID','affiliation',0,0,'Universitas Islam Riau - UIR','string'),(90,'','orcid',0,0,'','string'),(91,'id_ID','biography',0,0,'SD Muhammadiyah Pringsewu','string'),(91,'id_ID','signature',0,0,'','string'),(91,'id_ID','affiliation',0,0,'MAhasiswi Parcasarjana Unila','string'),(91,'','orcid',0,0,'','string'),(92,'id_ID','biography',0,0,'Dosen Pendidikan Matematika Universitas Suryakancana','string'),(92,'id_ID','signature',0,0,'Pendidikan Matematika','string'),(92,'id_ID','affiliation',0,0,'Universitas Suryakancana','string'),(92,'','orcid',0,0,'','string'),(93,'id_ID','biography',0,0,'','string'),(93,'id_ID','signature',0,0,'','string'),(93,'id_ID','affiliation',0,0,'','string'),(93,'','orcid',0,0,'','string'),(94,'id_ID','biography',0,0,'','string'),(94,'id_ID','signature',0,0,'','string'),(94,'id_ID','affiliation',0,0,'STKIP YDB Lubuk Alung','string'),(94,'','orcid',0,0,'','string'),(95,'id_ID','biography',0,0,'Dosen Pendidikan Matematika FKIP Universitas Swadaya Gunung Jati Cirebon','string'),(95,'id_ID','signature',0,0,'','string'),(95,'id_ID','affiliation',0,0,'Program Studi Pendidikan Matematika FKIP - Universitas Swadaya Gunung Jati','string'),(95,'','orcid',0,0,'','string'),(95,'','profileImage',256,0,NULL,'string'),(96,'id_ID','biography',0,0,'','string'),(96,'id_ID','signature',0,0,'elis','string'),(96,'id_ID','affiliation',0,0,'sdit uswatun hasanah','string'),(96,'','orcid',0,0,'','string'),(97,'id_ID','biography',0,0,'','string'),(97,'id_ID','signature',0,0,'','string'),(97,'id_ID','affiliation',0,0,'Universitas Muhammadiyah Prof. DR. Hamka','string'),(97,'','orcid',0,0,'','string'),(98,'id_ID','biography',0,0,'Mahasiswa Pascasarjana UPI','string'),(98,'id_ID','signature',0,0,'','string'),(98,'id_ID','affiliation',0,0,'Universitas Pendidikan Indonesia','string'),(98,'','orcid',0,0,'','string'),(98,'en_US','biography',0,0,'Mahasiswa Pascasarjana UPI','string'),(98,'en_US','signature',0,0,'','string'),(98,'en_US','affiliation',0,0,'','string'),(99,'id_ID','biography',0,0,'Program Pendidikan Matematika Pascasarjana Universitas Negeri Yogyakarta','string'),(99,'id_ID','signature',0,0,'','string'),(99,'id_ID','affiliation',0,0,'Universitas Negeri Yogyakarta','string'),(99,'','orcid',0,0,'','string'),(100,'id_ID','biography',0,0,'Sekolah Pascasarjana Pendidikan Matematika, \r\nUniversitas Pendidikan Indonesia','string'),(100,'id_ID','signature',0,0,'','string'),(100,'id_ID','affiliation',0,0,'Universitas Pendidikan Indonesia','string'),(100,'','orcid',0,0,'','string'),(101,'id_ID','biography',0,0,'','string'),(101,'id_ID','signature',0,0,'','string'),(101,'id_ID','affiliation',0,0,'Universitas PGRI Yogyakarta','string'),(101,'','orcid',0,0,'','string'),(102,'id_ID','biography',0,0,'FKIP Metematika, Universitas Swadaya Gunung Jati Cirebon','string'),(102,'id_ID','signature',0,0,'','string'),(102,'id_ID','affiliation',0,0,'Universitas Swadaya Gunung Jati','string'),(102,'','orcid',0,0,'','string'),(103,'id_ID','biography',0,0,'FKIP Unswagati Cirebon','string'),(103,'id_ID','signature',0,0,'','string'),(103,'id_ID','affiliation',0,0,'Universitas Sunan Gunung Jati','string'),(103,'','orcid',0,0,'','string'),(104,'id_ID','biography',0,0,'','string'),(104,'id_ID','signature',0,0,'','string'),(104,'id_ID','affiliation',0,0,'UNIVERSITAS ISLAM RIAU','string'),(104,'','orcid',0,0,'','string'),(106,'id_ID','biography',0,0,'','string'),(106,'id_ID','signature',0,0,'','string'),(106,'id_ID','affiliation',0,0,'Magister Pendidikan MAtematika Universitas Syiah Kuala','string'),(106,'','orcid',0,0,'','string'),(107,'id_ID','biography',0,0,'','string'),(107,'id_ID','signature',0,0,'','string'),(107,'id_ID','affiliation',0,0,'Magister Pendidikan Universitas Syiah Kuala','string'),(107,'','orcid',0,0,'','string'),(108,'id_ID','biography',0,0,'','string'),(108,'id_ID','signature',0,0,'','string'),(108,'id_ID','affiliation',0,0,'Universitas Swadaya Gunung Jati Cirebon','string'),(108,'','orcid',0,0,'','string'),(13,'','filterSection',256,2,'0','int'),(15,'','filterSection',256,2,'0','int'),(109,'id_ID','biography',0,0,'FKIP Unswagati','string'),(109,'id_ID','signature',0,0,'','string'),(109,'id_ID','affiliation',0,0,'UNSWAGATI','string'),(109,'','orcid',0,0,'','string'),(110,'id_ID','biography',0,0,'','string'),(110,'id_ID','signature',0,0,'','string'),(110,'id_ID','affiliation',0,0,'','string'),(110,'','orcid',0,0,'','string'),(111,'id_ID','biography',0,0,'','string'),(111,'id_ID','signature',0,0,'','string'),(111,'id_ID','affiliation',0,0,'','string'),(111,'','orcid',0,0,'','string'),(112,'id_ID','biography',0,0,'','string'),(112,'id_ID','signature',0,0,'','string'),(112,'id_ID','affiliation',0,0,'','string'),(112,'','orcid',0,0,'','string'),(113,'id_ID','biography',0,0,'','string'),(113,'id_ID','signature',0,0,'','string'),(113,'id_ID','affiliation',0,0,'Universitas PGRI Yogyakarta','string'),(113,'','orcid',0,0,'','string'),(114,'id_ID','biography',0,0,'','string'),(114,'id_ID','signature',0,0,'','string'),(114,'id_ID','affiliation',0,0,'','string'),(114,'','orcid',0,0,'','string'),(115,'id_ID','biography',0,0,'','string'),(115,'id_ID','signature',0,0,'','string'),(115,'id_ID','affiliation',0,0,'we','string'),(115,'','orcid',0,0,'','string'),(19,'','filterSection',256,2,'0','int'),(2,'','filterSection',256,2,'0','int'),(116,'id_ID','biography',0,0,'Mahasiswa Universitas PGRI Yogyakarta','string'),(116,'id_ID','signature',0,0,'','string'),(116,'id_ID','affiliation',0,0,'Universitas PGRI Yogyakarta','string'),(116,'','orcid',0,0,'','string'),(117,'id_ID','biography',0,0,'Mahasiswa Universitas PGRI Yogyakarta','string'),(117,'id_ID','signature',0,0,'','string'),(117,'id_ID','affiliation',0,0,'Universitas PGRI Yogyakarta','string'),(117,'','orcid',0,0,'','string'),(118,'id_ID','biography',0,0,'','string'),(118,'id_ID','signature',0,0,'','string'),(118,'id_ID','affiliation',0,0,'UHAMKA','string'),(118,'','orcid',0,0,'','string'),(119,'id_ID','biography',0,0,'','string'),(119,'id_ID','signature',0,0,'','string'),(119,'id_ID','affiliation',0,0,'Universitas Muhammadiyah Tangerang (UMT)','string'),(119,'','orcid',0,0,'','string'),(120,'id_ID','biography',0,0,'','string'),(120,'id_ID','signature',0,0,'','string'),(120,'id_ID','affiliation',0,0,'Universitas Suryakancana','string'),(120,'','orcid',0,0,'','string'),(121,'id_ID','biography',0,0,'Universitas Dian Nuswantoro\r\n\r\n<a href=\"https://scholar.google.co.id/citations?hl=id&user=qX4cOSUAAAAJ\">Google Scholar ID</a>','string'),(121,'id_ID','signature',0,0,'','string'),(121,'id_ID','affiliation',0,0,'Universitas Dian Nuswantoro, Semarang','string'),(121,'','orcid',0,0,'http://orcid.org/0000-0002-4613-6718','string'),(122,'id_ID','biography',0,0,'','string'),(122,'id_ID','signature',0,0,'','string'),(122,'id_ID','affiliation',0,0,'Universitas Galuh','string'),(122,'','orcid',0,0,'','string'),(123,'id_ID','biography',0,0,'','string'),(123,'id_ID','signature',0,0,'','string'),(123,'id_ID','affiliation',0,0,'Universitas Islam Jember - UIJ','string'),(123,'','orcid',0,0,'','string'),(124,'id_ID','biography',0,0,'','string'),(124,'id_ID','signature',0,0,'','string'),(124,'id_ID','affiliation',0,0,'STKIP Siliwangi Bandung','string'),(124,'','orcid',0,0,'','string'),(123,'','profileImage',256,0,NULL,'string'),(125,'id_ID','biography',0,0,'','string'),(125,'id_ID','signature',0,0,'','string'),(125,'id_ID','affiliation',0,0,'Stkip Singkawang','string'),(125,'','orcid',0,0,'','string'),(88,'','profileImage',256,0,NULL,'string'),(126,'id_ID','biography',0,0,'Program Studi Pendidikan Matematika FKIP dengan pangkat Lektor Kepala.','string'),(126,'id_ID','signature',0,0,'','string'),(126,'id_ID','affiliation',0,0,'Universitas Lambung Mangkurat  Banjarmasin','string'),(126,'','orcid',0,0,'','string'),(127,'id_ID','biography',0,0,'Program Studi Pendidikan Matematika\r\nUniversitas Negeri Jakarta\r\n\r\n<a href=\"https://www.scopus.com/authid/detail.uri?authorId=57195477298\">SCOPUSID: 57195477298</a>\r\n\r\n<a href=\"https://scholar.google.co.id/citations?hl=id&user=46kDGQ8AAAAJ\">Google Scholar ID</a>','string'),(127,'id_ID','signature',0,0,'','string'),(127,'id_ID','affiliation',0,0,'(SCOPUSID: 57195477298), Universitas Negeri Jakarta, Jakarta','string'),(127,'','orcid',0,0,'','string'),(128,'id_ID','biography',0,0,'','string'),(128,'id_ID','signature',0,0,'','string'),(128,'id_ID','affiliation',0,0,'STKIP Singkawang','string'),(128,'','orcid',0,0,'http://orcid.org/0000-0003-0265-7009','string'),(129,'id_ID','biography',0,0,'','string'),(129,'id_ID','signature',0,0,'','string'),(129,'id_ID','affiliation',0,0,'Universitas Balikpapan','string'),(129,'','orcid',0,0,'','string'),(130,'id_ID','biography',0,0,'','string'),(130,'id_ID','signature',0,0,'','string'),(130,'id_ID','affiliation',0,0,'University of Muhammadiyah Prof DR HAMKA','string'),(130,'','orcid',0,0,'','string'),(131,'id_ID','biography',0,0,'Dosen Asisten Ahli Jurusan Pendidikan Matematika FKIP Untirta','string'),(131,'id_ID','signature',0,0,'','string'),(131,'id_ID','affiliation',0,0,'Jurusan Pendidikan Matematika - FKIP Untirta','string'),(131,'','orcid',0,0,'','string'),(132,'id_ID','biography',0,0,'','string'),(132,'id_ID','signature',0,0,'','string'),(132,'id_ID','affiliation',0,0,'Magister Pendidikan Matematika','string'),(132,'','orcid',0,0,'','string'),(133,'id_ID','biography',0,0,'','string'),(133,'id_ID','signature',0,0,'','string'),(133,'id_ID','affiliation',0,0,'','string'),(133,'','orcid',0,0,'','string'),(134,'id_ID','biography',0,0,'','string'),(134,'id_ID','signature',0,0,'','string'),(134,'id_ID','affiliation',0,0,'STKIP PGRI Sumatera Barat','string'),(134,'','orcid',0,0,'','string'),(135,'id_ID','biography',0,0,'Program Studi Magister Pendidikan Matematika Fakultas Keguruan dan Ilmu Pendidikan Universitas Syiah Kuala','string'),(135,'id_ID','signature',0,0,'','string'),(135,'id_ID','affiliation',0,0,'Universitas Syiah Kuala','string'),(135,'','orcid',0,0,'','string'),(136,'id_ID','biography',0,0,'Dosen Program Studi Pendidikan Matematika Fakultas Keguruan dan Ilmu Pendidikan Universitas Mathla\'ul Anwar','string'),(136,'id_ID','signature',0,0,'','string'),(136,'id_ID','affiliation',0,0,'Universitas Mathla\'ul Anwar','string'),(136,'','orcid',0,0,'','string'),(136,'','profileImage',256,0,NULL,'string'),(137,'id_ID','biography',0,0,'','string'),(137,'id_ID','signature',0,0,'','string'),(137,'id_ID','affiliation',0,0,'Universitas Kristen Satya Wacana','string'),(137,'','orcid',0,0,'','string'),(138,'id_ID','biography',0,0,'','string'),(138,'id_ID','signature',0,0,'','string'),(138,'id_ID','affiliation',0,0,'UAD','string'),(138,'','orcid',0,0,'','string'),(139,'id_ID','biography',0,0,'Ketua Program Studi Pendidikan Matematika Universitas Muhammadiyah Cirebon','string'),(139,'id_ID','signature',0,0,'','string'),(139,'id_ID','affiliation',0,0,'Program Studi Pendidikan Matematika Universitas Muhammadiyah Cirebon','string'),(139,'','orcid',0,0,'','string'),(140,'id_ID','biography',0,0,'','string'),(140,'id_ID','signature',0,0,'','string'),(140,'id_ID','affiliation',0,0,'IKIP Veteran Semarang','string'),(140,'','orcid',0,0,'','string'),(141,'id_ID','biography',0,0,'','string'),(141,'id_ID','signature',0,0,'','string'),(141,'id_ID','affiliation',0,0,'Mahasiswa Pendidikan matematika Uhamka','string'),(141,'','orcid',0,0,'','string'),(142,'id_ID','biography',0,0,'dosen asisten ahli universitas boreno tarakan','string'),(142,'id_ID','signature',0,0,'','string'),(142,'id_ID','affiliation',0,0,'Universitas Borneo Tarakan','string'),(142,'','orcid',0,0,'','string'),(143,'id_ID','biography',0,0,'','string'),(143,'id_ID','signature',0,0,'','string'),(143,'id_ID','affiliation',0,0,'UIN Raden Intan Lampung','string'),(143,'','orcid',0,0,'','string'),(144,'id_ID','biography',0,0,'','string'),(144,'id_ID','signature',0,0,'','string'),(144,'id_ID','affiliation',0,0,'','string'),(144,'','orcid',0,0,'','string'),(145,'id_ID','biography',0,0,'','string'),(145,'id_ID','signature',0,0,'','string'),(145,'id_ID','affiliation',0,0,'','string'),(145,'','orcid',0,0,'','string'),(146,'id_ID','biography',0,0,'prodi Pendidikan Matematika\r\nAsisten Ahli','string'),(146,'id_ID','signature',0,0,'','string'),(146,'id_ID','affiliation',0,0,'UIN SGD Bandung','string'),(146,'','orcid',0,0,'','string'),(147,'id_ID','biography',0,0,'','string'),(147,'id_ID','signature',0,0,'','string'),(147,'id_ID','affiliation',0,0,'','string'),(147,'','orcid',0,0,'','string'),(148,'id_ID','biography',0,0,'Pendidikan Matematika','string'),(148,'id_ID','signature',0,0,'','string'),(148,'id_ID','affiliation',0,0,'Universitas Islam Riau','string'),(148,'','orcid',0,0,'','string'),(149,'id_ID','biography',0,0,'','string'),(149,'id_ID','signature',0,0,'','string'),(149,'id_ID','affiliation',0,0,'IAIN Tulungagung','string'),(149,'','orcid',0,0,'','string'),(153,'id_ID','biography',0,0,'','string'),(153,'id_ID','signature',0,0,'','string'),(153,'id_ID','affiliation',0,0,'STIE Ekuitas Bandung','string'),(153,'','orcid',0,0,'','string'),(154,'id_ID','biography',0,0,'','string'),(154,'id_ID','signature',0,0,'','string'),(154,'id_ID','affiliation',0,0,'STKIP Surya','string'),(154,'','orcid',0,0,'','string'),(155,'id_ID','biography',0,0,'','string'),(155,'id_ID','signature',0,0,'','string'),(155,'id_ID','affiliation',0,0,'Universitas Swadaya Gunung Jati','string'),(155,'','orcid',0,0,'','string'),(156,'id_ID','biography',0,0,'','string'),(156,'id_ID','signature',0,0,'','string'),(156,'id_ID','affiliation',0,0,'Program Studi Pendidikan Matematika, Universitas Kristen Satya Wacana','string'),(156,'','orcid',0,0,'','string'),(139,'','profileImage',256,0,NULL,'string'),(157,'id_ID','biography',0,0,'','string'),(157,'id_ID','signature',0,0,'','string'),(157,'id_ID','affiliation',0,0,'','string'),(157,'','orcid',0,0,'','string'),(158,'en_US','biography',0,0,'','string'),(158,'id_ID','biography',0,0,'Senior Lecturer at School of Education, the University of Adelaide','string'),(158,'en_US','signature',0,0,'','string'),(158,'id_ID','signature',0,0,'Dr I Gusti Ngurah Darmawan\r\nSenior Lecturer and the Associate Head (International) within the School of Education at the University of Adelaide.\r\nhttps://researchers.adelaide.edu.au/profile/igusti.darmawan','string'),(158,'en_US','affiliation',0,0,'','string'),(158,'id_ID','affiliation',0,0,'University of Adelaide','string'),(158,'','orcid',0,0,'','string'),(159,'id_ID','biography',0,0,'FKIP Universitas Suryakencana','string'),(159,'id_ID','signature',0,0,'FKIP Universitas Suryakencana','string'),(159,'id_ID','affiliation',0,0,'Universitas Suryakencana','string'),(159,'','orcid',0,0,'','string'),(160,'id_ID','biography',0,0,'','string'),(160,'id_ID','signature',0,0,'','string'),(160,'id_ID','affiliation',0,0,'Universitas Muhammadiyah Tangerang','string'),(160,'','orcid',0,0,'','string'),(161,'id_ID','biography',0,0,'','string'),(161,'id_ID','signature',0,0,'','string'),(161,'id_ID','affiliation',0,0,'','string'),(161,'','orcid',0,0,'','string'),(162,'id_ID','biography',0,0,'','string'),(162,'id_ID','signature',0,0,'','string'),(162,'id_ID','affiliation',0,0,'Universitas Muhammadiya Prof. Dr. HAMKA','string'),(162,'','orcid',0,0,'','string'),(163,'id_ID','biography',0,0,'FKIP Universitas Swadaya Gunung Jati','string'),(163,'id_ID','signature',0,0,'','string'),(163,'id_ID','affiliation',0,0,'Universitas Swadaya Gunung Jati','string'),(163,'','orcid',0,0,'','string'),(164,'id_ID','biography',0,0,'FPMIPA Universitas Pendidikan Indonesia','string'),(164,'id_ID','signature',0,0,'','string'),(164,'id_ID','affiliation',0,0,'Universitas Pendidikan Indonesia','string'),(164,'','orcid',0,0,'','string'),(165,'id_ID','biography',0,0,'','string'),(165,'id_ID','signature',0,0,'','string'),(165,'id_ID','affiliation',0,0,'Universitas Wiralodra','string'),(165,'','orcid',0,0,'','string'),(166,'id_ID','biography',0,0,'','string'),(166,'id_ID','signature',0,0,'elis','string'),(166,'id_ID','affiliation',0,0,'stkpi siliwangi','string'),(166,'','orcid',0,0,'','string'),(167,'id_ID','biography',0,0,'Pendidikan Matematika\r\nUniversitas Sarjanawiyata Tamansiswa\r\n\r\n<a href=\"https://www.scopus.com/authid/detail.uri?authorId=57196328078\">SCOPUSID: 57196328078</a>\r\n\r\n<a href=\"https://scholar.google.co.id/citations?hl=id&user=CobzRdUAAAAJ\">Google Scholar ID</a>','string'),(167,'id_ID','signature',0,0,'','string'),(167,'id_ID','affiliation',0,0,'(SCOPUSID: 57196328078), Universitas Sarjanawiyata Tamansiswa, Yogyakarta','string'),(167,'','orcid',0,0,'http://orcid.org/0000-0001-8906-5190','string'),(168,'id_ID','biography',0,0,'Lektor (III/c)','string'),(168,'id_ID','signature',0,0,'','string'),(168,'id_ID','affiliation',0,0,'Pendidikan Matematika UIN Syarif Hidayatullah Jakarta','string'),(168,'','orcid',0,0,'','string'),(169,'id_ID','biography',0,0,'Pendidikan Matematika','string'),(169,'id_ID','signature',0,0,'dto','string'),(169,'id_ID','affiliation',0,0,'Universitas Katolik Santo Thomas','string'),(169,'','orcid',0,0,'http://orcid.org/0000-0002-3339-7126','string'),(170,'id_ID','biography',0,0,'saya mahasiswa semester akhir di UKSW Salatiga. dan saya sangat ingin publish di jurnal ini.','string'),(170,'id_ID','signature',0,0,'saya berencana publish hasil penelitian saya di jurnal KALAMATIKA','string'),(170,'id_ID','affiliation',0,0,'Universitas Kristen Satya Wacana Salatiga','string'),(170,'','orcid',0,0,'','string'),(171,'id_ID','biography',0,0,'','string'),(171,'id_ID','signature',0,0,'','string'),(171,'id_ID','affiliation',0,0,'','string'),(171,'','orcid',0,0,'','string'),(67,'','profileImage',256,0,NULL,'string'),(172,'id_ID','biography',0,0,'','string'),(172,'id_ID','signature',0,0,'','string'),(172,'id_ID','affiliation',0,0,'UIN Raden Intan Lampung','string'),(172,'','orcid',0,0,'','string'),(173,'id_ID','biography',0,0,'','string'),(173,'id_ID','signature',0,0,'','string'),(173,'id_ID','affiliation',0,0,'','string'),(173,'','orcid',0,0,'','string'),(174,'id_ID','biography',0,0,'<a href=\"https://www.enjz.net/%D8%B4%D8%B1%D9%83%D8%A9-%D9%83%D8%B4%D9%81-%D8%AA%D8%B3%D8%B1%D8%A8%D8%A7%D8%AA-%D8%A7%D9%84%D9%85%D9%8A%D8%A7%D9%87-%D8%A8%D8%A7%D9%84%D8%B1%D9%8A%D8%A7%D8%B6/\">شركة كشÙ تسربات المياه بالرياض</a> شركة كشÙ تسربات المياه بالرياض <a href=\"https://www.enjz.net/%D8%B4%D8%B1%D9%83%D8%A9-%D8%AA%D8%B3%D9%84%D9%8A%D9%83-%D9%85%D8%AC%D8%A7%D8%B1%D9%89-%D8%A8%D8%A7%D9%84%D8%B1%D9%8A%D8%A7%D8%B6/\">شركة تسليك مجارى بالرياض</a> شركة تسليك مجارى بالرياض <a id=\"tinymce\" class=\"mceContentBody \" dir=\"ltr\" href=\"https://www.enjz.net/%D8%B4%D8%B1%D9%83%D8%A9-%D8%AA%D9%86%D8%B8%D9%8A%D9%81-%D8%AE%D8%B2%D8%A7%D9%86%D8%A7%D8%AA-%D8%A8%D8%A7%D9%84%D8%B1%D9%8A%D8%A7%D8%B6/\">شركة تنظيÙ خزانات بالرياض</a> شركة تنظيÙ خزانات بالرياض <a href=\"https://www.enjz.net/%D8%B4%D8%B1%D9%83%D8%A9-%D8%AA%D8%AE%D8%B2%D9%8A%D9%86-%D8%A7%D8%AB%D8%A7%D8%AB-%D8%A8%D8%A7%D9%84%D8%B1%D9%8A%D8%A7%D8%B6/\">شركة تخزين عÙش بالرياض</a> شركة تخزين عÙش بالرياض <a href=\"https://www.enjz.net/%D8%B4%D8%B1%D9%83%D8%A9-%D9%85%D9%83%D8%A7%D9%81%D8%AD%D8%A9-%D8%A7%D9%84%D9%86%D9%85%D9%84-%D8%A7%D9%84%D8%A7%D8%A8%D9%8A%D8%B6-%D8%A8%D8%A7%D9%84%D8%B1%D9%8A%D8%A7%D8%B6/\">شركة مكاÙحة النمل الابيض بالرياض</a> شركة مكاÙحة النمل الابيض بالرياض <a href=\"https://www.surveymonkey.com/r/NMH5FXQ\">شركة تنظيÙ Ùلل بالرياض</a> شركة تنظيÙ Ùلل بالرياض <a href=\"https://www.enjz.net/%D8%A7%D9%81%D8%B6%D9%84-%D8%B4%D8%B1%D9%83%D8%A9-%D8%B4%D8%B1%D8%A7%D8%A1-%D8%A7%D8%AB%D8%A7%D8%AB-%D9%85%D8%B3%D8%AA%D8%B9%D9%85%D9%84-%D8%A8%D8%A7%D9%84%D8%B1%D9%8A%D8%A7%D8%B6/\">شركة شراء اثاث مستعمل بالرياض</a> شركة شراء اثاث مستعمل بالرياض <a href=\"https://www.enjz.net/%D8%B4%D8%B1%D9%83%D8%A9-%D8%AC%D9%84%D9%8A-%D8%A8%D9%84%D8%A7%D8%B7-%D8%A8%D8%A7%D9%84%D8%B1%D9%8A%D8%A7%D8%B6/\">شركة جلي بلاط بالرياض</a> شركة جلي البلاط بالرياض <a href=\"https://www.youtube.com/watch?v=HB0RxqOse1U\">شركة جلي البلاط بالرياض</a> شركة جلي البلاط بالرياض <a href=\"https://www.enjz.net/%D8%B4%D8%B1%D9%83%D8%A9-%D8%AA%D9%86%D8%B8%D9%8A%D9%81-%D8%B4%D9%82%D9%82-%D8%A8%D8%A7%D9%84%D8%B1%D9%8A%D8%A7%D8%B6/\">شركة تنظيÙ شقق بالرياض</a> شركة تنظيÙ شقق بالرياض <a href=\"https://www.enjz.net/%D8%B4%D8%B1%D9%83%D8%A9-%D9%86%D9%82%D9%84-%D8%A7%D8%AB%D8%A7%D8%AB-%D8%A8%D8%A7%D9%84%D8%B1%D9%8A%D8%A7%D8%B6/\">شركة نقل عÙش بالرياض</a> شركة نقل عÙش بالرياض <a href=\"https://www.enjz.net/%D8%B4%D8%B1%D9%83%D8%A9-%D8%AA%D9%86%D8%B8%D9%8A%D9%81-%D9%85%D9%88%D9%83%D9%8A%D8%AA-%D8%A8%D8%A7%D9%84%D8%B1%D9%8A%D8%A7%D8%B6/\">شركة تنظيÙ موكيت بالرياض</a> شركة تنظيÙ موكيت بالرياض <a href=\"https://www.enjz.net/%D8%A7%D9%81%D8%B6%D9%84-%D8%B4%D8%B1%D9%83%D8%A9-%D8%AA%D9%86%D8%B8%D9%8A%D9%81-%D9%85%D8%AC%D8%A7%D9%84%D8%B3-%D8%A8%D8%A7%D9%84%D8%B1%D9%8A%D8%A7%D8%B6/\">شركة تنظيÙ مجالس بالرياض</a> شركة تنظيÙ مجالس بالرياض <a href=\"https://www.enjz.net/%D8%A7%D9%81%D8%B6%D9%84-%D8%B4%D8%B1%D9%83%D8%A9-%D8%AA%D9%86%D8%B8%D9%8A%D9%81-%D9%85%D8%B3%D8%A7%D8%A8%D8%AD-%D8%A8%D8%A7%D9%84%D8%B1%D9%8A%D8%A7%D8%B6/\">شركة تنظيÙ مسابح بالرياض</a> شركة تنظيÙ مسابح بالرياض <a href=\"https://www.enjz.net/%D8%B4%D8%B1%D9%83%D8%A9-%D8%AA%D9%86%D8%B8%D9%8A%D9%81-%D9%85%D9%86%D8%A7%D8%B2%D9%84-%D8%A8%D8%A7%D9%84%D8%B1%D9%8A%D8%A7%D8%B6/\">شركة تنظيÙ منازل بالرياض</a> شركة تنظيÙ منازل بالرياض <a href=\"https://www.enjz.net/%D8%B4%D8%B1%D9%83%D8%A9-%D8%AA%D9%86%D8%B8%D9%8A%D9%81-%D9%88%D8%A7%D8%AC%D9%87%D8%A7%D8%AA-%D8%AD%D8%AC%D8%B1-%D8%A8%D8%A7%D9%84%D8%B1%D9%8A%D8%A7%D8%B6/\">شركة تنظيÙ واجهات حجر بالرياض</a> شركة تنظيÙ واجهات حجر بالرياض <a href=\"https://www.enjz.net/%D8%B4%D8%B1%D9%83%D8%A9-%D8%AA%D9%86%D8%B8%D9%8A%D9%81-%D9%82%D8%B5%D9%88%D8%B1-%D8%A8%D8%A7%D9%84%D8%B1%D9%8A%D8%A7%D8%B6/\">شركة تنظيÙ قصور بالرياض</a> شركة تنظيÙ قصور بالرياض <a href=\"https://www.enjz.net/%D8%B4%D8%B1%D9%83%D8%A9-%D9%85%D9%83%D8%A7%D9%81%D8%AD%D8%A9-%D8%A7%D9%84%D8%B5%D8%B1%D8%A7%D8%B5%D9%8A%D8%B1-%D8%A8%D8%A7%D9%84%D8%B1%D9%8A%D8%A7%D8%B6/\">شركة مكاÙحة الصراصير بالرياض</a> شركة مكاÙحة الصراصير بالرياض <a href=\"https://www.enjz.net/%D8%B4%D8%B1%D9%83%D8%A9-%D8%B1%D8%B4-%D9%85%D8%A8%D9%8A%D8%AF%D8%A7%D8%AA-%D8%A8%D8%A7%D9%84%D8%B1%D9%8A%D8%A7%D8%B6/\">شركة رش مبيدات بالرياض</a> شركة رش مبيدات بالرياض <a href=\"https://www.enjz.net/%D8%B4%D8%B1%D9%83%D8%A9-%D9%85%D9%83%D8%A7%D9%81%D8%AD%D8%A9-%D8%AD%D8%B4%D8%B1%D8%A7%D8%AA-%D8%A8%D8%A7%D9%84%D8%B1%D9%8A%D8%A7%D8%B6/\">شركة مكاÙحة الحشرات بالرياض</a> شركة مكاÙحة الحشرات بالرياض <a href=\"https://www.enjz.net/%D8%B4%D8%B1%D9%83%D8%A9-%D8%B9%D8%B2%D9%84-%D8%A7%D8%B3%D8%B7%D8%AD-%D8%A8%D8%A7%D9%84%D8%B1%D9%8A%D8%A7%D8%B6/\">شركة عزل اسطح بالرياض</a> شركة عزل الاسطح بالرياض <a href=\"https://www.enjz.net/%D8%B4%D8%B1%D9%83%D8%A9-%D8%AA%D9%86%D8%B8%D9%8A%D9%81-%D8%A8%D8%A7%D9%84%D8%A8%D8%AE%D8%A7%D8%B1-%D8%A8%D8%A7%D9%84%D8%B1%D9%8A%D8%A7%D8%B6/\">شركة تنظيÙ بالبخار بالرياض</a> شركة تنظيÙ بالبخار بالرياض <a href=\"https://www.bayt.com/ar/specialties/b/8067/%D8%A7%D8%B3%D8%B9%D8%A7%D8%B1-%D8%AA%D9%86%D8%B8%D9%8A%D9%81-%D8%AE%D8%B2%D8%A7%D9%86%D8%A7%D8%AA-%D8%A8%D8%A7%D9%84%D8%B1%D9%8A%D8%A7%D8%B6-0536060470/\">شركة تنظيÙ خزانات بالرياض</a> شركة تنظيÙ خزانات بالرياض <a href=\"https://sites.google.com/site/alfahedclean/detect-water-leaks-in-riyadh-workers-filipina\">شركة كشÙ تسربات المياه بالرياض</a> شركة كشÙ تسربات المياه بالرياض <a href=\"http://sauditourguide.com/%D8%A7%D9%81%D8%B6%D9%84-%D8%B4%D8%B1%D9%83%D8%A9-%D9%86%D9%82%D9%84-%D8%A7%D8%AB%D8%A7%D8%AB-%D8%A8%D8%A7%D9%84%D8%B1%D9%8A%D8%A7%D8%B6/\">شركة نقل اثاث بالرياض</a> شركة نقل اثاث بالرياض <a href=\"http://sauditourguide.com/%D8%B4%D8%B1%D9%83%D8%A9-%D9%86%D9%82%D9%84-%D8%A7%D8%AB%D8%A7%D8%AB-%D9%85%D9%86-%D8%A7%D9%84%D8%B1%D9%8A%D8%A7%D8%B6-%D8%A7%D9%84%D9%8A-%D8%A7%D9%84%D8%A7%D8%B1%D8%AF%D9%86/\">شركة نقل اثاث من الرياض الى الاردن</a> شركة نقل اثاث من الرياض الى الاردن <a href=\"http://sauditourguide.com/%D8%B4%D8%B1%D9%83%D8%A9-%D9%86%D9%82%D9%84-%D8%A7%D8%AB%D8%A7%D8%AB-%D9%85%D9%86-%D8%A7%D9%84%D8%B1%D9%8A%D8%A7%D8%B6-%D8%A7%D9%84%D9%8A-%D8%B9%D9%85%D8%A7%D9%86/\">شركة نقل اثاث من الرياض الى عمان</a> شركة نقل اثاث من الرياض الى عمان <a href=\"https://www.bayt.com/ar/specialties/b/8068/%D8%B4%D8%B1%D9%83%D8%A9-%D8%AA%D9%86%D8%B8%D9%8A%D9%81-%D9%85%D9%86%D8%A7%D8%B2%D9%84-%D8%B4%D8%B1%D9%82-%D8%A7%D9%84%D8%B1%D9%8A%D8%A7%D8%B6-0552050702/\">شركة تنظيÙ منازل شرق الرياض</a> شركة تنظيÙ منازل شرق الرياض','string'),(174,'id_ID','signature',0,0,'','string'),(174,'id_ID','affiliation',0,0,'','string'),(174,'','orcid',0,0,'','string'),(175,'id_ID','biography',0,0,'','string'),(175,'id_ID','signature',0,0,'','string'),(175,'id_ID','affiliation',0,0,'Pendidikan Matematika IKIP Siliwangi','string'),(175,'','orcid',0,0,'','string'),(176,'id_ID','biography',0,0,'Dosen Pendidikan Matematika Universitas Muhammadiyah Prof.DR.HAMKA','string'),(176,'id_ID','signature',0,0,'','string'),(176,'id_ID','affiliation',0,0,'Pendidikan Matematika - Universitas Muhammadiyah Prof. DR. HAMKA','string'),(176,'','orcid',0,0,'','string'),(176,'','profileImage',256,0,'a:5:{s:4:\"name\";s:12:\"IMG_2219.jpg\";s:10:\"uploadName\";s:20:\"profileImage-176.jpg\";s:5:\"width\";i:101;s:6:\"height\";i:150;s:12:\"dateUploaded\";s:19:\"2018-02-22 14:09:40\";}','object'),(177,'id_ID','biography',0,0,'','string'),(177,'id_ID','signature',0,0,'','string'),(177,'id_ID','affiliation',0,0,'IKIP SILIWANGI','string'),(177,'','orcid',0,0,'','string'),(178,'id_ID','biography',0,0,'','string'),(178,'id_ID','signature',0,0,'','string'),(178,'id_ID','affiliation',0,0,'IKIP Budi Utomo Malang','string'),(178,'','orcid',0,0,'','string'),(179,'id_ID','biography',0,0,'','string'),(179,'id_ID','signature',0,0,'','string'),(179,'id_ID','affiliation',0,0,'Univesitas Indraprasta PGRI','string'),(179,'','orcid',0,0,'','string'),(180,'id_ID','biography',0,0,'mahasiswa','string'),(180,'id_ID','signature',0,0,'','string'),(180,'id_ID','affiliation',0,0,'','string'),(180,'','orcid',0,0,'','string'),(181,'id_ID','biography',0,0,'mahasiswa','string'),(181,'id_ID','signature',0,0,'','string'),(181,'id_ID','affiliation',0,0,'Unindra','string'),(181,'','orcid',0,0,'','string'),(182,'id_ID','biography',0,0,'Lecturer and Researcher at Departement of Mathematics Education, University of Islam Nusantara','string'),(182,'id_ID','signature',0,0,'','string'),(182,'id_ID','affiliation',0,0,'Departement of Mathematics Education, University of Islam Nusantara','string'),(182,'','orcid',0,0,'','string'),(183,'id_ID','biography',0,0,'','string'),(183,'id_ID','signature',0,0,'','string'),(183,'id_ID','affiliation',0,0,'','string'),(183,'','orcid',0,0,'','string'),(184,'id_ID','biography',0,0,'','string'),(184,'id_ID','signature',0,0,'','string'),(184,'id_ID','affiliation',0,0,'','string'),(184,'','orcid',0,0,'','string'),(185,'id_ID','biography',0,0,'','string'),(185,'id_ID','signature',0,0,'','string'),(185,'id_ID','affiliation',0,0,'','string'),(185,'','orcid',0,0,'','string'),(186,'id_ID','biography',0,0,'','string'),(186,'id_ID','signature',0,0,'','string'),(186,'id_ID','affiliation',0,0,'','string'),(186,'','orcid',0,0,'','string'),(187,'id_ID','biography',0,0,'','string'),(187,'id_ID','signature',0,0,'','string'),(187,'id_ID','affiliation',0,0,'','string'),(187,'','orcid',0,0,'','string'),(188,'id_ID','biography',0,0,'','string'),(188,'id_ID','signature',0,0,'','string'),(188,'id_ID','affiliation',0,0,'','string'),(188,'','orcid',0,0,'','string'),(189,'id_ID','biography',0,0,'Pendidikan Matematika\r\nFKIP Universitas Muhammadiyah Purwokerto','string'),(189,'id_ID','signature',0,0,'','string'),(189,'id_ID','affiliation',0,0,'Universitas Muhammadiyah Purwokerto','string'),(189,'','orcid',0,0,'http://orcid.org/0000-0002-3799-9941','string'),(190,'id_ID','biography',0,0,'','string'),(190,'id_ID','signature',0,0,'','string'),(190,'id_ID','affiliation',0,0,'Universitas Kristen Satya Wacana Salatiga','string'),(190,'','orcid',0,0,'','string'),(191,'id_ID','biography',0,0,'Riset, Teknologi & Pendidikan Tinggi','string'),(191,'id_ID','signature',0,0,'','string'),(191,'id_ID','affiliation',0,0,'Universitas Pattimura','string'),(191,'','orcid',0,0,'','string'),(192,'id_ID','biography',0,0,'Program studi Pendidikan Matematika','string'),(192,'id_ID','signature',0,0,'','string'),(192,'id_ID','affiliation',0,0,'STKIP Budidaya Binjai','string'),(192,'','orcid',0,0,'','string'),(193,'id_ID','biography',0,0,'Mahasiswa Semester 7, dan sebagai karyawan swasta di Perusahaan PT. Dua Kelinci','string'),(193,'id_ID','signature',0,0,'','string'),(193,'id_ID','affiliation',0,0,'Institut Keguruan dan Ilmu pendidika IKIP Siliwangi Bandung','string'),(193,'','orcid',0,0,'','string'),(194,'id_ID','biography',0,0,'','string'),(194,'id_ID','signature',0,0,'','string'),(194,'id_ID','affiliation',0,0,'UMB UNIVERSITAS MUHAMMADIYAH BENGKULU','string'),(194,'','orcid',0,0,'','string'),(195,'','orcid',0,0,'','string'),(195,'en_US','biography',0,0,'Existe dois tipos a estrias.  Colastrina é um suplemento natural que contém substâncias que ajudam na produção de colágeno. Emagrecer e Perder Barriga é um website especialista em conteúdos sobre Saúde, singularmente relacionado a Perder peso Saudável e Sustentável. Visite-nos regularmente para permanecer por dentro dos novos artigos publicados regularmente.<br/>A compra do produto é feita simplesmente no sítio oficial Demais plataformas não são confiáveis e devem ser evitadas. Empresa que faz governo da compra, a Monetizze, conta com avaliação extremamente positiva nos páginas de proteção ao consumidor. Se está em incerteza de onde comprar Colastrina, escolha vendedor oficial. Só ele garante que produto é original, sem suportar adulterações ou ser viciado.<br/>Seus primordiais vantagens são: queima de gordura abdominal e localizada, inibe a rafa, diminui a ansiedade e estresse, diminui inchaço e a retenção de líquidos, evita a flacidez e não ocorre efeito sanfona. Aliás, suplemento emagrecedor Colastrina Caps dintingue-se por ser único emagrecedor do mercado a ser vendido em cápsulas líquidas, que faz com que seus efeitos sejam ainda mais rápidos e eficazes. Diversos atualidades, jornais e páginas já falaram sobre produto contando os seus benefícios e ensaios de muitas mulheres, tornando remédio organico  <a href=\"https://comoganharmusculos.pro/colastrina-funciona/\">emagrecedor</a>  Colastrina Caps queridinho cujo quer emagrecer com saúde.<br/>Há relatos de pessoas que compraram Colastrina no Mercado De forma livre. Muitas vezes preço é até menor, porém, como produto não é repassado para outros sites de venda, não há como averiguar se este é deveras verdadeiro e você pode acabar sofrendo algum gênero de de golpe.<br/>Consumir Colastrina traz uma série de melhoras para a saúde e para a aspecto de seu corpo. Sua fórmula foi desenvolvida para funcionar tanto no combate aos obstáculos de pele, como rugas, estrias e celulite, quando como coligado na queima e eliminação de gorduras localizadas.','string'),(196,'id_ID','biography',0,0,'','string'),(196,'id_ID','signature',0,0,'Wyda','string'),(196,'id_ID','affiliation',0,0,'Universitas Muhammadiyah Prof.DR.HAMKA','string'),(196,'','orcid',0,0,'','string'),(197,'id_ID','biography',0,0,'','string'),(197,'id_ID','signature',0,0,'','string'),(197,'id_ID','affiliation',0,0,'Pendididkan Matematika UHAMKA','string'),(197,'','orcid',0,0,'','string'),(198,'id_ID','biography',0,0,'Dosen IKIP Budi Utomo Malang','string'),(198,'id_ID','signature',0,0,'Raras Kartika Sari','string'),(198,'id_ID','affiliation',0,0,'IKIP Budi Utomo Malang','string'),(198,'','orcid',0,0,'','string'),(199,'id_ID','biography',0,0,'Mahasiswa  di','string'),(199,'id_ID','signature',0,0,'','string'),(199,'id_ID','affiliation',0,0,'Pendidikan Matematika - UHAMKA','string'),(199,'','orcid',0,0,'','string'),(200,'id_ID','biography',0,0,'Mahasiswa  di','string'),(200,'id_ID','signature',0,0,'','string'),(200,'id_ID','affiliation',0,0,'-','string'),(200,'','orcid',0,0,'','string'),(13,'en_US','biography',0,0,'','string'),(13,'en_US','signature',0,0,'','string'),(13,'en_US','affiliation',0,0,'','string'),(201,'id_ID','biography',0,0,'S-1 Pendidikan Matematika Universitas Mulawarman','string'),(201,'id_ID','signature',0,0,'Firnanda Pradana Putra','string'),(201,'id_ID','affiliation',0,0,'Universitas Negeri Malang','string'),(201,'','orcid',0,0,'','string'),(202,'id_ID','biography',0,0,'IKIP SILIWANGI\r\nFAKULTAS PENDIDIKAN MATEMATIKA DAN SAINS','string'),(202,'id_ID','signature',0,0,'apakah saya seorang mahasiswa','string'),(202,'id_ID','affiliation',0,0,'IKIP SILIWANGI','string'),(202,'','orcid',0,0,'','string'),(203,'id_ID','biography',0,0,'','string'),(203,'id_ID','signature',0,0,'','string'),(203,'id_ID','affiliation',0,0,'IAIN Tulungagung','string'),(203,'','orcid',0,0,'','string'),(204,'id_ID','biography',0,0,'Departemen Pendidikan Matematika','string'),(204,'id_ID','signature',0,0,'','string'),(204,'id_ID','affiliation',0,0,'STKIP Santu Paulus Ruteng','string'),(204,'','orcid',0,0,'','string'),(205,'id_ID','biography',0,0,'','string'),(205,'id_ID','signature',0,0,'','string'),(205,'id_ID','affiliation',0,0,'','string'),(205,'','orcid',0,0,'','string'),(206,'id_ID','biography',0,0,'','string'),(206,'id_ID','signature',0,0,'','string'),(206,'id_ID','affiliation',0,0,'','string'),(206,'','orcid',0,0,'','string'),(207,'id_ID','biography',0,0,'','string'),(207,'id_ID','signature',0,0,'','string'),(207,'id_ID','affiliation',0,0,'','string'),(207,'','orcid',0,0,'','string'),(208,'id_ID','biography',0,0,'','string'),(208,'id_ID','signature',0,0,'','string'),(208,'id_ID','affiliation',0,0,'Universitas Negeri Jakarta','string'),(208,'','orcid',0,0,'','string'),(209,'id_ID','biography',0,0,'','string'),(209,'id_ID','signature',0,0,'','string'),(209,'id_ID','affiliation',0,0,'Universitas Muhammadiyah Sukabumi','string'),(209,'','orcid',0,0,'','string'),(210,'id_ID','biography',0,0,'Pendidikan Matematika, FKIP, UAD','string'),(210,'id_ID','signature',0,0,'','string'),(210,'id_ID','affiliation',0,0,'Universitas Ahmad Dahlan','string'),(210,'','orcid',0,0,'','string'),(211,'id_ID','biography',0,0,'','string'),(211,'id_ID','signature',0,0,'','string'),(211,'id_ID','affiliation',0,0,'Fakultas Keguruan dan Ilmu Penddikan Program Studi Pendidikan Matematika Universitas Swadaya Gunung Jati Cirebon','string'),(211,'','orcid',0,0,'','string'),(212,'id_ID','biography',0,0,'','string'),(212,'id_ID','signature',0,0,'','string'),(212,'id_ID','affiliation',0,0,'Universitas Swadaya Gunung Jati','string'),(212,'','orcid',0,0,'','string'),(213,'id_ID','biography',0,0,'','string'),(213,'id_ID','signature',0,0,'','string'),(213,'id_ID','affiliation',0,0,'Universitas Swadaya Gunung Jati','string'),(213,'','orcid',0,0,'','string'),(214,'id_ID','biography',0,0,'','string'),(214,'id_ID','signature',0,0,'','string'),(214,'id_ID','affiliation',0,0,'','string'),(214,'','orcid',0,0,'','string'),(215,'id_ID','biography',0,0,'','string'),(215,'id_ID','signature',0,0,'','string'),(215,'id_ID','affiliation',0,0,'Program Studi Pendidikan Matematika, Universitas Indraprasta PGRI','string'),(215,'','orcid',0,0,'http://orcid.org/0000-0002-6358-8636','string'),(216,'id_ID','biography',0,0,'','string'),(216,'id_ID','signature',0,0,'','string'),(216,'id_ID','affiliation',0,0,'','string'),(216,'','orcid',0,0,'','string'),(217,'id_ID','biography',0,0,'','string'),(217,'id_ID','signature',0,0,'','string'),(217,'id_ID','affiliation',0,0,'','string'),(217,'','orcid',0,0,'','string'),(218,'id_ID','biography',0,0,'','string'),(218,'id_ID','signature',0,0,'','string'),(218,'id_ID','affiliation',0,0,'','string'),(218,'','orcid',0,0,'','string'),(219,'id_ID','biography',0,0,'','string'),(219,'id_ID','signature',0,0,'','string'),(219,'id_ID','affiliation',0,0,'','string'),(219,'','orcid',0,0,'','string'),(220,'id_ID','biography',0,0,'','string'),(220,'id_ID','signature',0,0,'','string'),(220,'id_ID','affiliation',0,0,'','string'),(220,'','orcid',0,0,'','string'),(221,'id_ID','biography',0,0,'','string'),(221,'id_ID','signature',0,0,'','string'),(221,'id_ID','affiliation',0,0,'universitas muhammadiyah sukabumi','string'),(221,'','orcid',0,0,'','string'),(222,'id_ID','biography',0,0,'','string'),(222,'id_ID','signature',0,0,'','string'),(222,'id_ID','affiliation',0,0,'Universitas PGRI Yogyakarta','string'),(222,'','orcid',0,0,'','string'),(223,'id_ID','biography',0,0,'','string'),(223,'id_ID','signature',0,0,'','string'),(223,'id_ID','affiliation',0,0,'','string'),(223,'','orcid',0,0,'','string'),(224,'id_ID','biography',0,0,'','string'),(224,'id_ID','signature',0,0,'','string'),(224,'id_ID','affiliation',0,0,'STKIP MUHAMMADIYAH PAGARALAM','string'),(224,'','orcid',0,0,'','string'),(225,'id_ID','biography',0,0,'','string'),(225,'id_ID','signature',0,0,'','string'),(225,'id_ID','affiliation',0,0,'Stkip muhammadiyah pagaralam','string'),(225,'','orcid',0,0,'','string'),(226,'en_US','biography',0,0,'','string'),(226,'en_US','signature',0,0,'','string'),(226,'en_US','affiliation',0,0,'stkip muhammdiyah pagaralam','string'),(226,'','orcid',0,0,'','string'),(227,'id_ID','biography',0,0,'','string'),(227,'id_ID','signature',0,0,'','string'),(227,'id_ID','affiliation',0,0,'stkip muhammadiyah pagaralam','string'),(227,'','orcid',0,0,'','string'),(228,'id_ID','biography',0,0,'','string'),(228,'id_ID','signature',0,0,'','string'),(228,'id_ID','affiliation',0,0,'STKIP MUHAMMADIYAH PAGAR ALAM','string'),(228,'','orcid',0,0,'','string'),(229,'id_ID','biography',0,0,'','string'),(229,'id_ID','signature',0,0,'','string'),(229,'id_ID','affiliation',0,0,'STKIP Muhammadiyah Pagaralam','string'),(229,'','orcid',0,0,'','string'),(230,'id_ID','biography',0,0,'','string'),(230,'id_ID','signature',0,0,'','string'),(230,'id_ID','affiliation',0,0,'stkip muhammadiyah pagaralam','string'),(230,'','orcid',0,0,'','string'),(231,'id_ID','biography',0,0,'','string'),(231,'id_ID','signature',0,0,'','string'),(231,'id_ID','affiliation',0,0,'STKIP Muhammadiyah Pagaralam','string'),(231,'','orcid',0,0,'','string'),(232,'id_ID','biography',0,0,'','string'),(232,'id_ID','signature',0,0,'','string'),(232,'id_ID','affiliation',0,0,'stkip muhammadiyah pagaralam','string'),(232,'','orcid',0,0,'','string'),(233,'id_ID','biography',0,0,'','string'),(233,'id_ID','signature',0,0,'','string'),(233,'id_ID','affiliation',0,0,'UAD','string'),(233,'','orcid',0,0,'','string'),(234,'id_ID','biography',0,0,'','string'),(234,'id_ID','signature',0,0,'','string'),(234,'id_ID','affiliation',0,0,'STKIP MUHAMMADIYAH PAGARALAM','string'),(234,'','orcid',0,0,'','string'),(235,'id_ID','biography',0,0,'','string'),(235,'id_ID','signature',0,0,'Jl. Joglo Baru No.77 Kembangan','string'),(235,'id_ID','affiliation',0,0,'MAN 10 JAKARTA','string'),(235,'','orcid',0,0,'','string'),(236,'id_ID','biography',0,0,'','string'),(236,'id_ID','signature',0,0,'','string'),(236,'id_ID','affiliation',0,0,'STKIP Muhammadiyah pagaralam','string'),(236,'','orcid',0,0,'','string'),(237,'id_ID','biography',0,0,'','string'),(237,'id_ID','signature',0,0,'','string'),(237,'id_ID','affiliation',0,0,'STKIP Muhammadiyah pagaralam','string'),(237,'','orcid',0,0,'','string'),(238,'id_ID','biography',0,0,'','string'),(238,'id_ID','signature',0,0,'','string'),(238,'id_ID','affiliation',0,0,'STKIP PGRI Tulungagung','string'),(238,'','orcid',0,0,'','string'),(239,'id_ID','biography',0,0,'','string'),(239,'id_ID','signature',0,0,'','string'),(239,'id_ID','affiliation',0,0,'STKIP Muhammadiyah','string'),(239,'','orcid',0,0,'','string'),(240,'id_ID','biography',0,0,'','string'),(240,'id_ID','signature',0,0,'','string'),(240,'id_ID','affiliation',0,0,'STKIP MUHAMMADYAH PAGARALAM','string'),(240,'','orcid',0,0,'','string'),(241,'id_ID','biography',0,0,'','string'),(241,'id_ID','signature',0,0,'','string'),(241,'id_ID','affiliation',0,0,'PASCA UHAMKA','string'),(241,'','orcid',0,0,'','string'),(242,'id_ID','biography',0,0,'','string'),(242,'id_ID','signature',0,0,'','string'),(242,'id_ID','affiliation',0,0,'mahasiswa pasca sarjana uhamka','string'),(242,'','orcid',0,0,'','string'),(243,'id_ID','biography',0,0,'','string'),(243,'id_ID','signature',0,0,'','string'),(243,'id_ID','affiliation',0,0,'Mahasiswa Pasca UHAMKA','string'),(243,'','orcid',0,0,'','string'),(244,'id_ID','biography',0,0,'','string'),(244,'id_ID','signature',0,0,'','string'),(244,'id_ID','affiliation',0,0,'mahasiswa pascasarjana','string'),(244,'','orcid',0,0,'','string'),(245,'id_ID','biography',0,0,'UHAMKA','string'),(245,'id_ID','signature',0,0,'','string'),(245,'id_ID','affiliation',0,0,'pascasarjana UHAMKA','string'),(245,'','orcid',0,0,'','string'),(246,'id_ID','biography',0,0,'','string'),(246,'id_ID','signature',0,0,'','string'),(246,'id_ID','affiliation',0,0,'Mahasiswa Pascasarjana UHAMKA','string'),(246,'','orcid',0,0,'','string'),(247,'id_ID','biography',0,0,'','string'),(247,'id_ID','signature',0,0,'','string'),(247,'id_ID','affiliation',0,0,'pasca sarjana uhamka','string'),(247,'','orcid',0,0,'','string'),(248,'id_ID','biography',0,0,'','string'),(248,'id_ID','signature',0,0,'','string'),(248,'id_ID','affiliation',0,0,'UHAMKA SPs','string'),(248,'','orcid',0,0,'','string'),(249,'id_ID','biography',0,0,'Guru SMKN 12 Kabupaten Tangerang','string'),(249,'id_ID','signature',0,0,'','string'),(249,'id_ID','affiliation',0,0,'','string'),(249,'','orcid',0,0,'','string'),(250,'id_ID','biography',0,0,'','string'),(250,'id_ID','signature',0,0,'','string'),(250,'id_ID','affiliation',0,0,'Pascasarjana Universitas Muhammadiyah Prof.DR.HAMKA','string'),(250,'','orcid',0,0,'','string'),(251,'id_ID','biography',0,0,'','string'),(251,'id_ID','signature',0,0,'','string'),(251,'id_ID','affiliation',0,0,'','string'),(251,'','orcid',0,0,'','string'),(252,'id_ID','biography',0,0,'','string'),(252,'id_ID','signature',0,0,'','string'),(252,'id_ID','affiliation',0,0,'Mahasiswa Pascasarjan UHAMKA','string'),(252,'','orcid',0,0,'','string'),(253,'id_ID','biography',0,0,'','string'),(253,'id_ID','signature',0,0,'','string'),(253,'id_ID','affiliation',0,0,'','string'),(253,'','orcid',0,0,'','string'),(254,'id_ID','biography',0,0,'','string'),(254,'id_ID','signature',0,0,'','string'),(254,'id_ID','affiliation',0,0,'STKIP Muhammadiyah Pagaralam','string'),(254,'','orcid',0,0,'','string'),(255,'id_ID','biography',0,0,'','string'),(255,'id_ID','signature',0,0,'','string'),(255,'id_ID','affiliation',0,0,'','string'),(255,'','orcid',0,0,'','string'),(256,'id_ID','biography',0,0,'','string'),(256,'id_ID','signature',0,0,'','string'),(256,'id_ID','affiliation',0,0,'','string'),(256,'','orcid',0,0,'','string'),(75,'','filterSection',256,2,'0','int'),(257,'id_ID','biography',0,0,'','string'),(257,'id_ID','signature',0,0,'','string'),(257,'id_ID','affiliation',0,0,'Universitas PGRI Semarang','string'),(257,'','orcid',0,0,'','string'),(258,'id_ID','biography',0,0,'Google Scholar: https://scholar.google.co.id/citations?user=JqPwO5YAAAAJ&hl=id \r\nSINTA ID- 231628: http://sinta2.ristekdikti.go.id/authors/detail?id=231628&view=overview','string'),(258,'id_ID','signature',0,0,'Jurusan Tadris Matematika Fakultas Ilmu Tarbiyah dan Keguruan','string'),(258,'id_ID','affiliation',0,0,'IAIN Syekh Nurjati Cirebon','string'),(258,'','orcid',0,0,'http://orcid.org/0000-0002-8527-7660','string'),(258,'','profileImage',256,0,'a:5:{s:4:\"name\";s:13:\"citations.jpg\";s:10:\"uploadName\";s:20:\"profileImage-258.jpg\";s:5:\"width\";i:91;s:6:\"height\";i:128;s:12:\"dateUploaded\";s:19:\"2018-08-16 14:01:37\";}','object'),(259,'id_ID','biography',0,0,'','string'),(259,'id_ID','signature',0,0,'riana intan safitri','string'),(259,'id_ID','affiliation',0,0,'Universitas Kristen Satya Wacana','string'),(259,'','orcid',0,0,'','string'),(259,'en_US','biography',0,0,'','string'),(259,'en_US','signature',0,0,'','string'),(259,'en_US','affiliation',0,0,'','string'),(260,'id_ID','biography',0,0,'','string'),(260,'id_ID','signature',0,0,'','string'),(260,'id_ID','affiliation',0,0,'Universitas Madura','string'),(260,'','orcid',0,0,'','string'),(261,'id_ID','biography',0,0,'','string'),(261,'id_ID','signature',0,0,'','string'),(261,'id_ID','affiliation',0,0,'Politeknik Negeri Sriwijaya','string'),(261,'','orcid',0,0,'','string'),(262,'id_ID','biography',0,0,'','string'),(262,'id_ID','signature',0,0,'','string'),(262,'id_ID','affiliation',0,0,'Fakultas Ilmu Pendidikan - Matematika','string'),(262,'','orcid',0,0,'','string'),(263,'id_ID','biography',0,0,'Pendidikan Matematika FKIP','string'),(263,'id_ID','signature',0,0,'','string'),(263,'id_ID','affiliation',0,0,'Universitas Pasir Pengaraian','string'),(263,'','orcid',0,0,'','string'),(264,'id_ID','biography',0,0,'','string'),(264,'id_ID','signature',0,0,'','string'),(264,'id_ID','affiliation',0,0,'STAIN Gajah Putih Takengon','string'),(264,'','orcid',0,0,'','string'),(265,'id_ID','biography',0,0,'','string'),(265,'id_ID','signature',0,0,'','string'),(265,'id_ID','affiliation',0,0,'Universitas PGRI Banyuwangi','string'),(265,'','orcid',0,0,'','string'),(266,'id_ID','biography',0,0,'','string'),(266,'id_ID','signature',0,0,'','string'),(266,'id_ID','affiliation',0,0,'Universitas PGRI Banyuwangi','string'),(266,'','orcid',0,0,'','string'),(267,'id_ID','biography',0,0,'','string'),(267,'id_ID','signature',0,0,'','string'),(267,'id_ID','affiliation',0,0,'UIN Sunan Gunung Djati','string'),(267,'','orcid',0,0,'','string'),(268,'id_ID','biography',0,0,'<p>Universitas PGRI Semarang</p>','string'),(268,'id_ID','signature',0,0,'<p>-</p>','string'),(268,'id_ID','affiliation',0,0,'Universitas PGRI Semarang','string'),(268,'','orcid',0,0,'http://orcid.org/0000-0001-6739-8752','string'),(269,'id_ID','biography',0,0,'','string'),(269,'id_ID','signature',0,0,'','string'),(269,'id_ID','affiliation',0,0,'UIN SGD Bandung','string'),(269,'','orcid',0,0,'','string'),(270,'id_ID','biography',0,0,'Mathematics Education Department','string'),(270,'id_ID','signature',0,0,'','string'),(270,'id_ID','affiliation',0,0,'Universitas Islam Sultan Agung','string'),(270,'','orcid',0,0,'','string'),(271,'id_ID','biography',0,0,'','string'),(271,'id_ID','signature',0,0,'','string'),(271,'id_ID','affiliation',0,0,'','string'),(271,'','orcid',0,0,'','string'),(272,'id_ID','biography',0,0,'asw','string'),(272,'id_ID','signature',0,0,'asw','string'),(272,'id_ID','affiliation',0,0,'asw','string'),(272,'','orcid',0,0,'','string'),(273,'id_ID','biography',0,0,'mahasiswa','string'),(273,'id_ID','signature',0,0,'','string'),(273,'id_ID','affiliation',0,0,'','string'),(273,'','orcid',0,0,'','string'),(274,'id_ID','biography',0,0,'','string'),(274,'id_ID','signature',0,0,'','string'),(274,'id_ID','affiliation',0,0,'Universitas Swadaya Gunung Djati','string'),(274,'','orcid',0,0,'','string'),(275,'id_ID','biography',0,0,'','string'),(275,'id_ID','signature',0,0,'','string'),(275,'id_ID','affiliation',0,0,'Universitas Negeri Malang','string'),(275,'','orcid',0,0,'','string'),(276,'id_ID','biography',0,0,'','string'),(276,'id_ID','signature',0,0,'jj','string'),(276,'id_ID','affiliation',0,0,'uhamka','string'),(276,'','orcid',0,0,'','string'),(277,'id_ID','biography',0,0,'Mahasiswa Pendidikan Matematika FKIP UHAMKA','string'),(277,'id_ID','signature',0,0,'','string'),(277,'id_ID','affiliation',0,0,'UHAMKA','string'),(277,'','orcid',0,0,'','string'),(278,'id_ID','biography',0,0,'','string'),(278,'id_ID','signature',0,0,'','string'),(278,'id_ID','affiliation',0,0,'Universitas Syiah Kuala','string'),(278,'','orcid',0,0,'','string'),(279,'id_ID','biography',0,0,'','string'),(279,'id_ID','signature',0,0,'Alfa Charisma','string'),(279,'id_ID','affiliation',0,0,'STKIP Kristen Wamena','string'),(279,'','orcid',0,0,'http://orcid.org/0000-0001-9228-4298','string'),(280,'id_ID','biography',0,0,'','string'),(280,'id_ID','signature',0,0,'','string'),(280,'id_ID','affiliation',0,0,'Universitas Muhammadiyah Parepare','string'),(280,'','orcid',0,0,'','string'),(281,'id_ID','biography',0,0,'Departemen Pendidikan Matematika','string'),(281,'id_ID','signature',0,0,'','string'),(281,'id_ID','affiliation',0,0,'IKIP Mataram','string'),(281,'','orcid',0,0,'','string'),(282,'id_ID','biography',0,0,'','string'),(282,'id_ID','signature',0,0,'','string'),(282,'id_ID','affiliation',0,0,'Pendidikan Matematika FKIP UNIPMA','string'),(282,'','orcid',0,0,'','string'),(283,'id_ID','biography',0,0,'','string'),(283,'id_ID','signature',0,0,'','string'),(283,'id_ID','affiliation',0,0,'','string'),(283,'','orcid',0,0,'','string'),(284,'id_ID','biography',0,0,'','string'),(284,'id_ID','signature',0,0,'','string'),(284,'id_ID','affiliation',0,0,'UHAMKA','string'),(284,'','orcid',0,0,'','string'),(285,'id_ID','biography',0,0,'','string'),(285,'id_ID','signature',0,0,'','string'),(285,'id_ID','affiliation',0,0,'','string'),(285,'','orcid',0,0,'','string'),(286,'id_ID','biography',0,0,'','string'),(286,'id_ID','signature',0,0,'','string'),(286,'id_ID','affiliation',0,0,'Universitas Batanghari Jambi','string'),(286,'','orcid',0,0,'','string'),(287,'id_ID','biography',0,0,'','string'),(287,'id_ID','signature',0,0,'','string'),(287,'id_ID','affiliation',0,0,'Universitas Muhammadiyah Tangerang','string'),(287,'','orcid',0,0,'','string'),(288,'id_ID','biography',0,0,'','string'),(288,'id_ID','signature',0,0,'','string'),(288,'id_ID','affiliation',0,0,'UNRI','string'),(288,'','orcid',0,0,'','string'),(289,'id_ID','biography',0,0,'Pendidikan Matematika','string'),(289,'id_ID','signature',0,0,'','string'),(289,'id_ID','affiliation',0,0,'Universitas Sebelas Maret','string'),(289,'','orcid',0,0,'http://orcid.org/0000-0001-9964-6693','string'),(290,'id_ID','biography',0,0,'','string'),(290,'id_ID','signature',0,0,'','string'),(290,'id_ID','affiliation',0,0,'STKIP Pamane Talino','string'),(290,'','orcid',0,0,'','string'),(291,'id_ID','biography',0,0,'','string'),(291,'id_ID','signature',0,0,'','string'),(291,'id_ID','affiliation',0,0,'Universitas Islam Darul Ulum','string'),(291,'','orcid',0,0,'','string'),(292,'id_ID','biography',0,0,'dosen bidang matematika\r\nfakultas teknik\r\njurusan teknik mesin','string'),(292,'id_ID','signature',0,0,'','string'),(292,'id_ID','affiliation',0,0,'Universitas Borneo Tarakan','string'),(292,'','orcid',0,0,'','string'),(293,'id_ID','biography',0,0,'','string'),(293,'id_ID','signature',0,0,'','string'),(293,'id_ID','affiliation',0,0,'Universitas Muhammadiyah Palembang','string'),(293,'','orcid',0,0,'http://orcid.org/0000-0001-8252-0445','string'),(294,'id_ID','biography',0,0,'','string'),(294,'id_ID','signature',0,0,'','string'),(294,'id_ID','affiliation',0,0,'','string'),(294,'','orcid',0,0,'','string'),(295,'id_ID','biography',0,0,'staf pengajar di kopeertis wilayah 1 dpk stkip budi daya binjai','string'),(295,'id_ID','signature',0,0,'','string'),(295,'id_ID','affiliation',0,0,'sekolah tinggi keguruandan ilmu pendidikan budi daya binjai','string'),(295,'','orcid',0,0,'','string'),(296,'id_ID','biography',0,0,'Nurul Rahmawati unur 24 Tahun','string'),(296,'id_ID','signature',0,0,'','string'),(296,'id_ID','affiliation',0,0,'Universitas Indraprasta PGRI','string'),(296,'','orcid',0,0,'','string'),(297,'id_ID','biography',0,0,'','string'),(297,'id_ID','signature',0,0,'','string'),(297,'id_ID','affiliation',0,0,'Universitas Sultan Ageng Tirtayasa','string'),(297,'','orcid',0,0,'','string'),(298,'id_ID','biography',0,0,'','string'),(298,'id_ID','signature',0,0,'','string'),(298,'id_ID','affiliation',0,0,'Al Hikmah Teacher Institute','string'),(298,'','orcid',0,0,'','string'),(299,'id_ID','biography',0,0,'','string'),(299,'id_ID','signature',0,0,'','string'),(299,'id_ID','affiliation',0,0,'Universitas Amikom Yogyakarta','string'),(299,'','orcid',0,0,'','string'),(300,'id_ID','biography',0,0,'','string'),(300,'id_ID','signature',0,0,'','string'),(300,'id_ID','affiliation',0,0,'UNIVERSITAS LAMPUNG','string'),(300,'','orcid',0,0,'','string'),(301,'id_ID','biography',0,0,'','string'),(301,'id_ID','signature',0,0,'','string'),(301,'id_ID','affiliation',0,0,'Universitas Islam Negeri Raden Fatah Palembang','string'),(301,'','orcid',0,0,'','string'),(302,'id_ID','biography',0,0,'','string'),(302,'id_ID','signature',0,0,'Hormat Saya,\r\nFitria Meini Sari, S.Pd','string'),(302,'id_ID','affiliation',0,0,'','string'),(302,'','orcid',0,0,'','string'),(303,'id_ID','biography',0,0,'','string'),(303,'id_ID','signature',0,0,'','string'),(303,'id_ID','affiliation',0,0,'','string'),(303,'','orcid',0,0,'','string'),(304,'id_ID','biography',0,0,'','string'),(304,'id_ID','signature',0,0,'','string'),(304,'id_ID','affiliation',0,0,'Universitas Indraprasta PGRI','string'),(304,'','orcid',0,0,'','string'),(305,'id_ID','biography',0,0,'Lian Hendi Saputra lahir di nganjuk, jawa timur pada 7 januari 1996 adalah mahasiswa dari UN PGRI Kedir,i dengan program study Pendidikan Matematika.','string'),(305,'id_ID','signature',0,0,'','string'),(305,'id_ID','affiliation',0,0,'','string'),(305,'','orcid',0,0,'','string'),(306,'id_ID','biography',0,0,'Pendidikan Matematika','string'),(306,'id_ID','signature',0,0,'','string'),(306,'id_ID','affiliation',0,0,'Universitas Sultan Ageng Tirtayasa','string'),(306,'','orcid',0,0,'http://orcid.org/0000-0002-2968-4990','string'),(307,'id_ID','biography',0,0,'Kementerian Agama, Guru','string'),(307,'id_ID','signature',0,0,'','string'),(307,'id_ID','affiliation',0,0,'Uniiversitas Sultan Ageng Tirtayasa','string'),(307,'','orcid',0,0,'http://orcid.org/0000-0002-0339-2543','string'),(308,'id_ID','biography',0,0,'','string'),(308,'id_ID','signature',0,0,'','string'),(308,'id_ID','affiliation',0,0,'Universitas Sultan Ageng Tirtayasa - Serang-Banten','string'),(308,'','orcid',0,0,'','string'),(309,'id_ID','biography',0,0,'Matematika','string'),(309,'id_ID','signature',0,0,'','string'),(309,'id_ID','affiliation',0,0,'Universitas Negeri Gorontalo','string'),(309,'','orcid',0,0,'','string'),(310,'id_ID','biography',0,0,'Mahasiswa','string'),(310,'id_ID','signature',0,0,'','string'),(310,'id_ID','affiliation',0,0,'Universitas PGRI Yogyakarta','string'),(310,'','orcid',0,0,'','string'),(311,'id_ID','biography',0,0,'','string'),(311,'id_ID','signature',0,0,'','string'),(311,'id_ID','affiliation',0,0,'Universitas Muhammadiyah Surakarta','string'),(311,'','orcid',0,0,'','string'),(312,'id_ID','biography',0,0,'Mahasiswa pasca sarjana Universitas Sultan Ageng Tirtayasa','string'),(312,'en_US','biography',0,0,'','string'),(312,'id_ID','signature',0,0,'','string'),(312,'en_US','signature',0,0,'','string'),(312,'id_ID','affiliation',0,0,'','string'),(312,'en_US','affiliation',0,0,'','string'),(312,'','orcid',0,0,'','string'),(313,'id_ID','biography',0,0,'','string'),(313,'id_ID','signature',0,0,'','string'),(313,'id_ID','affiliation',0,0,'Universitas Muhammadiyah Surakarta','string'),(313,'','orcid',0,0,'','string'),(314,'id_ID','biography',0,0,'','string'),(314,'id_ID','signature',0,0,'','string'),(314,'id_ID','affiliation',0,0,'Universitas muhammadiyah surakarta','string'),(314,'','orcid',0,0,'','string'),(315,'id_ID','biography',0,0,'','string'),(315,'id_ID','signature',0,0,'','string'),(315,'id_ID','affiliation',0,0,'','string'),(315,'','orcid',0,0,'','string'),(316,'id_ID','biography',0,0,'','string'),(316,'id_ID','signature',0,0,'','string'),(316,'id_ID','affiliation',0,0,'Universitas Sultan Ageng Tirtayasa - UNTIRTA','string'),(316,'','orcid',0,0,'','string'),(317,'id_ID','biography',0,0,'Mahasiswa','string'),(317,'id_ID','signature',0,0,'','string'),(317,'id_ID','affiliation',0,0,'UPY','string'),(317,'','orcid',0,0,'','string'),(318,'id_ID','biography',0,0,'','string'),(318,'id_ID','signature',0,0,'','string'),(318,'id_ID','affiliation',0,0,'UNIVERSITAS AMIKOM YOGYAKARTA','string'),(318,'','orcid',0,0,'','string'),(319,'id_ID','biography',0,0,'','string'),(319,'id_ID','signature',0,0,'','string'),(319,'id_ID','affiliation',0,0,'Universitas Muhammadiyah Surakarta','string'),(319,'','orcid',0,0,'','string'),(320,'id_ID','biography',0,0,'','string'),(320,'id_ID','signature',0,0,'','string'),(320,'id_ID','affiliation',0,0,'IKIP Budi Utomo Malang','string'),(320,'','orcid',0,0,'','string'),(321,'id_ID','biography',0,0,'Departement PSDM sebagai Anggota','string'),(321,'id_ID','signature',0,0,'','string'),(321,'id_ID','affiliation',0,0,'Universitas AMIKOM Yogyakarta','string'),(321,'','orcid',0,0,'','string'),(322,'id_ID','biography',0,0,'','string'),(322,'id_ID','signature',0,0,'','string'),(322,'id_ID','affiliation',0,0,'','string'),(322,'','orcid',0,0,'','string'),(323,'id_ID','biography',0,0,'pendidikan matematika agkatan 2013','string'),(323,'id_ID','signature',0,0,'pendidikan matematika','string'),(323,'id_ID','affiliation',0,0,'UNIVERSITAS MUHAMMADIYAH SURAKARTA','string'),(323,'','orcid',0,0,'','string'),(324,'id_ID','biography',0,0,'','string'),(324,'id_ID','signature',0,0,'','string'),(324,'id_ID','affiliation',0,0,'','string'),(324,'','orcid',0,0,'','string'),(325,'id_ID','biography',0,0,'','string'),(325,'id_ID','signature',0,0,'','string'),(325,'id_ID','affiliation',0,0,'','string'),(325,'','orcid',0,0,'','string'),(326,'id_ID','biography',0,0,'Pendidikan Matematika, Ketua Program Studi','string'),(326,'id_ID','signature',0,0,'EVI','string'),(326,'id_ID','affiliation',0,0,'STKIP Bina Insan Mandiri','string'),(326,'','orcid',0,0,'','string'),(327,'id_ID','biography',0,0,'Pendidikan Matematika\r\nMatematika\r\nAktuaria','string'),(327,'id_ID','signature',0,0,'','string'),(327,'id_ID','affiliation',0,0,'Universitas Tamansiswa Padang','string'),(327,'','orcid',0,0,'','string'),(328,'id_ID','biography',0,0,'','string'),(328,'id_ID','signature',0,0,'','string'),(328,'id_ID','affiliation',0,0,'Universitas Syiah Kuala-UNSYIAH','string'),(328,'','orcid',0,0,'','string'),(329,'id_ID','biography',0,0,'','string'),(329,'id_ID','signature',0,0,'','string'),(329,'id_ID','affiliation',0,0,'','string'),(329,'','orcid',0,0,'','string'),(330,'id_ID','biography',0,0,'','string'),(330,'id_ID','signature',0,0,'','string'),(330,'id_ID','affiliation',0,0,'','string'),(330,'','orcid',0,0,'','string'),(331,'id_ID','biography',0,0,'','string'),(331,'id_ID','signature',0,0,'','string'),(331,'id_ID','affiliation',0,0,'','string'),(331,'','orcid',0,0,'','string'),(332,'id_ID','biography',0,0,'Prodi Pendidikan Matematika\r\nLektor Kepala','string'),(332,'id_ID','signature',0,0,'','string'),(332,'id_ID','affiliation',0,0,'Universitas Islam Negeri Ar-Raniry Banda Aceh','string'),(332,'','orcid',0,0,'http://orcid.org/0000-0001-6906-1651','string'),(333,'id_ID','biography',0,0,'','string'),(333,'id_ID','signature',0,0,'','string'),(333,'id_ID','affiliation',0,0,'FKIP UHAMKA','string'),(333,'','orcid',0,0,'','string'),(334,'id_ID','biography',0,0,'','string'),(334,'id_ID','signature',0,0,'','string'),(334,'id_ID','affiliation',0,0,'Pasca Sarjana Pendidikan Matematika Unsyiah','string'),(334,'','orcid',0,0,'','string'),(335,'id_ID','biography',0,0,'Kaprodi Pendidikan Matematika UPY','string'),(335,'id_ID','signature',0,0,'','string'),(335,'id_ID','affiliation',0,0,'Universitas PGRI Yogyakarta','string'),(335,'','orcid',0,0,'','string'),(336,'id_ID','biography',0,0,'Dosen di Prodi Teknik Informatika','string'),(336,'id_ID','signature',0,0,'','string'),(336,'id_ID','affiliation',0,0,'Universitas Buana Perjuangan Karawang','string'),(336,'','orcid',0,0,'','string'),(337,'id_ID','biography',0,0,'Pendidikan Matematika, Universitas Ahmad Dahlan\r\n\r\n<a href=\"https://www.scopus.com/authid/detail.uri?authorId=57192302745\">SCOPUSID: 57192302745</a>\r\n\r\n<a href=\"https://scholar.google.co.id/citations?hl=id&user=e_ydGGIAAAAJ\">Google Scholar ID</a>','string'),(337,'id_ID','signature',0,0,'','string'),(337,'id_ID','affiliation',0,0,'(SCOPUSID: 57192302745), Universitas Ahmad Dahlan, Yogyakarta','string'),(337,'','orcid',0,0,'http://orcid.org/0000-0002-9406-689X','string'),(338,'id_ID','biography',0,0,'','string'),(338,'id_ID','signature',0,0,'','string'),(338,'id_ID','affiliation',0,0,'IKIP Siliwangi','string'),(338,'','orcid',0,0,'','string'),(339,'id_ID','biography',0,0,'','string'),(339,'id_ID','signature',0,0,'','string'),(339,'id_ID','affiliation',0,0,'','string'),(339,'','orcid',0,0,'','string'),(340,'id_ID','biography',0,0,'','string'),(340,'id_ID','signature',0,0,'','string'),(340,'id_ID','affiliation',0,0,'STKIP PGRI NGAWI','string'),(340,'','orcid',0,0,'','string'),(341,'id_ID','biography',0,0,'','string'),(341,'id_ID','signature',0,0,'','string'),(341,'id_ID','affiliation',0,0,'UIN Sunan Gunung Djati, Bandung, Indonesia','string'),(341,'','orcid',0,0,'','string'),(342,'id_ID','biography',0,0,'','string'),(342,'id_ID','signature',0,0,'','string'),(342,'id_ID','affiliation',0,0,'Univesitas Negeri Medan, Indonesia','string'),(342,'','orcid',0,0,'','string'),(343,'id_ID','biography',0,0,'','string'),(343,'id_ID','signature',0,0,'','string'),(343,'id_ID','affiliation',0,0,'Universitas Pasundan, Bandung, Indonesia','string'),(343,'','orcid',0,0,'','string'),(344,'id_ID','biography',0,0,'','string'),(344,'id_ID','signature',0,0,'','string'),(344,'id_ID','affiliation',0,0,'Universitas Swadaya Gunung Jati Cirebon','string'),(344,'','orcid',0,0,'','string'),(345,'id_ID','biography',0,0,'','string'),(345,'id_ID','signature',0,0,'','string'),(345,'id_ID','affiliation',0,0,'Universitas PGRI Semarang','string'),(345,'','orcid',0,0,'','string'),(346,'id_ID','biography',0,0,'','string'),(346,'id_ID','signature',0,0,'','string'),(346,'id_ID','affiliation',0,0,'IAIN Jember','string'),(346,'','orcid',0,0,'','string'),(347,'id_ID','biography',0,0,'','string'),(347,'id_ID','signature',0,0,'','string'),(347,'id_ID','affiliation',0,0,'Universitas Swadaya Gunung Jati','string'),(347,'','orcid',0,0,'','string'),(348,'id_ID','biography',0,0,'','string'),(348,'id_ID','signature',0,0,'','string'),(348,'id_ID','affiliation',0,0,'Universitas Sriwijaya','string'),(348,'','orcid',0,0,'','string'),(349,'id_ID','biography',0,0,'','string'),(349,'id_ID','signature',0,0,'','string'),(349,'id_ID','affiliation',0,0,'Universitas Islam Sumatera Utara','string'),(349,'','orcid',0,0,'','string'),(350,'id_ID','biography',0,0,'S1','string'),(350,'id_ID','signature',0,0,'UGJ','string'),(350,'id_ID','affiliation',0,0,'Universitas Swadaya Gunung Jati Cirebon','string'),(350,'','orcid',0,0,'','string'),(351,'id_ID','biography',0,0,'','string'),(351,'id_ID','signature',0,0,'','string'),(351,'id_ID','affiliation',0,0,'Universitas Siliwangi','string'),(351,'','orcid',0,0,'','string'),(352,'id_ID','biography',0,0,'','string'),(352,'id_ID','signature',0,0,'','string'),(352,'id_ID','affiliation',0,0,'Universitas PGRI Adi Buana Surabaya','string'),(352,'','orcid',0,0,'','string'),(353,'id_ID','biography',0,0,'','string'),(353,'id_ID','signature',0,0,'','string'),(353,'id_ID','affiliation',0,0,'Pendidikan Matematika - FKIP UHAMKA','string'),(353,'','orcid',0,0,'','string'),(354,'id_ID','biography',0,0,'','string'),(354,'id_ID','signature',0,0,'','string'),(354,'id_ID','affiliation',0,0,'Universitas Muhammadiyah Prof. Dr. HAMKA','string'),(354,'','orcid',0,0,'http://orcid.org/0000-0002-8417-466X','string'),(355,'id_ID','biography',0,0,'','string'),(355,'id_ID','signature',0,0,'','string'),(355,'id_ID','affiliation',0,0,'Universitas Suryakancana - UNSUR','string'),(355,'','orcid',0,0,'','string'),(356,'id_ID','biography',0,0,'','string'),(356,'id_ID','signature',0,0,'','string'),(356,'id_ID','affiliation',0,0,'Universitas Suryakancana - UNSUR','string'),(356,'','orcid',0,0,'','string'),(357,'id_ID','biography',0,0,'','string'),(357,'id_ID','signature',0,0,'','string'),(357,'id_ID','affiliation',0,0,'Universitas Suryakancana - UNSUR','string'),(357,'','orcid',0,0,'','string'),(1,'en_US','givenName',0,0,'Krisna Satrio','string'),(2,'en_US','givenName',0,0,'Krisna Satrio','string'),(3,'en_US','givenName',0,0,'Risqi','string'),(4,'en_US','givenName',0,0,'Agusmanto J.B.','string'),(5,'en_US','givenName',0,0,'Edi','string'),(6,'en_US','givenName',0,0,'Ishaq','string'),(7,'en_US','givenName',0,0,'Trisna Roy','string'),(8,'en_US','givenName',0,0,'Samsul','string'),(9,'en_US','givenName',0,0,'Hella','string'),(10,'en_US','givenName',0,0,'Bagus Ardi','string'),(11,'en_US','givenName',0,0,'Sigid Edy','string'),(12,'en_US','givenName',0,0,'Wahid','string'),(13,'en_US','givenName',0,0,'Wahyu','string'),(14,'en_US','givenName',0,0,'Risqi','string'),(15,'en_US','givenName',0,0,'Muchamad Subali','string'),(16,'en_US','givenName',0,0,'siti','string'),(17,'en_US','givenName',0,0,'Bety','string'),(18,'en_US','givenName',0,0,'Indah Puspita','string'),(19,'en_US','givenName',0,0,'Yoppy Wahyu','string'),(20,'en_US','givenName',0,0,'Buhaerah','string'),(21,'en_US','givenName',0,0,'Delsika Pramata','string'),(22,'en_US','givenName',0,0,'suwarno','string'),(23,'en_US','givenName',0,0,'yenni -','string'),(24,'en_US','givenName',0,0,'Khoerul','string'),(25,'en_US','givenName',0,0,'Windia','string'),(26,'en_US','givenName',0,0,'Alpha Galih','string'),(27,'en_US','givenName',0,0,'saluky','string'),(28,'en_US','givenName',0,0,'Hikmatul','string'),(29,'en_US','givenName',0,0,'asdar','string'),(30,'en_US','givenName',0,0,'arifuddin uddin','string'),(31,'en_US','givenName',0,0,'Contoh Nama','string'),(32,'en_US','givenName',0,0,'iswanto sakdi','string'),(33,'en_US','givenName',0,0,'Meyta Dwi','string'),(34,'en_US','givenName',0,0,'Isnani Fitri','string'),(35,'en_US','givenName',0,0,'Achmad','string'),(36,'en_US','givenName',0,0,'Nurafni','string'),(37,'en_US','givenName',0,0,'Ramlan','string'),(38,'en_US','givenName',0,0,'sri','string'),(39,'en_US','givenName',0,0,'Trian Pamungkas','string'),(40,'en_US','givenName',0,0,'Rizki Dwi','string'),(41,'en_US','givenName',0,0,'Nyiayu Fahriza','string'),(42,'en_US','givenName',0,0,'Enditiyas','string'),(43,'en_US','givenName',0,0,'Isna','string'),(44,'en_US','givenName',0,0,'Mahyudi','string'),(45,'en_US','givenName',0,0,'Ayu fudin','string'),(46,'en_US','givenName',0,0,'Aulia Ar Rakhman','string'),(47,'en_US','givenName',0,0,'Mu\'jizatin','string'),(48,'en_US','givenName',0,0,'Mia Tri','string'),(49,'en_US','givenName',0,0,'Hesty','string'),(50,'en_US','givenName',0,0,'Ek Ajeng','string'),(51,'en_US','givenName',0,0,'muh','string'),(52,'en_US','givenName',0,0,'Noufal Akmal','string'),(53,'en_US','givenName',0,0,'erdawati','string'),(54,'en_US','givenName',0,0,'Andi Saparuddin','string'),(55,'en_US','givenName',0,0,'hasratuddin','string'),(56,'en_US','givenName',0,0,'Muzanip','string'),(57,'en_US','givenName',0,0,'Didi','string'),(58,'en_US','givenName',0,0,'Maximus -','string'),(59,'en_US','givenName',0,0,'FIKI','string'),(60,'en_US','givenName',0,0,'Memen Permata','string'),(61,'en_US','givenName',0,0,'Getut','string'),(62,'en_US','givenName',0,0,'kartinah','string'),(63,'en_US','givenName',0,0,'ANDI MULAWAKKAN','string'),(64,'en_US','givenName',0,0,'Hayatun','string'),(65,'en_US','givenName',0,0,'Nok izatul','string'),(66,'en_US','givenName',0,0,'yunis -','string'),(67,'en_US','givenName',0,0,'Leonard','string'),(68,'en_US','givenName',0,0,'kusaeri','string'),(69,'en_US','givenName',0,0,'Yeti','string'),(70,'en_US','givenName',0,0,'angga','string'),(71,'en_US','givenName',0,0,'Resa Septiani','string'),(72,'en_US','givenName',0,0,'Budi','string'),(73,'en_US','givenName',0,0,'Sowanto','string'),(74,'en_US','givenName',0,0,'Lukman','string'),(75,'en_US','givenName',0,0,'Yulyanti','string'),(76,'en_US','givenName',0,0,'Asep','string'),(77,'en_US','givenName',0,0,'Nita','string'),(78,'en_US','givenName',0,0,'Jero Budi','string'),(79,'en_US','givenName',0,0,'Fery Muhamad','string'),(80,'en_US','givenName',0,0,'Dian','string'),(81,'en_US','givenName',0,0,'jusep','string'),(82,'en_US','givenName',0,0,'Yanti','string'),(83,'en_US','givenName',0,0,'Dianne Amor','string'),(84,'en_US','givenName',0,0,'Sekar Rani','string'),(85,'en_US','givenName',0,0,'IIK','string'),(86,'en_US','givenName',0,0,'Budi','string'),(87,'en_US','givenName',0,0,'chaiju chaiju','string'),(88,'en_US','givenName',0,0,'abdul','string'),(89,'en_US','givenName',0,0,'Muhammad','string'),(90,'en_US','givenName',0,0,'lilis marina','string'),(91,'en_US','givenName',0,0,'Echa Dian','string'),(92,'en_US','givenName',0,0,'rani sugiarni','string'),(93,'en_US','givenName',0,0,'Indah Wahyu','string'),(94,'en_US','givenName',0,0,'elfa','string'),(95,'en_US','givenName',0,0,'sri','string'),(96,'en_US','givenName',0,0,'elis siti','string'),(97,'en_US','givenName',0,0,'Benny','string'),(98,'en_US','givenName',0,0,'Yunita','string'),(99,'en_US','givenName',0,0,'Vincentia Septi','string'),(100,'en_US','givenName',0,0,'Muhamad','string'),(101,'en_US','givenName',0,0,'abdul aziz','string'),(102,'en_US','givenName',0,0,'Sofi','string'),(103,'en_US','givenName',0,0,'Dede Trie','string'),(104,'en_US','givenName',0,0,'Nurkholisah Alsya','string'),(106,'en_US','givenName',0,0,'wahyu','string'),(107,'en_US','givenName',0,0,'Rifki','string'),(108,'en_US','givenName',0,0,'Siska','string'),(109,'en_US','givenName',0,0,'Dede Trie','string'),(110,'en_US','givenName',0,0,'indah','string'),(111,'en_US','givenName',0,0,'Deviana Nian','string'),(112,'en_US','givenName',0,0,'fitri','string'),(113,'en_US','givenName',0,0,'siti','string'),(114,'en_US','givenName',0,0,'reza nike','string'),(115,'en_US','givenName',0,0,'Coba','string'),(116,'en_US','givenName',0,0,'evaderika ayu','string'),(117,'en_US','givenName',0,0,'anisa','string'),(118,'en_US','givenName',0,0,'Hikmatul','string'),(119,'en_US','givenName',0,0,'Frena','string'),(120,'en_US','givenName',0,0,'nia','string'),(121,'en_US','givenName',0,0,'Andy Bangkit','string'),(122,'en_US','givenName',0,0,'Nur Eva','string'),(123,'en_US','givenName',0,0,'Prima Cristi','string'),(124,'en_US','givenName',0,0,'asep ikin','string'),(125,'en_US','givenName',0,0,'Resy Nira','string'),(126,'en_US','givenName',0,0,'Noor','string'),(127,'en_US','givenName',0,0,'Tian Abdul','string'),(128,'en_US','givenName',0,0,'Rosmaiyadi','string'),(129,'en_US','givenName',0,0,'Ryan Angga','string'),(130,'en_US','givenName',0,0,'Ayu','string'),(131,'en_US','givenName',0,0,'Isna','string'),(132,'en_US','givenName',0,0,'wahyuni','string'),(133,'en_US','givenName',0,0,'Irda','string'),(134,'en_US','givenName',0,0,'Ainil','string'),(135,'en_US','givenName',0,0,'Elsa','string'),(136,'en_US','givenName',0,0,'Rusdian','string'),(137,'en_US','givenName',0,0,'Wahyudi','string'),(138,'en_US','givenName',0,0,'mukti','string'),(139,'en_US','givenName',0,0,'Rifqi','string'),(140,'en_US','givenName',0,0,'arie','string'),(141,'en_US','givenName',0,0,'sekar rani','string'),(142,'en_US','givenName',0,0,'eka widya','string'),(143,'en_US','givenName',0,0,'Fredi Ganda','string'),(144,'en_US','givenName',0,0,'annisa restiani','string'),(145,'en_US','givenName',0,0,'holidun holidun','string'),(146,'en_US','givenName',0,0,'tutut widiastuti','string'),(147,'en_US','givenName',0,0,'nur\'aini','string'),(148,'en_US','givenName',0,0,'Sari','string'),(149,'en_US','givenName',0,0,'putri','string'),(150,'en_US','givenName',0,0,'Laura','string'),(151,'en_US','givenName',0,0,'Ariana','string'),(152,'en_US','givenName',0,0,'Martinho','string'),(153,'en_US','givenName',0,0,'Yunia Mulyani','string'),(154,'en_US','givenName',0,0,'Ega','string'),(155,'en_US','givenName',0,0,'Siska','string'),(156,'en_US','givenName',0,0,'Antika Muning Dewi','string'),(157,'en_US','givenName',0,0,'Destri Ninda','string'),(158,'en_US','givenName',0,0,'I Gusti Ngurah','string'),(159,'en_US','givenName',0,0,'Sarah','string'),(160,'en_US','givenName',0,0,'Rafika','string'),(161,'en_US','givenName',0,0,'indah','string'),(162,'en_US','givenName',0,0,'Yunda','string'),(163,'en_US','givenName',0,0,'Umar','string'),(164,'en_US','givenName',0,0,'Wieka','string'),(165,'en_US','givenName',0,0,'Mellawaty','string'),(166,'en_US','givenName',0,0,'elis siti','string'),(167,'en_US','givenName',0,0,'Sri Adi','string'),(168,'en_US','givenName',0,0,'firdaus daus','string'),(169,'en_US','givenName',0,0,'Tetty Natalia','string'),(170,'en_US','givenName',0,0,'Aulia','string'),(171,'en_US','givenName',0,0,'Heri','string'),(172,'en_US','givenName',0,0,'dita','string'),(173,'en_US','givenName',0,0,'Dwi','string'),(174,'en_US','givenName',0,0,'haytham','string'),(175,'en_US','givenName',0,0,'Wahyu','string'),(176,'en_US','givenName',0,0,'Trisna Roy','string'),(177,'en_US','givenName',0,0,'indri','string'),(178,'en_US','givenName',0,0,'Dian Fitri','string'),(179,'en_US','givenName',0,0,'helsina','string'),(180,'en_US','givenName',0,0,'Restu Fajar','string'),(181,'en_US','givenName',0,0,'Nia','string'),(182,'en_US','givenName',0,0,'Iden Rainal','string'),(183,'en_US','givenName',0,0,'Yola','string'),(184,'en_US','givenName',0,0,'sarifa','string'),(185,'en_US','givenName',0,0,'yenny','string'),(186,'en_US','givenName',0,0,'atikah','string'),(187,'en_US','givenName',0,0,'siti nuraini','string'),(188,'en_US','givenName',0,0,'Adinda Ayu','string'),(189,'en_US','givenName',0,0,'Gunawan','string'),(190,'en_US','givenName',0,0,'Widya','string'),(191,'en_US','givenName',0,0,'Johannis -','string'),(192,'en_US','givenName',0,0,'mardiati','string'),(193,'en_US','givenName',0,0,'Neng','string'),(194,'en_US','givenName',0,0,'aprilia','string'),(195,'en_US','givenName',0,0,'Brinch','string'),(196,'en_US','givenName',0,0,'Wyda Widyanti','string'),(197,'en_US','givenName',0,0,'Hafidz Fadilah','string'),(198,'en_US','givenName',0,0,'Raras Kartika','string'),(199,'en_US','givenName',0,0,'Hafidz Fadilah','string'),(200,'en_US','givenName',0,0,'Hafidz Fadilah','string'),(201,'en_US','givenName',0,0,'Firnanda Pradana','string'),(202,'en_US','givenName',0,0,'Lusi','string'),(203,'en_US','givenName',0,0,'Indana','string'),(204,'en_US','givenName',0,0,'Alberta Parinters','string'),(205,'en_US','givenName',0,0,'RENDI','string'),(206,'en_US','givenName',0,0,'Indana','string'),(207,'en_US','givenName',0,0,'putri','string'),(208,'en_US','givenName',0,0,'Ulwan','string'),(209,'en_US','givenName',0,0,'Siti Utami','string'),(210,'en_US','givenName',0,0,'Rima Aksen','string'),(211,'en_US','givenName',0,0,'Arif','string'),(212,'en_US','givenName',0,0,'Divya Andriana','string'),(213,'en_US','givenName',0,0,'chatrien prihatin','string'),(214,'en_US','givenName',0,0,'Aritsya','string'),(215,'en_US','givenName',0,0,'indah','string'),(216,'en_US','givenName',0,0,'Ilham','string'),(217,'en_US','givenName',0,0,'Ilham','string'),(218,'en_US','givenName',0,0,'Anita','string'),(219,'en_US','givenName',0,0,'HERMA','string'),(220,'en_US','givenName',0,0,'fitri','string'),(221,'en_US','givenName',0,0,'rina','string'),(222,'en_US','givenName',0,0,'Rahmadani Kholifah','string'),(223,'en_US','givenName',0,0,'anisa','string'),(224,'en_US','givenName',0,0,'Andesva','string'),(225,'en_US','givenName',0,0,'nur','string'),(226,'en_US','givenName',0,0,'nur','string'),(227,'en_US','givenName',0,0,'veni','string'),(228,'en_US','givenName',0,0,'nira puspita','string'),(229,'en_US','givenName',0,0,'septi','string'),(230,'en_US','givenName',0,0,'fitri mei','string'),(231,'en_US','givenName',0,0,'heni','string'),(232,'en_US','givenName',0,0,'desi apriani','string'),(233,'en_US','givenName',0,0,'Dwi Kurniasari','string'),(234,'en_US','givenName',0,0,'ayu','string'),(235,'en_US','givenName',0,0,'Cipto','string'),(236,'en_US','givenName',0,0,'liza','string'),(237,'en_US','givenName',0,0,'meli','string'),(238,'en_US','givenName',0,0,'Ngainur','string'),(239,'en_US','givenName',0,0,'rizen','string'),(240,'en_US','givenName',0,0,'nira puspita','string'),(241,'en_US','givenName',0,0,'Lita','string'),(242,'en_US','givenName',0,0,'rusmiyati -','string'),(243,'en_US','givenName',0,0,'Zul','string'),(244,'en_US','givenName',0,0,'nurlaela','string'),(245,'en_US','givenName',0,0,'pitri','string'),(246,'en_US','givenName',0,0,'Khoerunnissa','string'),(247,'en_US','givenName',0,0,'laela','string'),(248,'en_US','givenName',0,0,'abimanyu hadi','string'),(249,'en_US','givenName',0,0,'Aris','string'),(250,'en_US','givenName',0,0,'Wahyudin','string'),(251,'en_US','givenName',0,0,'lantari','string'),(252,'en_US','givenName',0,0,'MUHASAN SARMIDI','string'),(253,'en_US','givenName',0,0,'Siti Nur','string'),(254,'en_US','givenName',0,0,'Lita','string'),(255,'en_US','givenName',0,0,'Tunjung Dyah','string'),(256,'en_US','givenName',0,0,'Elvira','string'),(257,'en_US','givenName',0,0,'desi','string'),(258,'en_US','givenName',0,0,'Widodo','string'),(259,'en_US','givenName',0,0,'riana intan','string'),(260,'en_US','givenName',0,0,'sri','string'),(261,'en_US','givenName',0,0,'YULIANTO','string'),(262,'en_US','givenName',0,0,'Rita','string'),(263,'en_US','givenName',0,0,'Annajmi','string'),(264,'en_US','givenName',0,0,'Leni Agustina','string'),(265,'en_US','givenName',0,0,'sukma sacita','string'),(266,'en_US','givenName',0,0,'Ulfa Surti','string'),(267,'en_US','givenName',0,0,'Hamdan','string'),(268,'en_US','givenName',0,0,'Sutrisno','string'),(269,'en_US','givenName',0,0,'Vera','string'),(270,'en_US','givenName',0,0,'imam','string'),(271,'en_US','givenName',0,0,'Yulianingrum Dwi','string'),(272,'en_US','givenName',0,0,'asw asw','string'),(273,'en_US','givenName',0,0,'zinatul Hayati','string'),(274,'en_US','givenName',0,0,'Anggita','string'),(275,'en_US','givenName',0,0,'Dina','string'),(276,'en_US','givenName',0,0,'jeani alfi','string'),(277,'en_US','givenName',0,0,'Andi Guntur','string'),(278,'en_US','givenName',0,0,'radhiati','string'),(279,'en_US','givenName',0,0,'Alfa Charisma','string'),(280,'en_US','givenName',0,0,'Vernita','string'),(281,'en_US','givenName',0,0,'Baiq Rika Ayu','string'),(282,'en_US','givenName',0,0,'ika','string'),(283,'en_US','givenName',0,0,'Tubagus Sofwan','string'),(284,'en_US','givenName',0,0,'Ervina Surya komala','string'),(285,'en_US','givenName',0,0,'JALIA','string'),(286,'en_US','givenName',0,0,'Silvia','string'),(287,'en_US','givenName',0,0,'Sela Apri','string'),(288,'en_US','givenName',0,0,'Sugianto','string'),(289,'en_US','givenName',0,0,'getut','string'),(290,'en_US','givenName',0,0,'Rizki Nurhana','string'),(291,'en_US','givenName',0,0,'Ali','string'),(292,'en_US','givenName',0,0,'Shinta Tri','string'),(293,'en_US','givenName',0,0,'AMRINA','string'),(294,'en_US','givenName',0,0,'Asmuna','string'),(295,'en_US','givenName',0,0,'mardiati','string'),(296,'en_US','givenName',0,0,'Nurul','string'),(297,'en_US','givenName',0,0,'Laras','string'),(298,'en_US','givenName',0,0,'Ahmad Rosyid Nur','string'),(299,'en_US','givenName',0,0,'Aziza Devita','string'),(300,'en_US','givenName',0,0,'Anjas','string'),(301,'en_US','givenName',0,0,'Dicky','string'),(302,'en_US','givenName',0,0,'Fitria Meini','string'),(303,'en_US','givenName',0,0,'Ratna','string'),(304,'en_US','givenName',0,0,'Titin','string'),(305,'en_US','givenName',0,0,'Lian Hendi','string'),(306,'en_US','givenName',0,0,'Heni','string'),(307,'en_US','givenName',0,0,'Ani Puji','string'),(308,'en_US','givenName',0,0,'kuswandi','string'),(309,'en_US','givenName',0,0,'Nurwan','string'),(310,'en_US','givenName',0,0,'Riswan Ahmat','string'),(311,'en_US','givenName',0,0,'Rohmad Junia','string'),(312,'en_US','givenName',0,0,'Neneng','string'),(313,'en_US','givenName',0,0,'Novita Nuri','string'),(314,'en_US','givenName',0,0,'Devy Iman','string'),(315,'en_US','givenName',0,0,'Nor','string'),(316,'en_US','givenName',0,0,'Setya','string'),(317,'en_US','givenName',0,0,'Beni Arif','string'),(318,'en_US','givenName',0,0,'Dandy','string'),(319,'en_US','givenName',0,0,'Nova Setya','string'),(320,'en_US','givenName',0,0,'Siti','string'),(321,'en_US','givenName',0,0,'Agung','string'),(322,'en_US','givenName',0,0,'Ardhia Mahardhika','string'),(323,'en_US','givenName',0,0,'rochmat setiawan','string'),(324,'en_US','givenName',0,0,'vinni','string'),(325,'en_US','givenName',0,0,'Nur  Aziz Rizqi','string'),(326,'en_US','givenName',0,0,'evi wida','string'),(327,'en_US','givenName',0,0,'Yulia Rahmawati','string'),(328,'en_US','givenName',0,0,'khaluka ahsana','string'),(329,'en_US','givenName',0,0,'Ehda','string'),(330,'en_US','givenName',0,0,'nita','string'),(331,'en_US','givenName',0,0,'Isti','string'),(332,'en_US','givenName',0,0,'Nuralam','string'),(333,'en_US','givenName',0,0,'hella','string'),(334,'en_US','givenName',0,0,'Almunir -','string'),(335,'en_US','givenName',0,0,'siska candra','string'),(336,'en_US','givenName',0,0,'Santi Arum Puspita','string'),(337,'en_US','givenName',0,0,'Rully Charitas Indra','string'),(338,'en_US','givenName',0,0,'Heris','string'),(339,'en_US','givenName',0,0,'Dhestha','string'),(340,'en_US','givenName',0,0,'Doni','string'),(341,'en_US','givenName',0,0,'Muhammad Rifqi','string'),(342,'en_US','givenName',0,0,'Minda Uba Manora','string'),(343,'en_US','givenName',0,0,'Rina','string'),(344,'en_US','givenName',0,0,'nia','string'),(345,'en_US','givenName',0,0,'Nurmawati','string'),(346,'en_US','givenName',0,0,'Fikri','string'),(347,'en_US','givenName',0,0,'Windi Permata','string'),(348,'en_US','givenName',0,0,'Novi','string'),(349,'en_US','givenName',0,0,'Metrilina Br','string'),(350,'en_US','givenName',0,0,'Rasiah','string'),(351,'en_US','givenName',0,0,'Nurfadilah','string'),(352,'en_US','givenName',0,0,'Hanim','string'),(353,'en_US','givenName',0,0,'Putri Maqomam','string'),(354,'en_US','givenName',0,0,'Subhan Ajiz','string'),(355,'en_US','givenName',0,0,'Erisa','string'),(356,'en_US','givenName',0,0,'Nisa','string'),(357,'en_US','givenName',0,0,'Risma','string'),(1,'en_US','familyName',0,0,'Perbowo','string'),(2,'en_US','familyName',0,0,'Perbowo','string'),(3,'en_US','familyName',0,0,'Rahman','string'),(4,'en_US','familyName',0,0,'Hutauruk','string'),(5,'en_US','familyName',0,0,'Supriadi','string'),(6,'en_US','familyName',0,0,'Nuriadin','string'),(7,'en_US','familyName',0,0,'Pradipta','string'),(8,'en_US','familyName',0,0,'Maarif','string'),(9,'en_US','familyName',0,0,'Yusra','string'),(10,'en_US','familyName',0,0,'Saputro','string'),(11,'en_US','familyName',0,0,'Purwanto','string'),(12,'en_US','familyName',0,0,'Umar','string'),(13,'en_US','familyName',0,0,'Hidayat','string'),(14,'en_US','familyName',0,0,'Rahman','string'),(15,'en_US','familyName',0,0,'Noto','string'),(16,'en_US','familyName',0,0,'napfiah','string'),(17,'en_US','familyName',0,0,'Miliyawati','string'),(18,'en_US','familyName',0,0,'Sari','string'),(19,'en_US','familyName',0,0,'Purnomo','string'),(20,'en_US','familyName',0,0,'Buhaerah','string'),(21,'en_US','familyName',0,0,'Sari','string'),(22,'en_US','familyName',0,0,'-','string'),(23,'en_US','familyName',0,0,'yenni','string'),(24,'en_US','familyName',0,0,'Umam','string'),(25,'en_US','familyName',0,0,'Hadi','string'),(26,'en_US','familyName',0,0,'Adirakasiwi','string'),(27,'en_US','familyName',0,0,'saluky','string'),(28,'en_US','familyName',0,0,'Husna','string'),(29,'en_US','familyName',0,0,'dollo','string'),(30,'en_US','familyName',0,0,'M.Pd','string'),(31,'en_US','familyName',0,0,'Penulis','string'),(32,'en_US','familyName',0,0,'sidik','string'),(33,'en_US','familyName',0,0,'Kurniasih','string'),(34,'en_US','familyName',0,0,'Widiyanti','string'),(35,'en_US','familyName',0,0,'Buchori','string'),(36,'en_US','familyName',0,0,'Nurafni','string'),(37,'en_US','familyName',0,0,'Effendi','string'),(38,'en_US','familyName',0,0,'suryanti','string'),(39,'en_US','familyName',0,0,'Alamsyah','string'),(40,'en_US','familyName',0,0,'Siswanto','string'),(41,'en_US','familyName',0,0,'Fuadiah','string'),(42,'en_US','familyName',0,0,'Pratiwi','string'),(43,'en_US','familyName',0,0,'Asyarah','string'),(44,'en_US','familyName',0,0,'Yudi','string'),(45,'en_US','familyName',0,0,'Dian','string'),(46,'en_US','familyName',0,0,'Awaludin','string'),(47,'en_US','familyName',0,0,'Fadiana','string'),(48,'en_US','familyName',0,0,'Yunaningsih','string'),(49,'en_US','familyName',0,0,'Nurwidiyawani','string'),(50,'en_US','familyName',0,0,'Rahmi Pinahayu','string'),(51,'en_US','familyName',0,0,'fitrah','string'),(52,'en_US','familyName',0,0,'Alhadi','string'),(53,'en_US','familyName',0,0,'nurdin','string'),(54,'en_US','familyName',0,0,'Nur','string'),(55,'en_US','familyName',0,0,'siregar','string'),(56,'en_US','familyName',0,0,'Alperi','string'),(57,'en_US','familyName',0,0,'Pianda','string'),(58,'en_US','familyName',0,0,'Tamur','string'),(59,'en_US','familyName',0,0,'ALGHADARI','string'),(60,'en_US','familyName',0,0,'Azmi','string'),(61,'en_US','familyName',0,0,'Pramesti','string'),(62,'en_US','familyName',0,0,'kartinah','string'),(63,'en_US','familyName',0,0,'FIRDAUS','string'),(64,'en_US','familyName',0,0,'Nufus','string'),(65,'en_US','familyName',0,0,'yazidah','string'),(66,'en_US','familyName',0,0,'sulistyorini','string'),(67,'en_US','familyName',0,0,'Leonard','string'),(68,'en_US','familyName',0,0,'kusaeri','string'),(69,'en_US','familyName',0,0,'Nurizzati','string'),(70,'en_US','familyName',0,0,'hidayat','string'),(71,'en_US','familyName',0,0,'Pontoh','string'),(72,'en_US','familyName',0,0,'Mulyono','string'),(73,'en_US','familyName',0,0,'Sowanto','string'),(74,'en_US','familyName',0,0,'Harun','string'),(75,'en_US','familyName',0,0,'Harisman','string'),(76,'en_US','familyName',0,0,'Amam','string'),(77,'en_US','familyName',0,0,'Delima','string'),(78,'en_US','familyName',0,0,'Darmayasa','string'),(79,'en_US','familyName',0,0,'Firdaus','string'),(80,'en_US','familyName',0,0,'Cahyawati','string'),(81,'en_US','familyName',0,0,'saputra','string'),(82,'en_US','familyName',0,0,'Mulyanti','string'),(83,'en_US','familyName',0,0,'Kusuma','string'),(84,'en_US','familyName',0,0,'Pangestunigtyas','string'),(85,'en_US','familyName',0,0,'NURHIKMAYATI','string'),(86,'en_US','familyName',0,0,'Irwansyah','string'),(87,'en_US','familyName',0,0,'chaiju','string'),(88,'en_US','familyName',0,0,'karim','string'),(89,'en_US','familyName',0,0,'Irfan','string'),(90,'en_US','familyName',0,0,'angraini','string'),(91,'en_US','familyName',0,0,'Anggraini','string'),(92,'en_US','familyName',0,0,'sugiarni','string'),(93,'en_US','familyName',0,0,'Rachmawati','string'),(94,'en_US','familyName',0,0,'rafulta','string'),(95,'en_US','familyName',0,0,'asnawati','string'),(96,'en_US','familyName',0,0,'komara','string'),(97,'en_US','familyName',0,0,'Hendriana','string'),(98,'en_US','familyName',0,0,'Herdiana','string'),(99,'en_US','familyName',0,0,'Puspitawati','string'),(100,'en_US','familyName',0,0,'Ridwan','string'),(101,'en_US','familyName',0,0,'saefudin','string'),(102,'en_US','familyName',0,0,'Saifiyah','string'),(103,'en_US','familyName',0,0,'Kurniawan','string'),(104,'en_US','familyName',0,0,'Putri','string'),(106,'en_US','familyName',0,0,'n','string'),(107,'en_US','familyName',0,0,'Maqfirah','string'),(108,'en_US','familyName',0,0,'Firmasari','string'),(109,'en_US','familyName',0,0,'Kurniawan','string'),(110,'en_US','familyName',0,0,'suryawati','string'),(111,'en_US','familyName',0,0,'Kumandari','string'),(112,'en_US','familyName',0,0,'aisyah','string'),(113,'en_US','familyName',0,0,'khotimah','string'),(114,'en_US','familyName',0,0,'oktariani','string'),(115,'en_US','familyName',0,0,'satu','string'),(116,'en_US','familyName',0,0,'artikasari','string'),(117,'en_US','familyName',0,0,'fitriana','string'),(118,'en_US','familyName',0,0,'Khusna','string'),(119,'en_US','familyName',0,0,'Fardillah','string'),(120,'en_US','familyName',0,0,'jusniani','string'),(121,'en_US','familyName',0,0,'Setiawan','string'),(122,'en_US','familyName',0,0,'Zakiah','string'),(123,'en_US','familyName',0,0,'Crismono','string'),(124,'en_US','familyName',0,0,'sugandi','string'),(125,'en_US','familyName',0,0,'Wati','string'),(126,'en_US','familyName',0,0,'fajriah','string'),(127,'en_US','familyName',0,0,'Aziz','string'),(128,'en_US','familyName',0,0,'Rosmaiyadi','string'),(129,'en_US','familyName',0,0,'Pratama','string'),(130,'en_US','familyName',0,0,'Tsurayya','string'),(131,'en_US','familyName',0,0,'Rafianti','string'),(132,'en_US','familyName',0,0,'wahyuni','string'),(133,'en_US','familyName',0,0,'Risanti','string'),(134,'en_US','familyName',0,0,'Mardiyah','string'),(135,'en_US','familyName',0,0,'Rahmah','string'),(136,'en_US','familyName',0,0,'Rifa\'i','string'),(137,'en_US','familyName',0,0,'Wahyudi','string'),(138,'en_US','familyName',0,0,'sintawati','string'),(139,'en_US','familyName',0,0,'Hidayat','string'),(140,'en_US','familyName',0,0,'wahyuni','string'),(141,'en_US','familyName',0,0,'pangestuningtyas','string'),(142,'en_US','familyName',0,0,'wati','string'),(143,'en_US','familyName',0,0,'Putra','string'),(144,'en_US','familyName',0,0,'rinzani','string'),(145,'en_US','familyName',0,0,'holidun','string'),(146,'en_US','familyName',0,0,'anisa','string'),(147,'en_US','familyName',0,0,'sukmawati','string'),(148,'en_US','familyName',0,0,'Herlina','string'),(149,'en_US','familyName',0,0,'firda','string'),(150,'en_US','familyName',0,0,'Soares','string'),(151,'en_US','familyName',0,0,'Velasques','string'),(152,'en_US','familyName',0,0,'Quintana','string'),(153,'en_US','familyName',0,0,'Azis','string'),(154,'en_US','familyName',0,0,'Edistria','string'),(155,'en_US','familyName',0,0,'Firmasari','string'),(156,'en_US','familyName',0,0,'Cahyati','string'),(157,'en_US','familyName',0,0,'Riyani','string'),(158,'en_US','familyName',0,0,'Darmawan','string'),(159,'en_US','familyName',0,0,'Inayah','string'),(160,'en_US','familyName',0,0,'Dinda','string'),(161,'en_US','familyName',0,0,'permata sari','string'),(162,'en_US','familyName',0,0,'Kurniawan','string'),(163,'en_US','familyName',0,0,'Soleh','string'),(164,'en_US','familyName',0,0,'Septiyana','string'),(165,'en_US','familyName',0,0,'Mellawaty','string'),(166,'en_US','familyName',0,0,'komara','string'),(167,'en_US','familyName',0,0,'Widodo','string'),(168,'en_US','familyName',0,0,'Firdausi','string'),(169,'en_US','familyName',0,0,'Sipayung','string'),(170,'en_US','familyName',0,0,'Dewi','string'),(171,'en_US','familyName',0,0,'Nugroho','string'),(172,'en_US','familyName',0,0,'andini','string'),(173,'en_US','familyName',0,0,'Yanti','string'),(174,'en_US','familyName',0,0,'ali','string'),(175,'en_US','familyName',0,0,'Setiawan','string'),(176,'en_US','familyName',0,0,'Pradipta','string'),(177,'en_US','familyName',0,0,'herdiman','string'),(178,'en_US','familyName',0,0,'Argarini','string'),(179,'en_US','familyName',0,0,'pakpahan','string'),(180,'en_US','familyName',0,0,'Armawati','string'),(181,'en_US','familyName',0,0,'Kurniasih','string'),(182,'en_US','familyName',0,0,'Ihsan','string'),(183,'en_US','familyName',0,0,'Ratal','string'),(184,'en_US','familyName',0,0,'Rafsanjani','string'),(185,'en_US','familyName',0,0,'nuraini','string'),(186,'en_US','familyName',0,0,'alfiani','string'),(187,'en_US','familyName',0,0,'hafsah','string'),(188,'en_US','familyName',0,0,'Pangesti','string'),(189,'en_US','familyName',0,0,'Subekti','string'),(190,'en_US','familyName',0,0,'Astuti','string'),(191,'en_US','familyName',0,0,'Takaria','string'),(192,'en_US','familyName',0,0,'mardiati','string'),(193,'en_US','familyName',0,0,'Hanipah','string'),(194,'en_US','familyName',0,0,'setiani','string'),(195,'en_US','familyName',0,0,'Preston','string'),(196,'en_US','familyName',0,0,'Gantiny','string'),(197,'en_US','familyName',0,0,'Ramadhani','string'),(198,'en_US','familyName',0,0,'Sari','string'),(199,'en_US','familyName',0,0,'Ramadhani','string'),(200,'en_US','familyName',0,0,'Ramadhani','string'),(201,'en_US','familyName',0,0,'Putra','string'),(202,'en_US','familyName',0,0,'Lutfia','string'),(203,'en_US','familyName',0,0,'Zulfa','string'),(204,'en_US','familyName',0,0,'Makur','string'),(205,'en_US','familyName',0,0,'OKAJAYA','string'),(206,'en_US','familyName',0,0,'Zulfa','string'),(207,'en_US','familyName',0,0,'firdausyin','string'),(208,'en_US','familyName',0,0,'Syafrudin','string'),(209,'en_US','familyName',0,0,'Octaviani','string'),(210,'en_US','familyName',0,0,'Cahdriyana','string'),(211,'en_US','familyName',0,0,'Nurochman','string'),(212,'en_US','familyName',0,0,'Ainunnisa','string'),(213,'en_US','familyName',0,0,'alfaris','string'),(214,'en_US','familyName',0,0,'Imswatama','string'),(215,'en_US','familyName',0,0,'lestari','string'),(216,'en_US','familyName',0,0,'Jaya','string'),(217,'en_US','familyName',0,0,'Jaya','string'),(218,'en_US','familyName',0,0,'Mawarni','string'),(219,'en_US','familyName',0,0,'HERMAWATI','string'),(220,'en_US','familyName',0,0,'indriyani','string'),(221,'en_US','familyName',0,0,'ROSDIANA','string'),(222,'en_US','familyName',0,0,'Arum','string'),(223,'en_US','familyName',0,0,'tiara','string'),(224,'en_US','familyName',0,0,'Andesva','string'),(225,'en_US','familyName',0,0,'hayati','string'),(226,'en_US','familyName',0,0,'hayati','string'),(227,'en_US','familyName',0,0,'oktaviani','string'),(228,'en_US','familyName',0,0,'sari','string'),(229,'en_US','familyName',0,0,'herlina','string'),(230,'en_US','familyName',0,0,'suciati','string'),(231,'en_US','familyName',0,0,'wekasari','string'),(232,'en_US','familyName',0,0,'silaen','string'),(233,'en_US','familyName',0,0,'diandwi','string'),(234,'en_US','familyName',0,0,'ariyanti','string'),(235,'en_US','familyName',0,0,'Cipto','string'),(236,'en_US','familyName',0,0,'agustiana','string'),(237,'en_US','familyName',0,0,'anti','string'),(238,'en_US','familyName',0,0,'Rofik','string'),(239,'en_US','familyName',0,0,'handika','string'),(240,'en_US','familyName',0,0,'sari','string'),(241,'en_US','familyName',0,0,'Arianti','string'),(242,'en_US','familyName',0,0,'-','string'),(243,'en_US','familyName',0,0,'Fardinah','string'),(244,'en_US','familyName',0,0,'rahmawati','string'),(245,'en_US','familyName',0,0,'yulianti','string'),(246,'en_US','familyName',0,0,'Sholihatti','string'),(247,'en_US','familyName',0,0,'amriani','string'),(248,'en_US','familyName',0,0,'sukoro','string'),(249,'en_US','familyName',0,0,'Suhendar','string'),(250,'en_US','familyName',0,0,'Wisudawan','string'),(251,'en_US','familyName',0,0,'muhinggar','string'),(252,'en_US','familyName',0,0,'RIMIN','string'),(253,'en_US','familyName',0,0,'Fitria Ningsih','string'),(254,'en_US','familyName',0,0,'Marhan','string'),(255,'en_US','familyName',0,0,'Ovi','string'),(256,'en_US','familyName',0,0,'Elvira','string'),(257,'en_US','familyName',0,0,'herlina','string'),(258,'en_US','familyName',0,0,'Winarso','string'),(259,'en_US','familyName',0,0,'safitri','string'),(260,'en_US','familyName',0,0,'irawati','string'),(261,'en_US','familyName',0,0,'WASIRAN','string'),(262,'en_US','familyName',0,0,'Rohmania','string'),(263,'en_US','familyName',0,0,'Annajmi','string'),(264,'en_US','familyName',0,0,'Daulay','string'),(265,'en_US','familyName',0,0,'dewi','string'),(266,'en_US','familyName',0,0,'Kanti','string'),(267,'en_US','familyName',0,0,'Sugilar','string'),(268,'en_US','familyName',0,0,'Sutrisno','string'),(269,'en_US','familyName',0,0,'Octavia','string'),(270,'en_US','familyName',0,0,'kusmaryono','string'),(271,'en_US','familyName',0,0,'Utami','string'),(272,'en_US','familyName',0,0,'asw','string'),(273,'en_US','familyName',0,0,'Dina','string'),(274,'en_US','familyName',0,0,'Maharani','string'),(275,'en_US','familyName',0,0,'Maulida','string'),(276,'en_US','familyName',0,0,'rahmadita','string'),(277,'en_US','familyName',0,0,'Pratomo','string'),(278,'en_US','familyName',0,0,'jailani','string'),(279,'en_US','familyName',0,0,'Sardjono Pello','string'),(280,'en_US','familyName',0,0,'Sari','string'),(281,'en_US','familyName',0,0,'Febrilia','string'),(282,'en_US','familyName',0,0,'krisdiana','string'),(283,'en_US','familyName',0,0,'Hadi','string'),(284,'en_US','familyName',0,0,'Beliuk','string'),(285,'en_US','familyName',0,0,'FARDILA','string'),(286,'en_US','familyName',0,0,'Fitriani','string'),(287,'en_US','familyName',0,0,'Jayanti','string'),(288,'en_US','familyName',0,0,'Ramlan','string'),(289,'en_US','familyName',0,0,'pramesti','string'),(290,'en_US','familyName',0,0,'Friantini','string'),(291,'en_US','familyName',0,0,'Shodikin','string'),(292,'en_US','familyName',0,0,'Kismanti','string'),(293,'en_US','familyName',0,0,'RIZTA','string'),(294,'en_US','familyName',0,0,'Devi','string'),(295,'en_US','familyName',0,0,'mardiati','string'),(296,'en_US','familyName',0,0,'Rahmawati','string'),(297,'en_US','familyName',0,0,'Yulia','string'),(298,'en_US','familyName',0,0,'Ismail','string'),(299,'en_US','familyName',0,0,'Indraswari','string'),(300,'en_US','familyName',0,0,'Purnomo','string'),(301,'en_US','familyName',0,0,'Subadras','string'),(302,'en_US','familyName',0,0,'Sari','string'),(303,'en_US','familyName',0,0,'Sari','string'),(304,'en_US','familyName',0,0,'Supriyatin','string'),(305,'en_US','familyName',0,0,'Saputra','string'),(306,'en_US','familyName',0,0,'Pujiastuti','string'),(307,'en_US','familyName',0,0,'Lestari','string'),(308,'en_US','familyName',0,0,'kuswandi','string'),(309,'en_US','familyName',0,0,'Nurwan','string'),(310,'en_US','familyName',0,0,'Fauzi','string'),(311,'en_US','familyName',0,0,'Sandy','string'),(312,'en_US','familyName',0,0,'Farhatin','string'),(313,'en_US','familyName',0,0,'Anggraeni','string'),(314,'en_US','familyName',0,0,'Sari','string'),(315,'en_US','familyName',0,0,'nugraheni','string'),(316,'en_US','familyName',0,0,'Surya','string'),(317,'en_US','familyName',0,0,'Setiawan','string'),(318,'en_US','familyName',0,0,'Apviano','string'),(319,'en_US','familyName',0,0,'Mahanani','string'),(320,'en_US','familyName',0,0,'Napfiah','string'),(321,'en_US','familyName',0,0,'Triyadi','string'),(322,'en_US','familyName',0,0,'Sari','string'),(323,'en_US','familyName',0,0,'aji nugroho','string'),(324,'en_US','familyName',0,0,'aprilia','string'),(325,'en_US','familyName',0,0,'Syaifudin','string'),(326,'en_US','familyName',0,0,'yanti','string'),(327,'en_US','familyName',0,0,'Z','string'),(328,'en_US','familyName',0,0,'fitri','string'),(329,'en_US','familyName',0,0,'Farlina','string'),(330,'en_US','familyName',0,0,'hidayati','string'),(331,'en_US','familyName',0,0,'Zakiyah','string'),(332,'en_US','familyName',0,0,'Nuralam','string'),(333,'en_US','familyName',0,0,'jusra','string'),(334,'en_US','familyName',0,0,'Sihotang','string'),(335,'en_US','familyName',0,0,'ningsih','string'),(336,'en_US','familyName',0,0,'Lestari','string'),(337,'en_US','familyName',0,0,'Prahmana','string'),(338,'en_US','familyName',0,0,'Hendriana','string'),(339,'en_US','familyName',0,0,'hazilla','string'),(340,'en_US','familyName',0,0,'Susanto','string'),(341,'en_US','familyName',0,0,'Mahmud','string'),(342,'en_US','familyName',0,0,'Siregar','string'),(343,'en_US','familyName',0,0,'Indriani','string'),(344,'en_US','familyName',0,0,'setiani','string'),(345,'en_US','familyName',0,0,'Nurmawati','string'),(346,'en_US','familyName',0,0,'Apriyono','string'),(347,'en_US','familyName',0,0,'Sari','string'),(348,'en_US','familyName',0,0,'Sariani','string'),(349,'en_US','familyName',0,0,'Sembiring','string'),(350,'en_US','familyName',0,0,'Rasiah','string'),(351,'en_US','familyName',0,0,'Siregar','string'),(352,'en_US','familyName',0,0,'Faizah','string'),(353,'en_US','familyName',0,0,'Mahmuda','string'),(354,'en_US','familyName',0,0,'Awalludin','string'),(355,'en_US','familyName',0,0,'Ramadhanty','string'),(356,'en_US','familyName',0,0,'Nurlianti','string'),(357,'en_US','familyName',0,0,'Maryani','string'),(5,'id_ID','preferredPublicName',0,0,'Mr Edi Supriadi','string'),(5,'en_US','preferredPublicName',0,0,'Mr Edi Supriadi','string'),(7,'id_ID','preferredPublicName',0,0,'Mr Trisna Roy Pradipta','string'),(7,'en_US','preferredPublicName',0,0,'Mr Trisna Roy Pradipta','string'),(12,'id_ID','preferredPublicName',0,0,'Wahid Wahid Umar','string'),(12,'en_US','preferredPublicName',0,0,'Wahid Wahid Umar','string'),(17,'id_ID','preferredPublicName',0,0,'Bety Bety Miliyawati','string'),(17,'en_US','preferredPublicName',0,0,'Bety Bety Miliyawati','string'),(18,'id_ID','preferredPublicName',0,0,'Indah Indah Puspita Sari','string'),(18,'en_US','preferredPublicName',0,0,'Indah Indah Puspita Sari','string'),(20,'id_ID','preferredPublicName',0,0,'buhaerah Buhaerah Buhaerah','string'),(20,'en_US','preferredPublicName',0,0,'buhaerah Buhaerah Buhaerah','string'),(22,'id_ID','preferredPublicName',0,0,'warno suwarno -','string'),(22,'en_US','preferredPublicName',0,0,'warno suwarno -','string'),(23,'id_ID','preferredPublicName',0,0,'yenni yenni - yenni','string'),(23,'en_US','preferredPublicName',0,0,'yenni yenni - yenni','string'),(24,'id_ID','preferredPublicName',0,0,'umam Khoerul Umam','string'),(24,'en_US','preferredPublicName',0,0,'umam Khoerul Umam','string'),(26,'id_ID','preferredPublicName',0,0,'Alpha Alpha Galih Adirakasiwi','string'),(26,'en_US','preferredPublicName',0,0,'Alpha Alpha Galih Adirakasiwi','string'),(27,'id_ID','preferredPublicName',0,0,'luke saluky saluky','string'),(27,'en_US','preferredPublicName',0,0,'luke saluky saluky','string'),(29,'id_ID','preferredPublicName',0,0,'asdar asdar dollo','string'),(29,'en_US','preferredPublicName',0,0,'asdar asdar dollo','string'),(30,'id_ID','preferredPublicName',0,0,'arif arifuddin uddin M.Pd','string'),(30,'en_US','preferredPublicName',0,0,'arif arifuddin uddin M.Pd','string'),(31,'id_ID','preferredPublicName',0,0,'Contoh Contoh Nama Penulis','string'),(31,'en_US','preferredPublicName',0,0,'Contoh Contoh Nama Penulis','string'),(32,'id_ID','preferredPublicName',0,0,'wawan iswanto sakdi sidik','string'),(32,'en_US','preferredPublicName',0,0,'wawan iswanto sakdi sidik','string'),(34,'id_ID','preferredPublicName',0,0,'Nani Isnani Fitri Widiyanti','string'),(34,'en_US','preferredPublicName',0,0,'Nani Isnani Fitri Widiyanti','string'),(35,'id_ID','preferredPublicName',0,0,'Buchori Achmad Buchori','string'),(35,'en_US','preferredPublicName',0,0,'Buchori Achmad Buchori','string'),(36,'id_ID','preferredPublicName',0,0,'Afni Nurafni Nurafni','string'),(36,'en_US','preferredPublicName',0,0,'Afni Nurafni Nurafni','string'),(37,'id_ID','preferredPublicName',0,0,'Ramlan Ramlan Effendi','string'),(37,'en_US','preferredPublicName',0,0,'Ramlan Ramlan Effendi','string'),(38,'id_ID','preferredPublicName',0,0,'yanti sri suryanti','string'),(38,'en_US','preferredPublicName',0,0,'yanti sri suryanti','string'),(40,'id_ID','preferredPublicName',0,0,'Rizki Rizki Dwi Siswanto','string'),(40,'en_US','preferredPublicName',0,0,'Rizki Rizki Dwi Siswanto','string'),(41,'id_ID','preferredPublicName',0,0,'Diah Nyiayu Fahriza Fuadiah','string'),(41,'en_US','preferredPublicName',0,0,'Diah Nyiayu Fahriza Fuadiah','string'),(42,'id_ID','preferredPublicName',0,0,'Endit Enditiyas Pratiwi','string'),(42,'en_US','preferredPublicName',0,0,'Endit Enditiyas Pratiwi','string'),(43,'id_ID','preferredPublicName',0,0,'Isna Isna Asyarah','string'),(43,'en_US','preferredPublicName',0,0,'Isna Isna Asyarah','string'),(44,'id_ID','preferredPublicName',0,0,'Yudi Mahyudi Yudi','string'),(44,'en_US','preferredPublicName',0,0,'Yudi Mahyudi Yudi','string'),(45,'id_ID','preferredPublicName',0,0,'arif Ayu fudin Dian','string'),(45,'en_US','preferredPublicName',0,0,'arif Ayu fudin Dian','string'),(46,'id_ID','preferredPublicName',0,0,'Aulia Aulia Ar Rakhman Awaludin','string'),(46,'en_US','preferredPublicName',0,0,'Aulia Aulia Ar Rakhman Awaludin','string'),(47,'id_ID','preferredPublicName',0,0,'Assalamu\'alaikum Mu\'jizatin Fadiana','string'),(47,'en_US','preferredPublicName',0,0,'Assalamu\'alaikum Mu\'jizatin Fadiana','string'),(48,'id_ID','preferredPublicName',0,0,'Miatri Mia Tri Yunaningsih','string'),(48,'en_US','preferredPublicName',0,0,'Miatri Mia Tri Yunaningsih','string'),(49,'id_ID','preferredPublicName',0,0,'Hesty Hesty Nurwidiyawani','string'),(49,'en_US','preferredPublicName',0,0,'Hesty Hesty Nurwidiyawani','string'),(50,'id_ID','preferredPublicName',0,0,'Ajeng Ek Ajeng Rahmi Pinahayu','string'),(50,'en_US','preferredPublicName',0,0,'Ajeng Ek Ajeng Rahmi Pinahayu','string'),(51,'id_ID','preferredPublicName',0,0,'fitrah muh fitrah','string'),(51,'en_US','preferredPublicName',0,0,'fitrah muh fitrah','string'),(52,'id_ID','preferredPublicName',0,0,'Noufal Noufal Akmal Alhadi','string'),(52,'en_US','preferredPublicName',0,0,'Noufal Noufal Akmal Alhadi','string'),(53,'id_ID','preferredPublicName',0,0,'erda erdawati nurdin','string'),(53,'en_US','preferredPublicName',0,0,'erda erdawati nurdin','string'),(54,'id_ID','preferredPublicName',0,0,'Bapak Andi Saparuddin Nur','string'),(54,'en_US','preferredPublicName',0,0,'Bapak Andi Saparuddin Nur','string'),(55,'id_ID','preferredPublicName',0,0,'hasrat hasratuddin siregar','string'),(55,'en_US','preferredPublicName',0,0,'hasrat hasratuddin siregar','string'),(56,'id_ID','preferredPublicName',0,0,'zanip Muzanip Alperi','string'),(56,'en_US','preferredPublicName',0,0,'zanip Muzanip Alperi','string'),(57,'id_ID','preferredPublicName',0,0,'didi Didi Pianda','string'),(57,'en_US','preferredPublicName',0,0,'didi Didi Pianda','string'),(58,'id_ID','preferredPublicName',0,0,'Mex Maximus - Tamur','string'),(58,'en_US','preferredPublicName',0,0,'Mex Maximus - Tamur','string'),(59,'id_ID','preferredPublicName',0,0,'FIKI FIKI ALGHADARI','string'),(59,'en_US','preferredPublicName',0,0,'FIKI FIKI ALGHADARI','string'),(61,'id_ID','preferredPublicName',0,0,'Getut Getut Pramesti','string'),(61,'en_US','preferredPublicName',0,0,'Getut Getut Pramesti','string'),(62,'id_ID','preferredPublicName',0,0,'kartinah kartinah kartinah','string'),(62,'en_US','preferredPublicName',0,0,'kartinah kartinah kartinah','string'),(63,'id_ID','preferredPublicName',0,0,'MULL ANDI MULAWAKKAN FIRDAUS','string'),(63,'en_US','preferredPublicName',0,0,'MULL ANDI MULAWAKKAN FIRDAUS','string'),(64,'id_ID','preferredPublicName',0,0,'Hayatun Hayatun Nufus','string'),(64,'en_US','preferredPublicName',0,0,'Hayatun Hayatun Nufus','string'),(65,'id_ID','preferredPublicName',0,0,'niza Nok izatul yazidah','string'),(65,'en_US','preferredPublicName',0,0,'niza Nok izatul yazidah','string'),(66,'id_ID','preferredPublicName',0,0,'ninis yunis - sulistyorini','string'),(66,'en_US','preferredPublicName',0,0,'ninis yunis - sulistyorini','string'),(70,'id_ID','preferredPublicName',0,0,'angga angga hidayat','string'),(70,'en_US','preferredPublicName',0,0,'angga angga hidayat','string'),(71,'id_ID','preferredPublicName',0,0,'resa Resa Septiani Pontoh','string'),(71,'en_US','preferredPublicName',0,0,'resa Resa Septiani Pontoh','string'),(73,'id_ID','preferredPublicName',0,0,'Wanto Sowanto Sowanto','string'),(73,'en_US','preferredPublicName',0,0,'Wanto Sowanto Sowanto','string'),(79,'id_ID','preferredPublicName',0,0,'fey Fery Muhamad Firdaus','string'),(79,'en_US','preferredPublicName',0,0,'fey Fery Muhamad Firdaus','string'),(81,'id_ID','preferredPublicName',0,0,'jusep jusep saputra','string'),(81,'en_US','preferredPublicName',0,0,'jusep jusep saputra','string'),(84,'id_ID','preferredPublicName',0,0,'sekar Sekar Rani Pangestunigtyas','string'),(84,'en_US','preferredPublicName',0,0,'sekar Sekar Rani Pangestunigtyas','string'),(86,'id_ID','preferredPublicName',0,0,'Mr Budi Irwansyah','string'),(86,'en_US','preferredPublicName',0,0,'Mr Budi Irwansyah','string'),(87,'id_ID','preferredPublicName',0,0,'ccd chaiju chaiju chaiju','string'),(87,'en_US','preferredPublicName',0,0,'ccd chaiju chaiju chaiju','string'),(88,'id_ID','preferredPublicName',0,0,'karim abdul karim','string'),(88,'en_US','preferredPublicName',0,0,'karim abdul karim','string'),(90,'id_ID','preferredPublicName',0,0,'lilis lilis marina angraini','string'),(90,'en_US','preferredPublicName',0,0,'lilis lilis marina angraini','string'),(91,'id_ID','preferredPublicName',0,0,'Echa Echa Dian Anggraini','string'),(91,'en_US','preferredPublicName',0,0,'Echa Echa Dian Anggraini','string'),(92,'id_ID','preferredPublicName',0,0,'rani rani sugiarni sugiarni','string'),(92,'en_US','preferredPublicName',0,0,'rani rani sugiarni sugiarni','string'),(93,'id_ID','preferredPublicName',0,0,'Indah Indah Wahyu Rachmawati','string'),(93,'en_US','preferredPublicName',0,0,'Indah Indah Wahyu Rachmawati','string'),(94,'id_ID','preferredPublicName',0,0,'efa elfa rafulta','string'),(94,'en_US','preferredPublicName',0,0,'efa elfa rafulta','string'),(95,'id_ID','preferredPublicName',0,0,'asna sri asnawati','string'),(95,'en_US','preferredPublicName',0,0,'asna sri asnawati','string'),(96,'id_ID','preferredPublicName',0,0,'elis elis siti komara','string'),(96,'en_US','preferredPublicName',0,0,'elis elis siti komara','string'),(97,'id_ID','preferredPublicName',0,0,'Benny Benny Hendriana','string'),(97,'en_US','preferredPublicName',0,0,'Benny Benny Hendriana','string'),(104,'id_ID','preferredPublicName',0,0,'Heni Nurkholisah Alsya Putri','string'),(104,'en_US','preferredPublicName',0,0,'Heni Nurkholisah Alsya Putri','string'),(106,'id_ID','preferredPublicName',0,0,'ayu wahyu n','string'),(106,'en_US','preferredPublicName',0,0,'ayu wahyu n','string'),(107,'id_ID','preferredPublicName',0,0,'Rifki Rifki Maqfirah','string'),(107,'en_US','preferredPublicName',0,0,'Rifki Rifki Maqfirah','string'),(108,'id_ID','preferredPublicName',0,0,'siska Siska Firmasari','string'),(108,'en_US','preferredPublicName',0,0,'siska Siska Firmasari','string'),(112,'id_ID','preferredPublicName',0,0,'fitri fitri aisyah','string'),(112,'en_US','preferredPublicName',0,0,'fitri fitri aisyah','string'),(113,'id_ID','preferredPublicName',0,0,'siti siti khotimah','string'),(113,'en_US','preferredPublicName',0,0,'siti siti khotimah','string'),(114,'id_ID','preferredPublicName',0,0,'Assalamualaikum.wr.wb reza nike oktariani','string'),(114,'en_US','preferredPublicName',0,0,'Assalamualaikum.wr.wb reza nike oktariani','string'),(116,'id_ID','preferredPublicName',0,0,'eva evaderika ayu artikasari','string'),(116,'en_US','preferredPublicName',0,0,'eva evaderika ayu artikasari','string'),(117,'id_ID','preferredPublicName',0,0,'anisa anisa fitriana','string'),(117,'en_US','preferredPublicName',0,0,'anisa anisa fitriana','string'),(120,'id_ID','preferredPublicName',0,0,'hai nia jusniani','string'),(120,'en_US','preferredPublicName',0,0,'hai nia jusniani','string'),(122,'id_ID','preferredPublicName',0,0,'Eva Nur Eva Zakiah','string'),(122,'en_US','preferredPublicName',0,0,'Eva Nur Eva Zakiah','string'),(123,'id_ID','preferredPublicName',0,0,'Cris Prima Cristi Crismono','string'),(123,'en_US','preferredPublicName',0,0,'Cris Prima Cristi Crismono','string'),(124,'id_ID','preferredPublicName',0,0,'asep asep ikin sugandi','string'),(124,'en_US','preferredPublicName',0,0,'asep asep ikin sugandi','string'),(126,'id_ID','preferredPublicName',0,0,'Fajriah Noor fajriah','string'),(126,'en_US','preferredPublicName',0,0,'Fajriah Noor fajriah','string'),(129,'id_ID','preferredPublicName',0,0,'Ryan Ryan Angga Pratama','string'),(129,'en_US','preferredPublicName',0,0,'Ryan Ryan Angga Pratama','string'),(130,'id_ID','preferredPublicName',0,0,'Ayu Ayu Tsurayya','string'),(130,'en_US','preferredPublicName',0,0,'Ayu Ayu Tsurayya','string'),(131,'id_ID','preferredPublicName',0,0,'Ms Isna Rafianti','string'),(131,'en_US','preferredPublicName',0,0,'Ms Isna Rafianti','string'),(132,'id_ID','preferredPublicName',0,0,'yuni wahyuni wahyuni','string'),(132,'en_US','preferredPublicName',0,0,'yuni wahyuni wahyuni','string'),(133,'id_ID','preferredPublicName',0,0,'Santi Irda Risanti','string'),(133,'en_US','preferredPublicName',0,0,'Santi Irda Risanti','string'),(134,'id_ID','preferredPublicName',0,0,'Ninil Ainil Mardiyah','string'),(134,'en_US','preferredPublicName',0,0,'Ninil Ainil Mardiyah','string'),(135,'id_ID','preferredPublicName',0,0,'elsa Elsa Rahmah','string'),(135,'en_US','preferredPublicName',0,0,'elsa Elsa Rahmah','string'),(136,'id_ID','preferredPublicName',0,0,'Dian Rusdian Rifa\'i','string'),(136,'en_US','preferredPublicName',0,0,'Dian Rusdian Rifa\'i','string'),(138,'id_ID','preferredPublicName',0,0,'sinta mukti sintawati','string'),(138,'en_US','preferredPublicName',0,0,'sinta mukti sintawati','string'),(139,'id_ID','preferredPublicName',0,0,'Rifqi Rifqi Hidayat','string'),(139,'en_US','preferredPublicName',0,0,'Rifqi Rifqi Hidayat','string'),(140,'id_ID','preferredPublicName',0,0,'arie arie wahyuni','string'),(140,'en_US','preferredPublicName',0,0,'arie arie wahyuni','string'),(141,'id_ID','preferredPublicName',0,0,'assalamualaikum sekar rani pangestuningtyas','string'),(141,'en_US','preferredPublicName',0,0,'assalamualaikum sekar rani pangestuningtyas','string'),(142,'id_ID','preferredPublicName',0,0,'eka eka widya wati','string'),(142,'en_US','preferredPublicName',0,0,'eka eka widya wati','string'),(144,'id_ID','preferredPublicName',0,0,'nisa annisa restiani rinzani','string'),(144,'en_US','preferredPublicName',0,0,'nisa annisa restiani rinzani','string'),(145,'id_ID','preferredPublicName',0,0,'holid holidun holidun holidun','string'),(145,'en_US','preferredPublicName',0,0,'holid holidun holidun holidun','string'),(146,'id_ID','preferredPublicName',0,0,'tutut tutut widiastuti anisa','string'),(146,'en_US','preferredPublicName',0,0,'tutut tutut widiastuti anisa','string'),(147,'id_ID','preferredPublicName',0,0,'aini nur\'aini sukmawati','string'),(147,'en_US','preferredPublicName',0,0,'aini nur\'aini sukmawati','string'),(148,'id_ID','preferredPublicName',0,0,'Sari Sari Herlina','string'),(148,'en_US','preferredPublicName',0,0,'Sari Sari Herlina','string'),(149,'id_ID','preferredPublicName',0,0,'put putri firda','string'),(149,'en_US','preferredPublicName',0,0,'put putri firda','string'),(155,'id_ID','preferredPublicName',0,0,'Siska Siska Firmasari','string'),(155,'en_US','preferredPublicName',0,0,'Siska Siska Firmasari','string'),(157,'id_ID','preferredPublicName',0,0,'Destri Destri Ninda Riyani','string'),(157,'en_US','preferredPublicName',0,0,'Destri Destri Ninda Riyani','string'),(158,'id_ID','preferredPublicName',0,0,'Dr I Gusti Ngurah Darmawan','string'),(158,'en_US','preferredPublicName',0,0,'Dr I Gusti Ngurah Darmawan','string'),(160,'id_ID','preferredPublicName',0,0,'Fika Rafika Dinda','string'),(160,'en_US','preferredPublicName',0,0,'Fika Rafika Dinda','string'),(162,'id_ID','preferredPublicName',0,0,'Yunda Yunda Kurniawan','string'),(162,'en_US','preferredPublicName',0,0,'Yunda Yunda Kurniawan','string'),(165,'id_ID','preferredPublicName',0,0,'Mella Mellawaty Mellawaty','string'),(165,'en_US','preferredPublicName',0,0,'Mella Mellawaty Mellawaty','string'),(166,'id_ID','preferredPublicName',0,0,'elis elis siti komara','string'),(166,'en_US','preferredPublicName',0,0,'elis elis siti komara','string'),(168,'id_ID','preferredPublicName',0,0,'assalam firdaus daus Firdausi','string'),(168,'en_US','preferredPublicName',0,0,'assalam firdaus daus Firdausi','string'),(170,'id_ID','preferredPublicName',0,0,'Lia Aulia Dewi','string'),(170,'en_US','preferredPublicName',0,0,'Lia Aulia Dewi','string'),(171,'id_ID','preferredPublicName',0,0,'Heri Heri Nugroho','string'),(171,'en_US','preferredPublicName',0,0,'Heri Heri Nugroho','string'),(176,'id_ID','preferredPublicName',0,0,'Roy Trisna Roy Pradipta','string'),(176,'en_US','preferredPublicName',0,0,'Roy Trisna Roy Pradipta','string'),(177,'id_ID','preferredPublicName',0,0,'herdi indri herdiman','string'),(177,'en_US','preferredPublicName',0,0,'herdi indri herdiman','string'),(178,'id_ID','preferredPublicName',0,0,'dian Dian Fitri Argarini','string'),(178,'en_US','preferredPublicName',0,0,'dian Dian Fitri Argarini','string'),(179,'id_ID','preferredPublicName',0,0,'helsi helsina pakpahan','string'),(179,'en_US','preferredPublicName',0,0,'helsi helsina pakpahan','string'),(180,'id_ID','preferredPublicName',0,0,'Restu Restu Fajar Armawati','string'),(180,'en_US','preferredPublicName',0,0,'Restu Restu Fajar Armawati','string'),(181,'id_ID','preferredPublicName',0,0,'Nia Nia Kurniasih','string'),(181,'en_US','preferredPublicName',0,0,'Nia Nia Kurniasih','string'),(182,'id_ID','preferredPublicName',0,0,'Mr. Iden Rainal Ihsan','string'),(182,'en_US','preferredPublicName',0,0,'Mr. Iden Rainal Ihsan','string'),(183,'id_ID','preferredPublicName',0,0,'Yola Yola Ratal','string'),(183,'en_US','preferredPublicName',0,0,'Yola Yola Ratal','string'),(184,'id_ID','preferredPublicName',0,0,'shasya sarifa Rafsanjani','string'),(184,'en_US','preferredPublicName',0,0,'shasya sarifa Rafsanjani','string'),(185,'id_ID','preferredPublicName',0,0,'yenny yenny nuraini','string'),(185,'en_US','preferredPublicName',0,0,'yenny yenny nuraini','string'),(190,'id_ID','preferredPublicName',0,0,'Widya Widya Astuti','string'),(190,'en_US','preferredPublicName',0,0,'Widya Widya Astuti','string'),(191,'id_ID','preferredPublicName',0,0,'Hai Johannis - Takaria','string'),(191,'en_US','preferredPublicName',0,0,'Hai Johannis - Takaria','string'),(193,'id_ID','preferredPublicName',0,0,'Hani Neng Hanipah','string'),(193,'en_US','preferredPublicName',0,0,'Hani Neng Hanipah','string'),(194,'id_ID','preferredPublicName',0,0,'Tia aprilia setiani','string'),(194,'en_US','preferredPublicName',0,0,'Tia aprilia setiani','string'),(196,'id_ID','preferredPublicName',0,0,'Wyda Wyda Widyanti Gantiny','string'),(196,'en_US','preferredPublicName',0,0,'Wyda Wyda Widyanti Gantiny','string'),(197,'id_ID','preferredPublicName',0,0,'hafidz Hafidz Fadilah Ramadhani','string'),(197,'en_US','preferredPublicName',0,0,'hafidz Hafidz Fadilah Ramadhani','string'),(198,'id_ID','preferredPublicName',0,0,'Raras Raras Kartika Sari','string'),(198,'en_US','preferredPublicName',0,0,'Raras Raras Kartika Sari','string'),(199,'id_ID','preferredPublicName',0,0,'Hafidz Hafidz Fadilah Ramadhani','string'),(199,'en_US','preferredPublicName',0,0,'Hafidz Hafidz Fadilah Ramadhani','string'),(200,'id_ID','preferredPublicName',0,0,'Hafidz Hafidz Fadilah Ramadhani','string'),(200,'en_US','preferredPublicName',0,0,'Hafidz Hafidz Fadilah Ramadhani','string'),(201,'id_ID','preferredPublicName',0,0,'Nanda Firnanda Pradana Putra','string'),(201,'en_US','preferredPublicName',0,0,'Nanda Firnanda Pradana Putra','string'),(202,'id_ID','preferredPublicName',0,0,'Assalamualaikum Lusi Lutfia','string'),(202,'en_US','preferredPublicName',0,0,'Assalamualaikum Lusi Lutfia','string'),(203,'id_ID','preferredPublicName',0,0,'Indana Indana Zulfa','string'),(203,'en_US','preferredPublicName',0,0,'Indana Indana Zulfa','string'),(204,'id_ID','preferredPublicName',0,0,'Mei Alberta Parinters Makur','string'),(204,'en_US','preferredPublicName',0,0,'Mei Alberta Parinters Makur','string'),(206,'id_ID','preferredPublicName',0,0,'Indana Indana Zulfa','string'),(206,'en_US','preferredPublicName',0,0,'Indana Indana Zulfa','string'),(207,'id_ID','preferredPublicName',0,0,'putri putri firdausyin','string'),(207,'en_US','preferredPublicName',0,0,'putri putri firdausyin','string'),(208,'id_ID','preferredPublicName',0,0,'Ulwan Ulwan Syafrudin','string'),(208,'en_US','preferredPublicName',0,0,'Ulwan Ulwan Syafrudin','string'),(209,'id_ID','preferredPublicName',0,0,'ute Siti Utami Octaviani','string'),(209,'en_US','preferredPublicName',0,0,'ute Siti Utami Octaviani','string'),(210,'id_ID','preferredPublicName',0,0,'Rima Rima Aksen Cahdriyana','string'),(210,'en_US','preferredPublicName',0,0,'Rima Rima Aksen Cahdriyana','string'),(211,'id_ID','preferredPublicName',0,0,'Arif Arif Nurochman','string'),(211,'en_US','preferredPublicName',0,0,'Arif Arif Nurochman','string'),(212,'id_ID','preferredPublicName',0,0,'vya Divya Andriana Ainunnisa','string'),(212,'en_US','preferredPublicName',0,0,'vya Divya Andriana Ainunnisa','string'),(213,'id_ID','preferredPublicName',0,0,'chatrien chatrien prihatin alfaris','string'),(213,'en_US','preferredPublicName',0,0,'chatrien chatrien prihatin alfaris','string'),(218,'id_ID','preferredPublicName',0,0,'Nita Anita Mawarni','string'),(218,'en_US','preferredPublicName',0,0,'Nita Anita Mawarni','string'),(219,'id_ID','preferredPublicName',0,0,'ema HERMA HERMAWATI','string'),(219,'en_US','preferredPublicName',0,0,'ema HERMA HERMAWATI','string'),(220,'id_ID','preferredPublicName',0,0,'fitri fitri indriyani','string'),(220,'en_US','preferredPublicName',0,0,'fitri fitri indriyani','string'),(221,'id_ID','preferredPublicName',0,0,'rina rina ROSDIANA','string'),(221,'en_US','preferredPublicName',0,0,'rina rina ROSDIANA','string'),(225,'id_ID','preferredPublicName',0,0,'nur nur hayati','string'),(225,'en_US','preferredPublicName',0,0,'nur nur hayati','string'),(226,'id_ID','preferredPublicName',0,0,'nuy nur hayati','string'),(226,'en_US','preferredPublicName',0,0,'nuy nur hayati','string'),(230,'id_ID','preferredPublicName',0,0,'fit fitri mei suciati','string'),(230,'en_US','preferredPublicName',0,0,'fit fitri mei suciati','string'),(233,'id_ID','preferredPublicName',0,0,'Dian Dwi Kurniasari diandwi','string'),(233,'en_US','preferredPublicName',0,0,'Dian Dwi Kurniasari diandwi','string'),(235,'id_ID','preferredPublicName',0,0,'mascip Cipto Cipto','string'),(235,'en_US','preferredPublicName',0,0,'mascip Cipto Cipto','string'),(239,'id_ID','preferredPublicName',0,0,'ijen rizen handika','string'),(239,'en_US','preferredPublicName',0,0,'ijen rizen handika','string'),(241,'id_ID','preferredPublicName',0,0,'Lita Lita Arianti','string'),(241,'en_US','preferredPublicName',0,0,'Lita Lita Arianti','string'),(242,'id_ID','preferredPublicName',0,0,'rusmi rusmiyati - -','string'),(242,'en_US','preferredPublicName',0,0,'rusmi rusmiyati - -','string'),(243,'id_ID','preferredPublicName',0,0,'Dina Zul Fardinah','string'),(243,'en_US','preferredPublicName',0,0,'Dina Zul Fardinah','string'),(244,'id_ID','preferredPublicName',0,0,'ela nurlaela rahmawati','string'),(244,'en_US','preferredPublicName',0,0,'ela nurlaela rahmawati','string'),(245,'id_ID','preferredPublicName',0,0,'pitri pitri yulianti','string'),(245,'en_US','preferredPublicName',0,0,'pitri pitri yulianti','string'),(246,'id_ID','preferredPublicName',0,0,'Nissa Khoerunnissa Sholihatti','string'),(246,'en_US','preferredPublicName',0,0,'Nissa Khoerunnissa Sholihatti','string'),(247,'id_ID','preferredPublicName',0,0,'laela laela amriani','string'),(247,'en_US','preferredPublicName',0,0,'laela laela amriani','string'),(248,'id_ID','preferredPublicName',0,0,'abi abimanyu hadi sukoro','string'),(248,'en_US','preferredPublicName',0,0,'abi abimanyu hadi sukoro','string'),(249,'id_ID','preferredPublicName',0,0,'aris Aris Suhendar','string'),(249,'en_US','preferredPublicName',0,0,'aris Aris Suhendar','string'),(250,'id_ID','preferredPublicName',0,0,'Wawan Wahyudin Wisudawan','string'),(250,'en_US','preferredPublicName',0,0,'Wawan Wahyudin Wisudawan','string'),(251,'id_ID','preferredPublicName',0,0,'lantari lantari muhinggar','string'),(251,'en_US','preferredPublicName',0,0,'lantari lantari muhinggar','string'),(252,'id_ID','preferredPublicName',0,0,'Hasan MUHASAN SARMIDI RIMIN','string'),(252,'en_US','preferredPublicName',0,0,'Hasan MUHASAN SARMIDI RIMIN','string'),(254,'id_ID','preferredPublicName',0,0,'lita Lita Marhan','string'),(254,'en_US','preferredPublicName',0,0,'lita Lita Marhan','string'),(255,'id_ID','preferredPublicName',0,0,'Tunjung Tunjung Dyah Ovi','string'),(255,'en_US','preferredPublicName',0,0,'Tunjung Tunjung Dyah Ovi','string'),(257,'id_ID','preferredPublicName',0,0,'Assalamualaikum desi herlina','string'),(257,'en_US','preferredPublicName',0,0,'Assalamualaikum desi herlina','string'),(259,'id_ID','preferredPublicName',0,0,'riana riana intan safitri','string'),(259,'en_US','preferredPublicName',0,0,'riana riana intan safitri','string'),(260,'id_ID','preferredPublicName',0,0,'ira sri irawati','string'),(260,'en_US','preferredPublicName',0,0,'ira sri irawati','string'),(261,'id_ID','preferredPublicName',0,0,'DR YULIANTO WASIRAN','string'),(261,'en_US','preferredPublicName',0,0,'DR YULIANTO WASIRAN','string'),(262,'id_ID','preferredPublicName',0,0,'Rita Rita Rohmania','string'),(262,'en_US','preferredPublicName',0,0,'Rita Rita Rohmania','string'),(264,'id_ID','preferredPublicName',0,0,'Leni Leni Agustina Daulay','string'),(264,'en_US','preferredPublicName',0,0,'Leni Leni Agustina Daulay','string'),(265,'id_ID','preferredPublicName',0,0,'sukma sukma sacita dewi','string'),(265,'en_US','preferredPublicName',0,0,'sukma sukma sacita dewi','string'),(266,'id_ID','preferredPublicName',0,0,'Ulfa Ulfa Surti Kanti','string'),(266,'en_US','preferredPublicName',0,0,'Ulfa Ulfa Surti Kanti','string'),(267,'id_ID','preferredPublicName',0,0,'hs Hamdan Sugilar','string'),(267,'en_US','preferredPublicName',0,0,'hs Hamdan Sugilar','string'),(268,'id_ID','preferredPublicName',0,0,'Sutrisno','string'),(268,'en_US','preferredPublicName',0,0,'Sutrisno','string'),(271,'id_ID','preferredPublicName',0,0,'yulia Yulianingrum Dwi Utami','string'),(271,'en_US','preferredPublicName',0,0,'yulia Yulianingrum Dwi Utami','string'),(272,'id_ID','preferredPublicName',0,0,'asw asw asw asw','string'),(272,'en_US','preferredPublicName',0,0,'asw asw asw asw','string'),(273,'id_ID','preferredPublicName',0,0,'assalamualaikum zinatul Hayati Dina','string'),(273,'en_US','preferredPublicName',0,0,'assalamualaikum zinatul Hayati Dina','string'),(275,'id_ID','preferredPublicName',0,0,'Dina Dina Maulida','string'),(275,'en_US','preferredPublicName',0,0,'Dina Dina Maulida','string'),(276,'id_ID','preferredPublicName',0,0,'jeje jeani alfi rahmadita','string'),(276,'en_US','preferredPublicName',0,0,'jeje jeani alfi rahmadita','string'),(277,'id_ID','preferredPublicName',0,0,'Guntur Andi Guntur Pratomo','string'),(277,'en_US','preferredPublicName',0,0,'Guntur Andi Guntur Pratomo','string'),(278,'id_ID','preferredPublicName',0,0,'rad radhiati jailani','string'),(278,'en_US','preferredPublicName',0,0,'rad radhiati jailani','string'),(279,'id_ID','preferredPublicName',0,0,'Alfa Alfa Charisma Sardjono Pello','string'),(279,'en_US','preferredPublicName',0,0,'Alfa Alfa Charisma Sardjono Pello','string'),(280,'id_ID','preferredPublicName',0,0,'Nita Vernita Sari','string'),(280,'en_US','preferredPublicName',0,0,'Nita Vernita Sari','string'),(281,'id_ID','preferredPublicName',0,0,'Rika Baiq Rika Ayu Febrilia','string'),(281,'en_US','preferredPublicName',0,0,'Rika Baiq Rika Ayu Febrilia','string'),(284,'id_ID','preferredPublicName',0,0,'Vina Ervina Surya komala Beliuk','string'),(284,'en_US','preferredPublicName',0,0,'Vina Ervina Surya komala Beliuk','string'),(286,'id_ID','preferredPublicName',0,0,'Silvi Silvia Fitriani','string'),(286,'en_US','preferredPublicName',0,0,'Silvi Silvia Fitriani','string'),(287,'id_ID','preferredPublicName',0,0,'Apri Sela Apri Jayanti','string'),(287,'en_US','preferredPublicName',0,0,'Apri Sela Apri Jayanti','string'),(288,'id_ID','preferredPublicName',0,0,'sugi Sugianto Ramlan','string'),(288,'en_US','preferredPublicName',0,0,'sugi Sugianto Ramlan','string'),(292,'id_ID','preferredPublicName',0,0,'Shinta Shinta Tri Kismanti','string'),(292,'en_US','preferredPublicName',0,0,'Shinta Shinta Tri Kismanti','string'),(296,'id_ID','preferredPublicName',0,0,'Nurul Nurul Rahmawati','string'),(296,'en_US','preferredPublicName',0,0,'Nurul Nurul Rahmawati','string'),(299,'id_ID','preferredPublicName',0,0,'Devita Aziza Devita Indraswari','string'),(299,'en_US','preferredPublicName',0,0,'Devita Aziza Devita Indraswari','string'),(300,'id_ID','preferredPublicName',0,0,'Anjas Anjas Purnomo','string'),(300,'en_US','preferredPublicName',0,0,'Anjas Anjas Purnomo','string'),(301,'id_ID','preferredPublicName',0,0,'Dicky Dicky Subadras','string'),(301,'en_US','preferredPublicName',0,0,'Dicky Dicky Subadras','string'),(302,'id_ID','preferredPublicName',0,0,'Mrs. Fitria Meini Sari','string'),(302,'en_US','preferredPublicName',0,0,'Mrs. Fitria Meini Sari','string'),(303,'id_ID','preferredPublicName',0,0,'Nana Ratna Sari','string'),(303,'en_US','preferredPublicName',0,0,'Nana Ratna Sari','string'),(305,'id_ID','preferredPublicName',0,0,'hendy Lian Hendi Saputra','string'),(305,'en_US','preferredPublicName',0,0,'hendy Lian Hendi Saputra','string'),(307,'id_ID','preferredPublicName',0,0,'Ani Ani Puji Lestari','string'),(307,'en_US','preferredPublicName',0,0,'Ani Ani Puji Lestari','string'),(308,'id_ID','preferredPublicName',0,0,'andi kuswandi kuswandi','string'),(308,'en_US','preferredPublicName',0,0,'andi kuswandi kuswandi','string'),(310,'id_ID','preferredPublicName',0,0,'Riswan Riswan Ahmat Fauzi','string'),(310,'en_US','preferredPublicName',0,0,'Riswan Riswan Ahmat Fauzi','string'),(311,'id_ID','preferredPublicName',0,0,'Joen Rohmad Junia Sandy','string'),(311,'en_US','preferredPublicName',0,0,'Joen Rohmad Junia Sandy','string'),(312,'id_ID','preferredPublicName',0,0,'Neneng Neneng Farhatin','string'),(312,'en_US','preferredPublicName',0,0,'Neneng Neneng Farhatin','string'),(313,'id_ID','preferredPublicName',0,0,'Nuri Novita Nuri Anggraeni','string'),(313,'en_US','preferredPublicName',0,0,'Nuri Novita Nuri Anggraeni','string'),(314,'id_ID','preferredPublicName',0,0,'Assalamu\'alaikum Devy Iman Sari','string'),(314,'en_US','preferredPublicName',0,0,'Assalamu\'alaikum Devy Iman Sari','string'),(315,'id_ID','preferredPublicName',0,0,'Siswi Nor nugraheni','string'),(315,'en_US','preferredPublicName',0,0,'Siswi Nor nugraheni','string'),(316,'id_ID','preferredPublicName',0,0,'Surya Setya Surya','string'),(316,'en_US','preferredPublicName',0,0,'Surya Setya Surya','string'),(317,'id_ID','preferredPublicName',0,0,'Beni Beni Arif Setiawan','string'),(317,'en_US','preferredPublicName',0,0,'Beni Beni Arif Setiawan','string'),(319,'id_ID','preferredPublicName',0,0,'Nova Nova Setya Mahanani','string'),(319,'en_US','preferredPublicName',0,0,'Nova Nova Setya Mahanani','string'),(320,'id_ID','preferredPublicName',0,0,'nafi Siti Napfiah','string'),(320,'en_US','preferredPublicName',0,0,'nafi Siti Napfiah','string'),(321,'id_ID','preferredPublicName',0,0,'Agung Agung Triyadi','string'),(321,'en_US','preferredPublicName',0,0,'Agung Agung Triyadi','string'),(322,'id_ID','preferredPublicName',0,0,'Assalamualaikum Ardhia Mahardhika Sari','string'),(322,'en_US','preferredPublicName',0,0,'Assalamualaikum Ardhia Mahardhika Sari','string'),(323,'id_ID','preferredPublicName',0,0,'rohmat rochmat setiawan aji nugroho','string'),(323,'en_US','preferredPublicName',0,0,'rohmat rochmat setiawan aji nugroho','string'),(324,'id_ID','preferredPublicName',0,0,'assalamualaikum vinni aprilia','string'),(324,'en_US','preferredPublicName',0,0,'assalamualaikum vinni aprilia','string'),(326,'id_ID','preferredPublicName',0,0,'evi evi wida yanti','string'),(326,'en_US','preferredPublicName',0,0,'evi evi wida yanti','string'),(327,'id_ID','preferredPublicName',0,0,'Yulia Yulia Rahmawati Z','string'),(327,'en_US','preferredPublicName',0,0,'Yulia Yulia Rahmawati Z','string'),(328,'id_ID','preferredPublicName',0,0,'uka khaluka ahsana fitri','string'),(328,'en_US','preferredPublicName',0,0,'uka khaluka ahsana fitri','string'),(332,'id_ID','preferredPublicName',0,0,'Assalamualaikum Nuralam Nuralam','string'),(332,'en_US','preferredPublicName',0,0,'Assalamualaikum Nuralam Nuralam','string'),(333,'id_ID','preferredPublicName',0,0,'hella hella jusra','string'),(333,'en_US','preferredPublicName',0,0,'hella hella jusra','string'),(334,'id_ID','preferredPublicName',0,0,'Munir Almunir - Sihotang','string'),(334,'en_US','preferredPublicName',0,0,'Munir Almunir - Sihotang','string'),(335,'id_ID','preferredPublicName',0,0,'siska siska candra ningsih','string'),(335,'en_US','preferredPublicName',0,0,'siska siska candra ningsih','string'),(336,'id_ID','preferredPublicName',0,0,'Ms. Santi Arum Puspita Lestari','string'),(336,'en_US','preferredPublicName',0,0,'Ms. Santi Arum Puspita Lestari','string'),(344,'id_ID','preferredPublicName',0,0,'nia nia setiani','string'),(344,'en_US','preferredPublicName',0,0,'nia nia setiani','string'),(345,'id_ID','preferredPublicName',0,0,'Nurma Nurmawati Nurmawati','string'),(345,'en_US','preferredPublicName',0,0,'Nurma Nurmawati Nurmawati','string'),(346,'id_ID','preferredPublicName',0,0,'Fikri Fikri Apriyono','string'),(346,'en_US','preferredPublicName',0,0,'Fikri Fikri Apriyono','string'),(347,'id_ID','preferredPublicName',0,0,'Windi Windi Permata Sari','string'),(347,'en_US','preferredPublicName',0,0,'Windi Windi Permata Sari','string'),(348,'id_ID','preferredPublicName',0,0,'Novi Novi Sariani','string'),(348,'en_US','preferredPublicName',0,0,'Novi Novi Sariani','string'),(349,'id_ID','preferredPublicName',0,0,'Metri Metrilina Br Sembiring','string'),(349,'en_US','preferredPublicName',0,0,'Metri Metrilina Br Sembiring','string'),(350,'id_ID','preferredPublicName',0,0,'Rasiah Rasiah Rasiah','string'),(350,'en_US','preferredPublicName',0,0,'Rasiah Rasiah Rasiah','string'),(351,'id_ID','preferredPublicName',0,0,'Ms Nurfadilah Siregar','string'),(351,'en_US','preferredPublicName',0,0,'Ms Nurfadilah Siregar','string'),(352,'id_ID','preferredPublicName',0,0,'Hanim Hanim Faizah','string'),(352,'en_US','preferredPublicName',0,0,'Hanim Hanim Faizah','string'),(353,'id_ID','preferredPublicName',0,0,'Putri Putri Maqomam Mahmuda','string'),(353,'en_US','preferredPublicName',0,0,'Putri Putri Maqomam Mahmuda','string'),(357,'id_ID','preferredPublicName',0,0,'Risma Risma Maryani','string'),(357,'en_US','preferredPublicName',0,0,'Risma Risma Maryani','string'),(358,'id_ID','affiliation',0,0,'Universitas Sultan Ageng Tirtayasa','string'),(358,'en_US','affiliation',0,0,'Universitas Sultan Ageng Tirtayasa','string'),(358,'id_ID','givenName',0,0,'Eneng Indriyani Fitri','string'),(358,'en_US','givenName',0,0,'Eneng Indriyani Fitri','string'),(358,'id_ID','familyName',0,0,'Hidayat','string'),(358,'en_US','familyName',0,0,'Hidayat','string'),(359,'id_ID','affiliation',0,0,'Universitas suryakancana cianjur','string'),(359,'en_US','affiliation',0,0,'Universitas suryakancana cianjur','string'),(359,'id_ID','givenName',0,0,'Bianca oktaria putri','string'),(359,'en_US','givenName',0,0,'Bianca oktaria putri','string'),(359,'id_ID','familyName',0,0,'','string'),(359,'en_US','familyName',0,0,'','string'),(360,'en_US','affiliation',0,0,'Universitas Pamulang','string'),(360,'en_US','givenName',0,0,'Rusyda Maulida','string'),(360,'en_US','familyName',0,0,'Rusyda','string'),(361,'en_US','affiliation',0,0,'','string'),(361,'en_US','givenName',0,0,'alicefloyd','string'),(361,'en_US','familyName',0,0,'Alice','string'),(362,'en_US','affiliation',0,0,'Reni Jaya Baru Jl. Kenari III Blok AD 2 No. 6 RT 004 RW 017. Pamulang Tangerang Selatan','string'),(362,'en_US','givenName',0,0,'Fauziah Nurul Hakiqi','string'),(362,'en_US','familyName',0,0,'','string'),(363,'en_US','affiliation',0,0,'','string'),(363,'en_US','givenName',0,0,'rumahweb3','string'),(363,'en_US','familyName',0,0,'rumahweb3','string'),(363,'en_US','biography',0,0,'','string'),(363,'en_US','signature',0,0,'','string'),(363,'en_US','preferredPublicName',0,0,'','string'),(363,'','orcid',0,0,'','string'),(364,'en_US','affiliation',0,0,'a:1:{s:5:\"en_US\";s:31:\"Universitas Muhammadiyah Malang\";}','object'),(364,'en_US','givenName',0,0,'Agung Deddiliawan','string'),(364,'en_US','familyName',0,0,'Ismail','string'),(1,'id_ID','givenName',0,0,'','string'),(1,'id_ID','familyName',0,0,'','string'),(1,'en_US','preferredPublicName',0,0,'Krisna','string'),(1,'id_ID','preferredPublicName',0,0,'Krisna','string'),(25,'en_US','signature',0,0,'','string'),(25,'en_US','affiliation',0,0,'089601937499','string'),(25,'en_US','biography',0,0,'','string'),(25,'id_ID','givenName',0,0,'','string'),(25,'id_ID','familyName',0,0,'','string'),(25,'en_US','preferredPublicName',0,0,'','string'),(25,'id_ID','preferredPublicName',0,0,'','string'),(365,'en_US','affiliation',0,0,'PD','string'),(365,'en_US','givenName',0,0,'faefinney','string'),(365,'en_US','familyName',0,0,'Fae','string'),(366,'id_ID','affiliation',0,0,'a:1:{s:5:\"en_US\";s:21:\"Pendidikan Matematika\";}','object'),(366,'en_US','affiliation',0,0,'a:1:{s:5:\"en_US\";s:21:\"Pendidikan Matematika\";}','object'),(366,'id_ID','givenName',0,0,'Rima','string'),(366,'en_US','givenName',0,0,'Rima','string'),(366,'id_ID','familyName',0,0,'Yukianti','string'),(366,'en_US','familyName',0,0,'Yukianti','string'),(268,'id_ID','givenName',0,0,'','string'),(268,'id_ID','familyName',0,0,'','string'),(268,'en_US','signature',0,0,'','string'),(268,'en_US','affiliation',0,0,'Universitas PGRI Semarang','string'),(268,'','profileImage',256,0,'a:5:{s:4:\"name\";s:10:\"Fotoed.jpg\";s:10:\"uploadName\";s:20:\"profileImage-268.jpg\";s:5:\"width\";i:120;s:6:\"height\";i:148;s:12:\"dateUploaded\";s:19:\"2019-08-07 20:29:23\";}','object'),(268,'en_US','biography',0,0,'<div class=\"id-banner\">\r\n<div class=\"oid\">&nbsp;</div>\r\n</div>\r\n<div class=\"workspace-section\">\r\n<div class=\"workspace-section-header\">\r\n<div id=\"public-external-identifiers-div\" class=\"public-content column\"><a href=\"http://www.researcherid.com/rid/D-2745-2017\" target=\"externalIdentifier.value\">ResearcherID: D-2745-2017</a></div>\r\n<div class=\"public-content column\"><a href=\"http://www.scopus.com/inward/authorDetails.url?authorID=57199144819&amp;partnerID=MN8TOARS\" target=\"externalIdentifier.value\">Scopus Author ID: 57199144819</a></div>\r\n</div>\r\n</div>','string'),(367,'en_US','affiliation',0,0,'GM','string'),(367,'en_US','givenName',0,0,'liliaroney','string'),(367,'en_US','familyName',0,0,'Lilia','string'),(368,'en_US','affiliation',0,0,'ZH','string'),(368,'en_US','givenName',0,0,'adolphvega','string'),(368,'en_US','familyName',0,0,'Adolph','string'),(369,'en_US','affiliation',0,0,'a:1:{s:5:\"en_US\";s:17:\"Lake Land College\";}','object'),(369,'en_US','givenName',0,0,'lonups','string'),(369,'en_US','familyName',0,0,'lonups','string'),(370,'en_US','affiliation',0,0,'WE','string'),(370,'en_US','givenName',0,0,'colbyludwi','string'),(370,'en_US','familyName',0,0,'Colby','string'),(371,'en_US','affiliation',0,0,'RV','string'),(371,'en_US','givenName',0,0,'rickietutt','string'),(371,'en_US','familyName',0,0,'Rickie','string'),(372,'en_US','affiliation',0,0,'a:1:{s:5:\"en_US\";s:22:\"STKIP PGRI TULUNGAGUNG\";}','object'),(372,'en_US','givenName',0,0,'hasti','string'),(372,'en_US','familyName',0,0,'hasti nurdiyah','string'),(372,'id_ID','givenName',0,0,'','string'),(372,'id_ID','familyName',0,0,'','string'),(372,'en_US','preferredPublicName',0,0,'','string'),(372,'id_ID','preferredPublicName',0,0,'','string'),(373,'en_US','affiliation',0,0,'','string'),(373,'en_US','givenName',0,0,'Kurtki','string'),(373,'en_US','familyName',0,0,'Skorzane','string'),(373,'en_US','signature',0,0,'','string'),(373,'id_ID','signature',0,0,'','string'),(373,'id_ID','affiliation',0,0,'','string'),(374,'en_US','affiliation',0,0,'','string'),(374,'en_US','givenName',0,0,'Hani utari','string'),(374,'en_US','familyName',0,0,'Hani','string'),(374,'en_US','signature',0,0,'','string'),(374,'id_ID','signature',0,0,'','string'),(374,'id_ID','affiliation',0,0,'','string'),(375,'en_US','affiliation',0,0,'a:1:{s:5:\"en_US\";s:39:\"Universitas swadaya Gunung jati Cirebon\";}','object'),(375,'en_US','givenName',0,0,'Syaiful','string'),(375,'en_US','familyName',0,0,'Lutfi ikromi','string'),(376,'en_US','affiliation',0,0,'a:1:{s:5:\"en_US\";s:9:\"Mahasiswa\";}','object'),(376,'en_US','givenName',0,0,'Firman Bangkit','string'),(376,'en_US','familyName',0,0,'Mulyantoro','string'),(377,'en_US','affiliation',0,0,'a:1:{s:5:\"en_US\";s:19:\"Universitas Mataram\";}','object'),(377,'en_US','givenName',0,0,'Mohammad Archi','string'),(377,'en_US','familyName',0,0,'Maulyda','string'),(378,'en_US','affiliation',0,0,'LK','string'),(378,'en_US','givenName',0,0,'martingold','string'),(378,'en_US','familyName',0,0,'Martin','string'),(379,'en_US','affiliation',0,0,'ZR','string'),(379,'en_US','givenName',0,0,'brentmeeks','string'),(379,'en_US','familyName',0,0,'Brent','string'),(380,'en_US','affiliation',0,0,'HO','string'),(380,'en_US','givenName',0,0,'stantims0','string'),(380,'en_US','familyName',0,0,'Stan','string'),(381,'en_US','affiliation',0,0,'WD','string'),(381,'en_US','givenName',0,0,'sbvgaye34','string'),(381,'en_US','familyName',0,0,'Gaye','string'),(382,'en_US','affiliation',0,0,'TI','string'),(382,'en_US','givenName',0,0,'grazyna30f','string'),(382,'en_US','familyName',0,0,'Grazyna','string'),(383,'en_US','affiliation',0,0,'GV','string'),(383,'en_US','givenName',0,0,'adrieneaxl','string'),(383,'en_US','familyName',0,0,'Adriene','string'),(384,'en_US','affiliation',0,0,'SB','string'),(384,'en_US','givenName',0,0,'dawnaujd16','string'),(384,'en_US','familyName',0,0,'Dawna','string'),(385,'en_US','affiliation',0,0,'085246260979','string'),(385,'en_US','givenName',0,0,'Setia Widia','string'),(385,'en_US','familyName',0,0,'Rahayu','string'),(386,'en_US','affiliation',0,0,'MQ','string'),(386,'en_US','givenName',0,0,'qkwangeles','string'),(386,'en_US','familyName',0,0,'Angeles','string'),(387,'en_US','affiliation',0,0,'IH','string'),(387,'en_US','givenName',0,0,'linnealind','string'),(387,'en_US','familyName',0,0,'Linnea','string'),(388,'en_US','affiliation',0,0,'AQ','string'),(388,'en_US','givenName',0,0,'annettewlk','string'),(388,'en_US','familyName',0,0,'Annette','string'),(389,'en_US','affiliation',0,0,'OQ','string'),(389,'en_US','givenName',0,0,'hannahhayn','string'),(389,'en_US','familyName',0,0,'Hannah','string'),(390,'en_US','affiliation',0,0,'OZ','string'),(390,'en_US','givenName',0,0,'dallasnye5','string'),(390,'en_US','familyName',0,0,'Dallas','string'),(391,'en_US','affiliation',0,0,'DI','string'),(391,'en_US','givenName',0,0,'rachaeldes','string'),(391,'en_US','familyName',0,0,'Rachael','string'),(392,'en_US','affiliation',0,0,'KH','string'),(392,'en_US','givenName',0,0,'lurlenebea','string'),(392,'en_US','familyName',0,0,'Lurlene','string'),(393,'en_US','affiliation',0,0,'XA','string'),(393,'en_US','givenName',0,0,'romeokaczm','string'),(393,'en_US','familyName',0,0,'Romeo','string'),(394,'en_US','affiliation',0,0,'QQ','string'),(394,'en_US','givenName',0,0,'stephenhon','string'),(394,'en_US','familyName',0,0,'Stephen','string'),(395,'en_US','affiliation',0,0,'UC','string'),(395,'en_US','givenName',0,0,'elinorcram','string'),(395,'en_US','familyName',0,0,'Elinor','string'),(396,'en_US','affiliation',0,0,'STKIP PGRI Tulungagung','string'),(396,'en_US','givenName',0,0,'Dewi Anggreini','string'),(396,'en_US','familyName',0,0,'anggreini','string'),(396,'en_US','signature',0,0,'','string'),(396,'id_ID','signature',0,0,'','string'),(396,'id_ID','affiliation',0,0,'','string'),(385,'en_US','signature',0,0,'<p>Setia Widia Rahayu</p>','string'),(385,'id_ID','signature',0,0,'<p>Setia Widia Rahayu</p>','string'),(385,'id_ID','affiliation',0,0,'Universitas Borneo Tarakan','string'),(385,'id_ID','givenName',0,0,'','string'),(385,'id_ID','familyName',0,0,'','string'),(385,'en_US','preferredPublicName',0,0,'S W Rahayu','string'),(385,'id_ID','preferredPublicName',0,0,'','string'),(397,'en_US','affiliation',0,0,'IH','string'),(397,'en_US','givenName',0,0,'antonspann','string'),(397,'en_US','familyName',0,0,'Anton','string'),(398,'en_US','affiliation',0,0,'PD','string'),(398,'en_US','givenName',0,0,'nicky5688','string'),(398,'en_US','familyName',0,0,'Nick','string'),(399,'en_US','affiliation',0,0,'OX','string'),(399,'en_US','givenName',0,0,'kathrinchu','string'),(399,'en_US','familyName',0,0,'Kathrin','string'),(400,'en_US','affiliation',0,0,'QC','string'),(400,'en_US','givenName',0,0,'gracemacde','string'),(400,'en_US','familyName',0,0,'Grace','string'),(401,'en_US','affiliation',0,0,'a:1:{s:5:\"en_US\";s:44:\"Universitas Islam Negeri Raden Intan Lampung\";}','object'),(401,'en_US','givenName',0,0,'Nurrahma Aini','string'),(401,'en_US','familyName',0,0,'Aini','string');

--
-- Table structure for table `user_user_groups`
--

CREATE TABLE `user_user_groups` (
  `user_group_id` bigint(20) NOT NULL,
  `user_id` bigint(20) NOT NULL,
  UNIQUE KEY `user_user_groups_pkey` (`user_group_id`,`user_id`),
  KEY `user_user_groups_user_group_id` (`user_group_id`),
  KEY `user_user_groups_user_id` (`user_id`)
) ENGINE=MyISAM DEFAULT CHARSET=latin1;

--
-- Dumping data for table `user_user_groups`
--

INSERT INTO `user_user_groups` VALUES (1,1),(2,1),(2,2),(2,8),(2,25),(3,1),(3,11),(4,25),(5,2),(5,8),(5,13),(5,15),(5,19),(5,75),(7,25),(8,25),(9,25),(11,25),(14,1),(14,2),(14,3),(14,4),(14,5),(14,6),(14,7),(14,8),(14,9),(14,10),(14,11),(14,12),(14,13),(14,15),(14,16),(14,17),(14,18),(14,19),(14,20),(14,21),(14,22),(14,23),(14,24),(14,25),(14,26),(14,27),(14,28),(14,29),(14,30),(14,32),(14,33),(14,34),(14,35),(14,36),(14,37),(14,38),(14,39),(14,40),(14,41),(14,42),(14,43),(14,44),(14,45),(14,46),(14,47),(14,48),(14,49),(14,50),(14,51),(14,52),(14,53),(14,54),(14,56),(14,57),(14,58),(14,59),(14,60),(14,61),(14,62),(14,63),(14,64),(14,65),(14,66),(14,67),(14,68),(14,69),(14,70),(14,71),(14,72),(14,73),(14,74),(14,76),(14,77),(14,78),(14,80),(14,81),(14,82),(14,83),(14,84),(14,85),(14,86),(14,88),(14,89),(14,91),(14,92),(14,93),(14,94),(14,95),(14,96),(14,97),(14,98),(14,99),(14,100),(14,101),(14,102),(14,103),(14,106),(14,107),(14,108),(14,109),(14,110),(14,111),(14,112),(14,113),(14,114),(14,116),(14,117),(14,118),(14,119),(14,120),(14,121),(14,122),(14,123),(14,124),(14,125),(14,126),(14,127),(14,128),(14,129),(14,130),(14,131),(14,132),(14,133),(14,134),(14,136),(14,137),(14,138),(14,139),(14,140),(14,142),(14,143),(14,144),(14,146),(14,147),(14,148),(14,153),(14,154),(14,155),(14,156),(14,158),(14,159),(14,160),(14,161),(14,162),(14,163),(14,164),(14,165),(14,166),(14,167),(14,168),(14,169),(14,170),(14,171),(14,172),(14,173),(14,175),(14,176),(14,177),(14,178),(14,179),(14,180),(14,182),(14,183),(14,184),(14,186),(14,188),(14,189),(14,190),(14,191),(14,192),(14,193),(14,196),(14,197),(14,198),(14,199),(14,200),(14,201),(14,202),(14,203),(14,204),(14,205),(14,206),(14,207),(14,208),(14,209),(14,210),(14,211),(14,212),(14,213),(14,214),(14,215),(14,216),(14,217),(14,218),(14,219),(14,220),(14,221),(14,222),(14,223),(14,224),(14,225),(14,226),(14,227),(14,229),(14,230),(14,231),(14,232),(14,233),(14,234),(14,236),(14,237),(14,238),(14,239),(14,240),(14,241),(14,242),(14,243),(14,244),(14,245),(14,246),(14,247),(14,248),(14,249),(14,250),(14,251),(14,252),(14,253),(14,254),(14,256),(14,257),(14,258),(14,259),(14,260),(14,261),(14,262),(14,263),(14,264),(14,265),(14,266),(14,267),(14,268),(14,269),(14,270),(14,271),(14,273),(14,274),(14,275),(14,276),(14,277),(14,278),(14,279),(14,281),(14,282),(14,284),(14,285),(14,286),(14,287),(14,289),(14,290),(14,291),(14,292),(14,293),(14,294),(14,295),(14,296),(14,298),(14,299),(14,300),(14,301),(14,302),(14,303),(14,304),(14,305),(14,306),(14,307),(14,308),(14,309),(14,310),(14,311),(14,312),(14,313),(14,314),(14,316),(14,317),(14,318),(14,319),(14,320),(14,321),(14,322),(14,323),(14,324),(14,325),(14,326),(14,327),(14,328),(14,329),(14,330),(14,331),(14,332),(14,333),(14,334),(14,335),(14,336),(14,337),(14,338),(14,340),(14,341),(14,342),(14,343),(14,344),(14,345),(14,346),(14,347),(14,348),(14,349),(14,350),(14,351),(14,352),(14,354),(14,355),(14,357),(14,358),(14,362),(14,363),(14,364),(14,372),(14,373),(16,1),(16,2),(16,3),(16,4),(16,5),(16,6),(16,7),(16,8),(16,9),(16,10),(16,11),(16,13),(16,15),(16,19),(16,20),(16,24),(16,25),(16,30),(16,33),(16,40),(16,43),(16,46),(16,51),(16,56),(16,57),(16,58),(16,60),(16,67),(16,72),(16,74),(16,75),(16,76),(16,77),(16,78),(16,79),(16,80),(16,81),(16,82),(16,83),(16,86),(16,90),(16,92),(16,94),(16,101),(16,114),(16,119),(16,120),(16,121),(16,123),(16,130),(16,137),(16,144),(16,147),(16,153),(16,158),(16,159),(16,160),(16,165),(16,166),(16,167),(16,168),(16,169),(16,170),(16,175),(16,176),(16,179),(16,182),(16,183),(16,184),(16,186),(16,188),(16,191),(16,198),(16,202),(16,208),(16,223),(16,225),(16,226),(16,230),(16,233),(16,234),(16,235),(16,236),(16,237),(16,238),(16,239),(16,241),(16,243),(16,245),(16,246),(16,249),(16,250),(16,254),(16,256),(16,258),(16,268),(16,273),(16,276),(16,279),(16,290),(16,291),(16,293),(16,296),(16,306),(16,308),(16,318),(16,325),(16,326),(16,334),(16,337),(16,338),(16,351),(16,354),(16,355),(16,358),(16,360),(16,363),(16,364),(16,366),(16,372),(16,374),(16,375),(16,376),(16,377),(16,385),(16,396),(16,401),(17,1),(17,2),(17,3),(17,4),(17,5),(17,6),(17,7),(17,9),(17,10),(17,11),(17,13),(17,15),(17,16),(17,18),(17,19),(17,20),(17,21),(17,22),(17,23),(17,24),(17,25),(17,26),(17,27),(17,28),(17,29),(17,30),(17,32),(17,38),(17,39),(17,40),(17,41),(17,42),(17,43),(17,44),(17,45),(17,46),(17,47),(17,48),(17,49),(17,50),(17,51),(17,52),(17,53),(17,54),(17,55),(17,56),(17,57),(17,58),(17,59),(17,60),(17,61),(17,62),(17,63),(17,64),(17,65),(17,66),(17,67),(17,68),(17,69),(17,71),(17,74),(17,76),(17,77),(17,78),(17,80),(17,81),(17,82),(17,83),(17,84),(17,85),(17,86),(17,88),(17,91),(17,92),(17,93),(17,94),(17,95),(17,97),(17,98),(17,99),(17,100),(17,101),(17,102),(17,103),(17,104),(17,106),(17,107),(17,109),(17,110),(17,111),(17,112),(17,114),(17,116),(17,117),(17,118),(17,119),(17,120),(17,122),(17,123),(17,125),(17,126),(17,128),(17,129),(17,130),(17,132),(17,133),(17,134),(17,135),(17,137),(17,138),(17,139),(17,140),(17,141),(17,142),(17,143),(17,144),(17,146),(17,147),(17,148),(17,149),(17,153),(17,154),(17,155),(17,156),(17,157),(17,158),(17,159),(17,160),(17,162),(17,163),(17,164),(17,165),(17,166),(17,167),(17,168),(17,169),(17,170),(17,171),(17,172),(17,173),(17,175),(17,176),(17,177),(17,178),(17,179),(17,180),(17,181),(17,182),(17,183),(17,184),(17,185),(17,186),(17,187),(17,188),(17,189),(17,190),(17,191),(17,192),(17,193),(17,194),(17,196),(17,197),(17,198),(17,199),(17,200),(17,201),(17,202),(17,203),(17,205),(17,206),(17,207),(17,208),(17,209),(17,210),(17,211),(17,214),(17,215),(17,216),(17,218),(17,219),(17,220),(17,221),(17,222),(17,224),(17,225),(17,226),(17,227),(17,228),(17,229),(17,230),(17,231),(17,232),(17,233),(17,234),(17,235),(17,236),(17,237),(17,238),(17,239),(17,240),(17,241),(17,242),(17,243),(17,244),(17,245),(17,246),(17,247),(17,248),(17,249),(17,250),(17,251),(17,252),(17,253),(17,254),(17,255),(17,256),(17,257),(17,258),(17,260),(17,261),(17,262),(17,263),(17,264),(17,265),(17,266),(17,267),(17,269),(17,270),(17,273),(17,274),(17,276),(17,277),(17,278),(17,279),(17,280),(17,281),(17,283),(17,284),(17,285),(17,286),(17,287),(17,288),(17,289),(17,290),(17,291),(17,292),(17,295),(17,296),(17,297),(17,298),(17,299),(17,300),(17,301),(17,302),(17,303),(17,304),(17,305),(17,306),(17,307),(17,308),(17,309),(17,310),(17,311),(17,313),(17,314),(17,315),(17,316),(17,317),(17,318),(17,319),(17,320),(17,321),(17,322),(17,323),(17,324),(17,325),(17,326),(17,327),(17,328),(17,329),(17,330),(17,331),(17,332),(17,333),(17,334),(17,335),(17,336),(17,337),(17,338),(17,339),(17,340),(17,341),(17,342),(17,343),(17,345),(17,346),(17,347),(17,348),(17,349),(17,351),(17,352),(17,353),(17,354),(17,355),(17,356),(17,357),(17,359),(17,360),(17,362),(17,369),(17,372),(17,373),(18,1);

--
-- Table structure for table `users`
--

CREATE TABLE `users` (
  `user_id` bigint(20) NOT NULL AUTO_INCREMENT,
  `username` varchar(32) NOT NULL,
  `password` varchar(255) NOT NULL,
  `email` varchar(255) NOT NULL,
  `url` varchar(2047) DEFAULT NULL,
  `phone` varchar(32) DEFAULT NULL,
  `mailing_address` varchar(255) DEFAULT NULL,
  `billing_address` varchar(255) DEFAULT NULL,
  `country` varchar(90) DEFAULT NULL,
  `locales` varchar(255) DEFAULT NULL,
  `date_last_email` datetime DEFAULT NULL,
  `date_registered` datetime NOT NULL,
  `date_validated` datetime DEFAULT NULL,
  `date_last_login` datetime NOT NULL,
  `must_change_password` tinyint(4) DEFAULT NULL,
  `auth_id` bigint(20) DEFAULT NULL,
  `auth_str` varchar(255) DEFAULT NULL,
  `disabled` tinyint(4) NOT NULL DEFAULT '0',
  `disabled_reason` text,
  `inline_help` tinyint(4) DEFAULT NULL,
  `gossip` text,
  PRIMARY KEY (`user_id`),
  UNIQUE KEY `users_username` (`username`),
  UNIQUE KEY `users_email` (`email`)
) ENGINE=InnoDB AUTO_INCREMENT=402 DEFAULT CHARSET=utf8;

--
-- Dumping data for table `users`
--

INSERT INTO `users` VALUES (1,'admin','$2y$10$wOnZSgn0hQwah.41RgO3W.bwlcWObe5LDJxUTakU0emDcaiPRmhHq','krisna_satrio@uhamka.ac.id','https://www.scopus.com/authid/detail.uri?origin=resultslist&authorId=57200726409&zone=','+628179891496','Jl. Tanah Merdeka, Kp. Rambutan, Ciracas,  Jakarta Timur.',NULL,'ID','id_ID:en_US','2018-11-30 15:37:42','2016-01-05 12:18:13',NULL,'2019-09-30 12:35:47',0,NULL,NULL,0,NULL,0,NULL),(2,'krisna','$2y$10$3wSelfvCu.n2/6rsHgHkReb.jPjdHcPZaK9Ayd0N8amFtfY4QgfH2','satriandro@gmail.com','https://www.scopus.com/authid/detail.uri?origin=resultslist&authorId=57200726409&zone=','+628179891496','Perum. Telaga Kahuripan, Gugus Taman Ganesha, Blok D-4 No.33.\r\nKemang-Kab. Bogor\r\n16310',NULL,'ID','id_ID:en_US','2016-01-29 11:08:19','2016-01-12 10:02:38',NULL,'2019-08-15 10:33:37',0,NULL,NULL,0,NULL,0,NULL),(3,'risqi30','$2y$10$2BbUQ6c.4G85J3yB6veWUuo.M9zStD2Tv6AljQJuWh49ekNBExX/q','risqirahman@gmail.com','http://risqirahman.com','','',NULL,'ID','id_ID:en_US',NULL,'2016-01-12 11:02:43',NULL,'2017-07-07 16:04:09',0,NULL,NULL,0,NULL,0,NULL),(4,'a7hutauruk','$2y$10$O8BTH4LEioQVdMLXhJJnNOX1Lf3ys/pDBj7.dBETvJflsannrpRdu','a7hutauruk@gmail.com','https://scholar.google.co.id/citations?hl=id&user=_w-voswAAAAJ','+6282368845747','a7hutauruk@gmail.com',NULL,'ID','id_ID',NULL,'2016-01-12 12:25:59',NULL,'2019-01-07 15:16:36',0,NULL,NULL,0,NULL,0,NULL),(5,'edisupriadi','$2y$10$DATKW/zp8NObMpTcnNxusOjN6TDEm3XqfNaIedeYQ0f/miQz/6hem','ediarrazysupriadi@gmail.com','','085719990004','',NULL,'','id_ID',NULL,'2016-01-12 18:53:20',NULL,'2016-01-12 18:53:21',0,NULL,NULL,0,NULL,0,NULL),(6,'ishaqnuriadin','$2y$10$P5fZR6saZGGYd32zWK4Q6OK2QOxFMAYm16gGJ1o/cUaawn7Xrb0ma','ishaq_nuriadin@yahoo.co.id','https://scholar.google.co.id/citations?hl=id&user=82wgT84AAAAJ','085814614424','',NULL,'ID','id_ID',NULL,'2016-01-12 18:56:13',NULL,'2018-02-15 10:17:40',0,NULL,NULL,0,NULL,0,NULL),(7,'troypradipta','$2y$10$8dI5GjiAgGM275jJR3dNs.a9iWXiDT1RJzscV.fQLs5QCv0kNZmhq','trisnaroypradipta@ymail.com','','','',NULL,'','id_ID:en_US',NULL,'2016-01-12 19:00:07',NULL,'2016-01-12 19:00:08',0,NULL,NULL,0,NULL,0,NULL),(8,'samsul','$2y$10$juwUU6KrbXxTjm.W9wzsHuuEvTLsBcHViQfgTnFL712tzAk5auVLS','samsul_maarif@uhamka.ac.id','https://www.scopus.com/authid/detail.uri?origin=AuthorProfile&authorId=57196238056&zone=','08567141763','',NULL,'ID','id_ID',NULL,'2016-01-12 23:05:26',NULL,'2019-03-13 14:07:47',0,NULL,NULL,0,NULL,0,NULL),(9,'hella','$2y$10$oVAehQT3lmHPji24d/p8MOlIAu0l8r61iwLstiTLMShRs6wbhwR/O','hella.yusra@gmail.com','','085691501961','',NULL,'','',NULL,'2016-01-15 13:21:53',NULL,'2016-01-15 13:21:54',0,NULL,NULL,0,NULL,0,NULL),(10,'bagus_070987','$2y$10$ZB70jc.Kcfw1ZDA0mb7aq.OjhYg4/Ga0m1YAHHOtmaQHxzWdjxq5O','bagusardisaputro@yahoo.co.id','https://www.scopus.com/authid/detail.uri?authorId=57200651478','085624486868','',NULL,'ID','id_ID:en_US',NULL,'2016-01-18 00:09:07',NULL,'2017-03-11 22:40:29',0,NULL,NULL,0,NULL,0,NULL),(11,'sigid','$2y$10$uFWU1Py206HVdJzQXAW4CuHk8YpRwLcX/MHIFQUx3XYYEVUDNIVDe','sigidmath@yahoo.co.id','https://www.scopus.com/authid/detail.uri?origin=resultslist&authorId=56073614300&zone=','081311300550','Jl. Tanah Merdeka, Rambutan, Ciracas, Jakarta Timur',NULL,'ID','id_ID:en_US',NULL,'2016-01-21 11:47:09',NULL,'2019-03-26 14:30:14',0,NULL,NULL,0,NULL,0,NULL),(12,'wahid_umar','$2y$10$sBfeVmruRqjivMfRk0tAJO8qJcHkpsfixish0Vua3UNx3AuXAYJn2','wahidun0801@gmail.com','','','',NULL,'ID','id_ID',NULL,'2016-01-22 11:25:59',NULL,'2016-01-22 11:25:59',1,NULL,NULL,0,NULL,0,NULL),(13,'azzam','$2y$10$nuGBpnO6TuxtyZuimuoh3O7aK9EJlug6pJrfxXJtEvyb/3pEZOQ/2','wahyu@ikipsiliwangi.ac.id','https://www.scopus.com/authid/detail.uri?authorId=57200720567','','',NULL,'ID','id_ID:en_US',NULL,'2016-01-26 14:37:36',NULL,'2019-02-19 18:21:36',0,NULL,NULL,0,NULL,0,NULL),(14,'rahman','$2y$10$Fc5VmU1U5WGeWBy6h3F0deLL5cOWG1uex98zNb7pau2zGNAP87ZKW','risqirahman@hotmail.com','','','',NULL,'ID','id_ID',NULL,'2016-01-26 21:11:49',NULL,'2016-01-26 21:13:17',0,NULL,NULL,0,NULL,0,NULL),(15,'bali','$2y$10$xg90nqyJSKPkFwfgRbMR6.kpzhVnanWRwFu3v637TxL/.RUcdk/lW','balimath61@gmail.com','https://www.scopus.com/authid/detail.uri?origin=AuthorProfile&authorId=57193862720&zone=','','',NULL,'ID','id_ID:en_US',NULL,'2016-01-28 19:19:51',NULL,'2017-09-02 09:28:02',0,NULL,NULL,0,NULL,0,NULL),(16,'nafiah','$2y$10$PDaBcLS1z/EC6OJ.zZkbYueCnPjcyV2bRaKCGbWo3tDbK38wUvuq2','napfiahsiti@gmail.com','','085649950929','',NULL,'ID','id_ID',NULL,'2016-01-28 19:40:43',NULL,'2019-08-11 15:55:11',0,NULL,NULL,0,NULL,0,NULL),(17,'bety','$2y$10$SpEKxeN3lG9ybi8PKpWTqeEUA49X0VtSyJqqwtNdt49tZqLpjfQtq','betymiliyawati@gmail.com','','082216669995','',NULL,'ID','id_ID',NULL,'2016-01-28 20:36:25',NULL,'2016-01-28 20:36:25',1,NULL,NULL,0,NULL,0,NULL),(18,'indah','$2y$10$/RM/3yCU25YZdvPoiJDBOudoe.ReGho0lCddQeHLHF3ksDy58dlN.','chiva.aulia@gmail.com','','08562246874','',NULL,'ID','id_ID',NULL,'2016-01-29 16:15:14',NULL,'2016-01-29 16:15:20',0,NULL,NULL,0,NULL,0,NULL),(19,'yoppy_wahyu_purnomo','$2y$10$h/4wEoOf4hffRzZ6dKy5rO9P0MAKax3kdNEOJgEG4zd0ih71j1azW','yoppy.w.purnomo@uhamka.ac.id','https://www.scopus.com/authid/detail.uri?authorId=56311092100','','',NULL,'ID','id_ID:en_US',NULL,'2016-02-01 13:56:45',NULL,'2019-05-21 11:49:10',0,NULL,NULL,0,NULL,0,'https://scholar.google.co.id/citations?user=Q9yjVmEAAAAJ&hl=en'),(20,'buhaerah','$2y$10$jhmEN7hrk7bFetwQ0jHzHeWyckIF5uywjsHP8UOHw3fTOpk8v7ek.','buhaerahstain@gmail.com','','081343870045','Jalan Amal bakti No 8 Parepare',NULL,'ID','id_ID',NULL,'2016-02-01 14:55:36',NULL,'2018-10-25 15:02:52',0,NULL,NULL,0,NULL,0,NULL),(21,'delsika','$2y$10$xcl/TnKVdMaXp0f.zWrFPeOxOypQEeqAnrECvDb96dOLULuS/E5Fi','delsika.math@gmail.com','','085751151880','',NULL,'ID','id_ID',NULL,'2016-02-08 15:41:58',NULL,'2016-02-08 15:41:59',0,NULL,NULL,0,NULL,0,NULL),(22,'suwarno','$2y$10$8v.4a.hJ5ZkJssguw1EZLuYvJsyUQ8VWTXNfJc5r00T0E9iQ1ShAy','suwarno10288@gmail.com','','082120611133','Kompleks Kejaksaan Agung Blok:G No.8, RT007 RW003, Pasar Minggu, Jakarta Selatan, 12520.',NULL,'ID','id_ID:en_US',NULL,'2016-02-11 18:38:27',NULL,'2016-05-04 11:38:42',0,NULL,NULL,0,NULL,0,NULL),(23,'yenni','$2y$10$h8yqrYPrTFyGmZ/kJsuoxOtLJL.IIKsqGEK.tHiKpYWhr6HCy1W1W','yenni_aan@yahoo.co.id','','082116919559','Perum Benua Indah jalan Bima blok d5/39, rt 04/07, kelurahan pabuaran tumpeng, kec. karawaci, kota tangerang',NULL,'ID','id_ID',NULL,'2016-03-16 15:27:38',NULL,'2019-08-22 13:10:26',0,NULL,NULL,0,NULL,0,NULL),(24,'umam','$2y$10$UtfeqYDosKoi/8WT2ZpJv.Xmd8EhlvBtOWvD8YBM20Xe7qwWidktu','khoerul.umam@uhamka.ac.id','https://www.scopus.com/authid/detail.uri?origin=AuthorProfile&authorId=57132994300&zone=','','',NULL,'ID','id_ID',NULL,'2016-04-26 11:47:09',NULL,'2017-10-04 21:15:42',0,NULL,NULL,0,NULL,0,NULL),(25,'windiahadi','$2y$10$ehi4nyXXZBT8EllQd17RpeTL/VqkO3SGeTxMDar681q0WTepZvFf6','wiwinwindiahadi@gmail.com','','','<p>Jl. Tanah Merdeka, Rambutan, Pasar Rebo, Jakarta Timur - DKI Jakarta. 13830.</p>',NULL,'ID','id_ID:en_US',NULL,'2016-05-03 12:50:04',NULL,'2019-07-26 14:17:57',0,NULL,NULL,0,NULL,0,''),(26,'alpha','$2y$10$NqlYF50EI07.B3pvP.bB.eVt/MqHKV88sf64IiZQ/5uH8LsZRoA1C','alphagalih1988@gmail.com','','085695003148','perum taman singaperbangsa jalan gurame 2, blok B3 nomor 10. telukjambe timur-karawang barat 41361',NULL,'ID','id_ID',NULL,'2016-05-27 21:00:12',NULL,'2016-05-27 21:34:42',0,NULL,NULL,0,NULL,0,NULL),(27,'saluky','$2y$10$Ure/.3md/2Q19zxg1VfYIuJgJVY9zVaWuSKQHR89qMTOGu1UaRSbC','saluky@syekhnurjati.ac.id','','','',NULL,'','id_ID',NULL,'2016-06-02 07:38:06',NULL,'2016-06-02 07:38:08',0,NULL,NULL,0,NULL,0,NULL),(28,'hikmatulhusna','$2y$10$JzDgqYrpsrz46yS08dAsTOdctu0mqqHgH/MKny6cGWN6hSydCshI2','hikmatulhusna@gmail.com','','085694614602','',NULL,'ID','id_ID',NULL,'2016-06-06 13:30:43',NULL,'2018-10-20 21:44:29',1,NULL,NULL,0,NULL,0,NULL),(29,'asdar','$2y$10$RezbgNSvKdBUvmy7kRjEouzEfI4WSEqfQe/jEejr69cLUThx4r.OS','asdardollo@ymail.com','','','Jl. Jend. Ahmad Yani, KM 6 Parepare',NULL,'ID','id_ID:en_US',NULL,'2016-06-08 12:44:11',NULL,'2016-06-08 12:56:14',0,NULL,NULL,0,NULL,0,NULL),(30,'arifuddin_safar','$2y$10$3GCZg9zldDRchBhcEx8KEOkYjDGdHp.siQqhS0FnTX3yM.vwcaMn.','arif_umpar@yahoo.co.id','','082187700585','Jalan Jendral Sudirman Kampung Mandar Kota Parepare',NULL,'ID','id_ID:en_US',NULL,'2016-06-08 12:49:15',NULL,'2016-06-14 20:05:50',0,NULL,NULL,0,NULL,0,NULL),(31,'contoh_penulis1','$2y$10$H14EdeN9.p3r3O4RX0wp2.t1Bc9Z5.A64lhbyqERB1OmryqNWUD/i','krisna_binsalam@yahoo.com','https://scholar.google.co.id/citations?view_op=list_works&hl=en&user=haHTSY8AAAAJ&gmla=AJsN-F4c1IZyj7B3j844P9LcDtVeKRBZxTpTefMRXHOz7GaRYGsh0K4Iahf2mKRr0XCc1uCNs6j_hl4gaQvXoq7HykPP-fMqsUMrZnS2Jcg2EO_6YZfMkknXR4XqxR9RidiRVvZLE8k3','08179891496','Jl. Tanah Merdeka, Ps Rebo, Kp. Rambutan',NULL,'ID','id_ID',NULL,'2016-06-08 16:18:32',NULL,'2016-06-08 16:18:35',0,NULL,NULL,0,NULL,0,NULL),(32,'iswanto','$2y$10$myH6/5ok6ePLjRKaMCt8h.pIImQZCM/nFFynEIRdVgDCtqbPCR8v2','iswanto_tbi@yahoo.com','','','Jalan AMD no.96 Toboali',NULL,'ID','id_ID',NULL,'2016-06-15 05:43:44',NULL,'2016-06-15 05:43:45',0,NULL,NULL,0,NULL,0,NULL),(33,'meyta','$2y$10$uexKNdD.iHZUk4Kny.JOCeLpFxN9In5FD/0GgrT7nN1YsR/KxvEGa','mey_mathholic@yahoo.com','https://scholar.google.co.id/citations?user=AQwZLG4AAAAJ&hl=id&oi=ao','085692094249','Jalan Kerja Bakti Rt. 01/04 No. 11\r\nKelurahan/Kecamatan: Makasar\r\nJakarta Timur 13570',NULL,'ID','id_ID',NULL,'2016-08-03 12:49:39',NULL,'2019-05-14 07:53:02',0,NULL,NULL,0,NULL,0,NULL),(34,'isnani','$2y$10$/fW/Bpt3EQrILjkPumGjoevNrXyv3aI9hMO/K5y5/AZa3xdeSfmbu','Isnanifitriw@gmail.com','','085641514593','Jl. Dr. Cipto – Sidodadi Timur No. 24 Semarang Indonesia',NULL,'ID','id_ID',NULL,'2016-08-05 14:30:15',NULL,'2016-08-05 21:38:08',0,NULL,NULL,0,NULL,0,NULL),(35,'achmad_buchori','$2y$10$YvDHJ8/PypXAnt0sx50IqeCXYYNNFv3qWxTH9YmmJUGPNVo1oMsuq','buccherypgri@gmail.com','','081575711008','Jl. Sidodadi Timur No. 24 Semarang',NULL,'','id_ID:en_US',NULL,'2016-08-05 15:20:09',NULL,'2017-01-01 13:28:40',0,NULL,NULL,0,NULL,0,NULL),(36,'afni','$2y$10$zva.x0A17seqqn6psXR9ius/5Jt08jmWQKdOwTOJ15RBezvcFEC/a','avnie_cute20@yahoo.com','','087875813464','Perumahan Lacienega Residence Blok C No. 15 Kranggan Gunung Putri',NULL,'ID','id_ID:en_US',NULL,'2016-08-06 12:51:59',NULL,'2016-11-26 09:23:56',0,NULL,NULL,0,NULL,0,NULL),(37,'ramlan','$2y$10$28BmxF7ByBaOx0x80.k/b.pwgvpjVk7lpKYklUEQ6OwXE1C9DEw9C','ramlan.effendi@gmail.com','','087813182125','Jl. Kapten Saibuna gg. Cempaka RT 07 R 02 No. 60 Kel. Kota Baru Lahat. Sumatera Selatan. 31415',NULL,'ID','id_ID',NULL,'2016-08-15 15:43:35',NULL,'2018-10-04 14:30:38',0,NULL,NULL,0,NULL,0,NULL),(38,'suryanti13','$2y$10$FKrufHSW1hNNnD4sDIrjCeOZr7rg4vSD3tH9qbL4zdIKOzpbEygUe','srisuryanti13@gmail.com','','085748615961','Universitas Muhammadiyah Gresik\r\nJl. Sumatra No.101 Gresik Kota Baru\r\nKode Pos 61121',NULL,'ID','id_ID',NULL,'2016-08-15 17:14:30',NULL,'2016-08-15 17:14:31',0,NULL,NULL,0,NULL,0,NULL),(39,'trian','$2y$10$bycShdpuV0wVThrPua2QjO/kussCRLvZmtKo3c4BxpO9LAikAwvDO','trian@untirta.ac.id','','','',NULL,'ID','id_ID',NULL,'2016-08-26 19:31:05',NULL,'2016-10-26 10:56:18',0,NULL,NULL,0,NULL,0,NULL),(40,'rizkidwis','$2y$10$SFnhVX87VEfJygDit6QREeupCgLvzlN3DfkLb6QRQ80ZynwCSJANC','rizki.mathematics@gmail.com','','085718133339','Jalan Budi Mulia No 54 RT 02 RW 10,\r\nKelurahan Pademangan Barat, Jakarta Utara',NULL,'ID','id_ID',NULL,'2016-08-29 16:02:48',NULL,'2019-08-16 15:59:38',0,NULL,NULL,0,NULL,0,NULL),(41,'diah_fahriza','$2y$10$IB.6m2IGilJHKk4QqLeP7.6CUBzJYZpxfNMbfx/a11GhuZx.fjeW.','n_fahriza@yahoo.co.id','','08163283295','Jl. Panti Sosial No. 2549 Rt. 26 Kel. Kebun Bunga KM 10 Palembang 30152',NULL,'ID','id_ID',NULL,'2016-09-19 10:17:54',NULL,'2016-09-19 10:27:12',0,NULL,NULL,0,NULL,0,NULL),(42,'enditiyasp','$2y$10$qNKmMgojm4HWrV.z/zStG.8.gP.oG..D0HyigoyWFQimZGTKraq5a','enditiyaspratiwi.endit@gmail.com','','','',NULL,'ID','id_ID',NULL,'2016-10-05 14:32:56',NULL,'2017-02-01 11:42:40',0,NULL,NULL,0,NULL,0,NULL),(43,'asyarahisna12','$2y$10$.owaZ414jZeSr1vFkdrvZOsPDdmEtjotihvaMgUQoqn69otzaW3wq','asyarah.isna12@gmail.com','','081395446668','',NULL,'ID','id_ID',NULL,'2016-10-10 07:48:02',NULL,'2016-10-10 07:48:03',0,NULL,NULL,0,NULL,0,NULL),(44,'mahyudi','$2y$10$DHqhLXgq2t0V4kMS8s84YOKDVqyLoRav.hOK6AZnJ6gPZQB/KedGO','didimahyudi21@gmail.com','','085267198885','Program Studi Pendidikan Matematika FKIP Universitas Muhammadiyah Bengkulu\r\nKampus 1 jalan Bali Kel. Kampung Bali Kota Bengkulu',NULL,'ID','id_ID',NULL,'2016-10-18 06:14:48',NULL,'2017-04-10 20:48:09',0,NULL,NULL,0,NULL,0,NULL),(45,'arifudin','$2y$10$5paUcRht0fY0UrxjmxrBMewVYNDlTZGoLvt9w.3x7k0NjVKmmVXG6','arifudin031289@gmail.com','','085711149856','',NULL,'ID','id_ID',NULL,'2016-10-29 13:04:40',NULL,'2016-11-30 09:37:33',0,NULL,NULL,0,NULL,0,NULL),(46,'aulia','$2y$10$PRRR.Up0rOLE.FgWi0Vk7O5HL4X2ikA62Vv7WQCErJYU7SqfBJKKa','aulia_awaludin@yahoo.co.id','','085876118457','',NULL,'ID','id_ID',NULL,'2016-12-02 22:55:29',NULL,'2016-12-02 22:55:33',0,NULL,NULL,0,NULL,0,NULL),(47,'fadiana','$2y$10$k4zITTGwwn.M/GMO1O36R.Vta9KWudoUZhDh1IcA.WjkCE9wIMPwu','mujizatin000@gmail.com','','','',NULL,'','id_ID',NULL,'2016-12-07 19:59:45',NULL,'2016-12-07 19:59:48',0,NULL,NULL,0,NULL,0,NULL),(48,'miatriyunaa','$2y$10$U37bT/OdaovUDL5AHVoEP.9euALuZFBGm7cIV9hAY890.7JJ7KAiC','miatriyunaa@gmail.com','','082297056603','',NULL,'ID','id_ID',NULL,'2016-12-10 12:38:58',NULL,'2016-12-10 12:38:59',0,NULL,NULL,0,NULL,0,NULL),(49,'widiyawani','$2y$10$gsukkaiH9mSGb0YOftD1leMMCimbEhX6NR37G6FDqcGWxuDRD1XSa','widiyawani@gmail.com','','082116179005','',NULL,'ID','id_ID',NULL,'2016-12-10 12:38:59',NULL,'2016-12-10 12:48:49',0,NULL,NULL,0,NULL,0,NULL),(50,'ek_ajeng','$2y$10$XNqRMmPKFeDqGOp/e7A2zO89X7RR1lk8SGiyJcQpz1Q2iPD6rlUiu','ekajeng_rahmipinahayu@yahoo.com','','081215024519','',NULL,'','id_ID',NULL,'2016-12-13 17:44:08',NULL,'2017-02-26 22:15:40',0,NULL,NULL,0,NULL,0,NULL),(51,'fitrah','$2y$10$Wx9q9XsKQxVbl6/ydxCtluhhOCGZyxftrbS1oMilwqE28PWgPzPsy','fitrahmath@gmail.com','','082340777348','',NULL,'ID','id_ID',NULL,'2016-12-19 22:21:15',NULL,'2017-04-12 12:06:21',0,NULL,NULL,0,NULL,0,NULL),(52,'noufal_akmal_alhadi','$2y$10$l6dn2eI/CbI1GrCB/W9Ut.6NjhyL2vZZOgS57n9SWHHsoA1kaBtri','noufalakmalalhadi@yahoo.co.id','','085691023395','',NULL,'ID','id_ID',NULL,'2016-12-21 20:50:43',NULL,'2016-12-21 20:50:44',0,NULL,NULL,0,NULL,0,NULL),(53,'erdawati_nurdin','$2y$10$ge3xCK/UAQb2oonxm7GIqeUsaYaqg4MMcyZxNj4rqVA9207ryCr.y','erdawati.nurdin@uin-suska.ac.id','','081365215530','perumahan UNRI blok G no.88 Pekanbaru',NULL,'ID','id_ID',NULL,'2016-12-27 09:50:17',NULL,'2018-04-23 14:15:52',0,NULL,NULL,0,NULL,0,NULL),(54,'andi_saparuddin_nur','$2y$10$JlB.vn83MUC7YimtSauiIukmvy8IF3jcWfKiQzslLu9EZbBLgUnzq','mei.safar@yahoo.co.id','','085241939113','Jl. kamizaun mopah lama merauke 99611 kampus universitas musamus',NULL,'ID','id_ID',NULL,'2016-12-27 14:29:03',NULL,'2018-01-19 09:17:36',0,NULL,NULL,0,NULL,0,NULL),(55,'hasratuddin','$2y$10$ww.Ro.A/lVJN.aIFzLmGGetKJf783Ye9Ipghvcj/CSvo7YBTlax5O','siregarhasratuddin@yahoo.com','','','jl. s. brojonegoro 47',NULL,'ID','id_ID',NULL,'2016-12-31 16:43:08',NULL,'2017-01-04 08:22:50',0,NULL,NULL,0,NULL,0,NULL),(56,'muzanip_alperi','$2y$10$1UQmBzsEdny8rmqc/wSJ3.lHIkqSujT/QLo3lc9dPIR47jr2m0JpK','zan1p@yahoo.com','','081367937379','Jl Medan baru No 37 RT 22 RW 2 Pematang Gubernur Kota Bengkulu',NULL,'ID','id_ID:en_US',NULL,'2017-01-16 04:34:54',NULL,'2017-01-16 04:34:55',0,NULL,NULL,0,NULL,0,NULL),(57,'pianda','$2y$10$UO.2srZKwN/XRs1cE7y5suxUNbzItk/szviCyBF6KELHRYyU.wNay','teukudidipianda@gmail.com','','081360076753','JL. MEDAN-BANDA ACEH NO 8 SIMPANG IV KR. GEUKUH\r\nJL. MEDAN-BANDA ACEH NO 8 SIMPANG IV KR. GEUKUH',NULL,'ID','id_ID',NULL,'2017-01-17 16:11:37',NULL,'2017-04-20 21:57:10',0,NULL,NULL,0,NULL,0,NULL),(58,'maximus','$2y$10$bix0MPDmh34srG.Sf7D2Mu8L1.ENuOOf1cKCg5FXEShV3k9ilrTXu','maximustamur@gmail.com','','085239062453','STKIP Santu Paulus Ruteng Jl. A. Yani No 10 Ruteng Flores NTT',NULL,'ID','id_ID',NULL,'2017-01-19 09:43:47',NULL,'2017-01-19 09:43:48',0,NULL,NULL,0,NULL,0,NULL),(59,'alghar','$2y$10$0lZ7jCafudXcYufDJE96PuyHxEY8h91FXbqvbQ9uWKr/BKpsnhOla','alghar_6450@yahoo.com','','081949266491','JALAN L NO.26B RT009 RW009 TELUK GONG PENJARINGAN PEJAGALAN JAKARTA UTARA',NULL,'ID','id_ID:en_US',NULL,'2017-01-19 14:27:32',NULL,'2019-07-05 13:30:05',0,NULL,NULL,0,NULL,0,NULL),(60,'memen','$2y$10$lM1Eir3k5uQlJFf3XX7K6upf2ihDJoH9czYITTapjMAP9sSBFBkuS','memenazmi91@gmail.com','https://scholar.google.co.id/citations?hl=id&user=MusbAdIAAAAJ','081365074630','Jalan Rajawali Sakti III no. 110 Kec. Tampan Kota Pekanbaru',NULL,'ID','id_ID',NULL,'2017-01-21 22:43:13',NULL,'2017-01-21 22:43:14',0,NULL,NULL,0,NULL,0,NULL),(61,'getut_pramesti','$2y$10$676GLASfvGbCujTQPlA6huPtnhwwmRH/DvbiHLw7f6kHQ2j6.xFA6','getutpramesti@staff.uns.ac.id','','085290744893','Dk Kebakan Rt02Rw 06 Ds Sapen Mojolaban Sukoharjo',NULL,'ID','id_ID',NULL,'2017-01-24 11:16:01',NULL,'2017-01-26 09:24:13',0,NULL,NULL,0,NULL,0,NULL),(62,'kartinah','$2y$10$RdSVb6mQwdoQjHO/g/rqQOPY2HGqKsfPf.W3VPyYQ//71oxnN77Oe','tina.math507@gmail.com','','','Jl. Parang Kembang  No. 2, Tlogosari, semarang',NULL,'ID','id_ID',NULL,'2017-01-25 08:02:08',NULL,'2018-06-23 19:16:30',0,NULL,NULL,0,NULL,0,NULL),(63,'mulawakkan','$2y$10$9jpPqeEjKcUM7GHPXhAXs.f4O4tHvUkUCAGug32Fg.CsvCqgmHJua','andi.mulawakkan@unismuh.ac.id','','','',NULL,'ID','id_ID',NULL,'2017-01-27 21:31:23',NULL,'2017-01-27 21:31:24',0,NULL,NULL,0,NULL,0,NULL),(64,'31hayatunnufus','$2y$10$3tezCPjzdtzvVknfDR6OduziDi.8tlg.RJtAqDSbq1z9Reqhu3sAS','hayatun.nufus@uin-suska.ac.id','','085278359593','Jalan Jendral No. 47 RT 002/RW 002 Kelurahan Labuh Baru Timur Kecamatan Payung Sekaki Pekanbaru Riau',NULL,'ID','id_ID',NULL,'2017-01-28 00:05:14',NULL,'2017-01-28 00:05:15',0,NULL,NULL,0,NULL,0,NULL),(65,'iizatul_yazidah','$2y$10$tIaLG3yIIm61n8lJ5YRbJOPC0fjaUUD/ZUi3v/e1SU/cwBqqo8GkO','izatulyazidah@gmail.com','','085643111849','-',NULL,'ID','id_ID',NULL,'2017-01-30 12:52:05',NULL,'2018-02-23 10:25:07',0,NULL,NULL,0,NULL,0,NULL),(66,'yunis','$2y$10$FG2w3HDZp99BNIrdqmDC7OxRtzXNj.NQ9hcMhvonMRmfUPc10qkgi','yunis.sulistyorini@gmail.com','','081808609465','',NULL,'ID','id_ID',NULL,'2017-01-30 13:09:15',NULL,'2019-09-27 18:51:07',0,NULL,NULL,0,NULL,0,NULL),(67,'leonard','$2y$10$rHQ2zS/1h9SYopT3CMQdr.PDbcky0o5GAc5Q/IR3Ucgr6Q6S9kr.m','leonard@unindra.ac.id','http://www.scopus.com/authid/detail.uri?authorId=57208621685','081382939050','Jl. Nangka No. 58c Tanjung Barat\r\nJakarta Selatan, 12530\r\nTelp. 021-78835283',NULL,'ID','id_ID:en_US','2018-06-05 14:31:38','2017-02-02 10:18:48',NULL,'2019-09-30 11:00:58',0,NULL,NULL,0,NULL,0,NULL),(68,'kusaeri','$2y$10$ZcsO858tPTLX9LcIRKfF0uNpGOXcHWoGOvw3QKdyBFS.Snp8eA.f2','kusaeri@uinsby.ac.id','','','',NULL,'','',NULL,'2017-02-03 15:49:05',NULL,'2017-03-01 07:25:04',0,NULL,NULL,0,NULL,0,NULL),(69,'yeti','$2y$10$/SSICcAgV6um43V43hlFCupw4TLegejrN6Yc3ynjAktM92Jiy4eQu','yeti@syekhnurjati.ac.id','','','',NULL,'ID','id_ID',NULL,'2017-02-06 20:38:21',NULL,'2017-11-11 20:27:52',0,NULL,NULL,0,NULL,0,NULL),(70,'angga1203hidayat','$2y$10$fLAi7SKKsGQ9FahaDKl.euuKoD4oFOZ5d8V9L0m41SxGK.cIEcXiu','angga1203hidayat@gmail.com','','','',NULL,'','id_ID',NULL,'2017-02-10 19:16:02',NULL,'2017-04-25 13:19:48',0,NULL,NULL,0,NULL,0,NULL),(71,'resapontoh','$2y$10$TFoporZ34XLAqUDs2KT0WOdazQUofD9plKvCAReng3TRYGG1g70Se','resa.septiani@unpad.ac.id','','','Ujung Berung Indah Blok 26 No 12 Bandung',NULL,'ID','id_ID:en_US',NULL,'2017-02-13 20:06:14',NULL,'2017-02-13 20:06:15',0,NULL,NULL,0,NULL,0,NULL),(72,'budimulyonounsri','$2y$10$Jm7kthfyPasCaYs8i8h2.OLO5nvIZluBgo81qIphu.w95wZjx7IjO','budimulyono.unsri@gmail.com','https://www.scopus.com/authid/detail.uri?authorId=57196247058','','',NULL,'ID','id_ID:en_US',NULL,'2017-02-24 01:17:07',NULL,'2019-02-07 14:00:36',0,NULL,NULL,0,NULL,0,NULL),(73,'sowanto','$2y$10$W5KkAindWjif/t5WdDHNM.NwyN3SG54wXHFzMFg60UGrKrgLywcXy','sowantos@gmail.com','','082339179475','Dusun Permata Hijau, RT 02 RW 03 Desa Taa Kec. Kempo, Kab. Dompu, NTB',NULL,'ID','id_ID:en_US',NULL,'2017-03-05 20:46:48',NULL,'2018-10-02 12:14:07',0,NULL,NULL,0,NULL,0,NULL),(74,'lukman_harun','$2y$10$icwv1LBJ7fC/B0xVPok7/upxLMsLw5m8Pogxw5ONcU6tvflBw62dq','Lukmath1909@gmail.com','https://www.scopus.com/authid/detail.uri?authorId=57196236780','085642447199','Jagan RT 01/07 Waru Baki Sukoharjo Jateng 57556',NULL,'ID','id_ID',NULL,'2017-03-13 16:58:12',NULL,'2019-09-19 11:01:13',0,NULL,NULL,0,NULL,0,NULL),(75,'yulyantiharisman','$2y$10$b8Q6JnKZ8lt64ovH9CiKSOFVaQuajqIuEBX8KoX97Vh5gFVlOh80W','yulyyuki@gmail.com','https://www.scopus.com/authid/detail.uri?origin=AuthorProfile&authorId=57193866867&zone=','085376500735','',NULL,'ID','id_ID',NULL,'2017-03-13 17:10:23',NULL,'2019-09-20 21:36:31',0,NULL,NULL,0,NULL,0,'https://scholar.google.co.id/citations?user=zUaGvdwAAAAJ&hl=id'),(76,'asep_amam','$2y$10$gFNHuXiFACmroGM/f8ZpL.jZmVf9iOPT3W510WXn1MOXht0Qkq8Fu','amam_math85@yahoo.co.id','https://www.scopus.com/authid/detail.uri?authorId=57193867550','','',NULL,'ID','id_ID',NULL,'2017-03-13 17:31:56',NULL,'2017-03-13 17:32:49',0,NULL,NULL,0,NULL,0,NULL),(77,'nitadelima','$2y$10$wpee7y4qdjoBQ7HQRbGrDeIogLkPtLbkRbbMKs5wQ6OLZVNDDoS8q','nitadelima85@yahoo.com','https://scholar.google.co.id/citations?user=OAHpCsgAAAAJ&hl=id','','RSS Sidodadi Blok A No 275 Kel. Pasirkareumbi\r\nKec. Subang Kab. Subang',NULL,'ID','id_ID',NULL,'2017-03-13 17:48:58',NULL,'2017-05-25 06:08:40',0,NULL,NULL,0,NULL,0,NULL),(78,'jero_budi_darmayasa','$2y$10$dqcm1bbbSJsSKJdNmA8uD.p3QtmJJ5wnnngAq07D1XDy2Uh7L3rA6','jerosongan@gmail.com','https://www.scopus.com/authid/detail.uri?authorId=57200730465','085387887759','FKIP UBT\r\nJl.  Amal Lama No.  1 Tarakan,  Kalimantan Utara',NULL,'ID','id_ID',NULL,'2017-03-13 18:17:29',NULL,'2018-12-05 22:47:43',0,NULL,NULL,0,NULL,0,NULL),(79,'ferymf','$2y$10$czk5B4LzxLUDWpIDTfOrQe6MU7re5okjd42psmK.Dih8ZJmF/g2O2','fery.firdaus@uinjkt.ac.id','','085221302397','Rajadesa RT 02 RW 16 DS Cipaku Kec. Paseh Kab Bandung',NULL,'ID','id_ID',NULL,'2017-03-13 18:23:14',NULL,'2017-03-13 18:23:15',0,NULL,NULL,0,NULL,0,NULL),(80,'diancahyawati','$2y$10$Q8Nly0spioE/SCRUwdBzfubB8V2o2TozwJyocGQNcvJf4cTWR3Xx.','dianc.fpmipa@student.upi.edu','https://scholar.google.co.id/citations?user=EunY7j0AAAAJ&hl=id','08157117885','Jln. Cikutra No. 4/148B RT 04 RW 02 Kel. Neglasari Kec. Cibeunying Kaler Bandung 40124',NULL,'ID','id_ID',NULL,'2017-03-14 11:43:40',NULL,'2019-03-31 07:05:14',0,NULL,NULL,0,NULL,0,NULL),(81,'jusep17','$2y$10$yLMtfEDRqfIywSyiWJKMl.5eEtnkvL4.LoOQJ5SO9DJftgNZDngCe','jusepsaputrapmat@unpas.ac.id','','083829192834','Jl. Paratag No. 201 RT 4 RW 8 Kel. Pasirwangi Kec. Ujungberung Kota Bandung Kodepos 40618',NULL,'ID','id_ID:en_US','2017-03-28 21:30:50','2017-03-14 14:24:43',NULL,'2017-11-13 12:32:01',0,NULL,NULL,0,NULL,0,NULL),(82,'yanti_mulyanti84','$2y$10$yT0EgfuinWvtns2wA9gLE.R0VSgGaROV.KMql9XvtgFDlcQaSZyTu','yanti_khairan@yahoo.co.id','https://scholar.google.co.id/citations?hl=id&user=UNWW2PIAAAAJ','085624116287','Kp.Warung Jengkol Rt/Rw. 002/001 Desa Sukawangi Kec. Warung Kondang Kab. Cianjur 43261',NULL,'ID','id_ID',NULL,'2017-03-15 09:19:18',NULL,'2017-03-15 09:19:22',0,NULL,NULL,0,NULL,0,NULL),(83,'dian_313','$2y$10$.al.0uPwTmc7cpU/41ONZ.OUdDJ9aDtVB0VRPSKfTGBjOTiTep7Da','amor@unpad.ac.id','https://www.scopus.com/authid/detail.uri?authorId=57197754063','082120140045','Jl. Bina Asih I no. 17 By Pass Soekarno Hatta, Bandung 40292',NULL,'ID','id_ID',NULL,'2017-03-15 17:46:29',NULL,'2018-12-28 15:49:53',0,NULL,NULL,0,NULL,0,NULL),(84,'sekarranip','$2y$10$gISjJCsmJJY0F5MsAEBpb./uW65mgbMHV2ipUdjqK6Q.5peLSd.YO','sekar.rani26@gmail.com','','','',NULL,'ID','id_ID',NULL,'2017-03-21 19:43:34',NULL,'2017-03-21 19:43:36',0,NULL,NULL,0,NULL,0,NULL),(85,'iik','$2y$10$lW.1DwaFpwmiWWUTrYvjLupdbHUly9WhdzABDWgEMq9BMKf2wswK.','ik.nurhikmayati@gmail.com','','','',NULL,'ID','id_ID',NULL,'2017-03-23 16:11:41',NULL,'2017-11-13 12:34:01',0,NULL,NULL,0,NULL,0,NULL),(86,'mathbadai','$2y$10$RtT3cfdFbOgSlcqGd16JHOAzrmWUroa1N5JNzuM/3I6ZVDOUjyLwW','budi.mathbadai@gmail.com','','081375345955','Kampus IAIN Langsa, Jln. Meurandeh Kota Langsa, Aceh, 24411',NULL,'ID','id_ID:en_US',NULL,'2017-03-28 12:01:25',NULL,'2017-03-28 12:01:29',0,NULL,NULL,0,NULL,0,NULL),(87,'chaiju','$2y$10$mjQ0o2pJR09GT3gkO7xyye5L3DfGr14yN5foKiNz6uXXLbTRw.QsG','1takers404@gmail.com','','083808680392','ccd',NULL,'AZ','en_US',NULL,'2017-04-19 17:43:39',NULL,'2017-04-19 17:43:41',0,NULL,NULL,1,'Spam?',0,NULL),(88,'abdul_karim','$2y$10$iZYhNCwKkn6xqkqXk7vwj.Gr3pylTr9qORGtZJvRKN7Npk21LTrHm','abdul.depok@gmail.com','','085695313743','',NULL,'ID','id_ID',NULL,'2017-04-20 15:16:25',NULL,'2018-01-31 06:59:01',0,NULL,NULL,0,NULL,0,NULL),(89,'irvahn','$2y$10$kB7rsB0.Vw9u9TbQv.PpSuNumdAuuoqGETA572tODf11QluwdSr0K','muhammad.irfan@ustjogja.ac.id','','','',NULL,'','',NULL,'2017-04-24 22:18:42',NULL,'2018-04-12 16:38:40',0,NULL,NULL,0,NULL,0,NULL),(90,'lilis_marina_angraini','$2y$10$gCGhXbhCp8SYYC2tLbVe3unAljGEgdzADMkti7drfajW5YN2yCWNK','lilismarina89@gmail.com','','081289095308','Jalan garuda sakti gang harapan no 12 kelurahan simpang baru kecamatan tampan pekanbaru RIAU',NULL,'ID','id_ID',NULL,'2017-04-26 17:34:58',NULL,'2017-04-26 17:34:59',0,NULL,NULL,0,NULL,0,NULL),(91,'echadian16','$2y$10$3Nkp5a/ZlFqqemiAJ/Cx5eOZ7QMtoRrBo49zNxLWakdaZ2pzKZOwy','echadian0707@gmail.com','','081278358320','Jl.KH Gholib Gg.Tani No.1099 Pringsewu Kabupaten Pringsewu- Lampung',NULL,'ID','id_ID',NULL,'2017-05-12 12:20:13',NULL,'2017-05-12 12:20:15',0,NULL,NULL,0,NULL,0,NULL),(92,'ranisugiarni','$2y$10$XY3yTxS6gmc3e.XdE8hOV.WIHzgQbOdSOL53ny3bbdRWgc3UuAfsu','ranisugiarni@gmail.com','http://dosen.unsur.ac.id/Rani-Sugiarni_','085624087119','Jalan Hos Cokroaminoto Gang Dukuh No.6 Rt.01 Rw.03 Kel. Muka Kec Cianjur Kab. Cianjur Kode Pos 43215',NULL,'ID','id_ID:en_US',NULL,'2017-05-19 20:20:34',NULL,'2018-06-26 18:56:45',0,NULL,NULL,0,NULL,0,NULL),(93,'indah-wr12','$2y$10$VSpJDAIGvMuLziDOuwvxnOapaeFKx9xtOyWfAUVGe0AqUOwkMuJde','indah.wr12@gmail.com','','','',NULL,'','id_ID',NULL,'2017-05-26 13:12:04',NULL,'2018-02-03 20:08:37',0,NULL,NULL,0,NULL,0,NULL),(94,'elfarafulta','$2y$10$Ho8MB04SzAZnrQaGVFrbfuY5Vx/NvTWHsjnpcOwPQ2rdk5wQvn1HW','elfarafulta10@gmail.com','','081392963770','komp. Mutiara Putih Blok f no. 2 RT/RW 001/009 Kel. Batang Kabung Ganting Kec. Koto Tangah Padang SUMBAR',NULL,'ID','id_ID',NULL,'2017-05-29 20:46:45',NULL,'2018-01-30 13:27:43',0,NULL,NULL,0,NULL,0,NULL),(95,'sriasnawati','$2y$10$G57hT0K4J7j07R8bD8kJReeM54vUYRuMpwjPLkuEpOcZrmeOeow4O','sriasnawati@fkip-unswagati.ac.id','','082240401197','Universitas Swadaya Gunung Jati\r\nFakultas Keguruan dan Ilmu Pendidikan\r\nJalan Perjuangan No.01 Cirebon',NULL,'ID','',NULL,'2017-06-05 10:52:05',NULL,'2017-08-17 12:29:45',0,NULL,NULL,0,NULL,0,NULL),(96,'elissitikomara','$2y$10$7kTIGYrTY91LhvVMgOcJZOdOTs7GhxBMevNfe.y2z1/S4Bqs9T/cy','elissiti.1214@gmail.com','','085295000863','taman bunga cilame blok c no 17',NULL,'','id_ID:en_US',NULL,'2017-06-07 12:55:47',NULL,'2017-06-22 15:27:38',0,NULL,NULL,0,NULL,0,NULL),(97,'benny_hendriana','$2y$10$vvIjOq2IiBXiVlLMUX0pbu7Q8zaxNiEyYGrNt8/nc1wzV54eqqJAa','benny_hendriana@uhamka.ac.id','','085718844222','',NULL,'ID','id_ID',NULL,'2017-06-12 16:53:13',NULL,'2019-08-02 22:29:21',0,NULL,NULL,0,NULL,0,NULL),(98,'yunita','$2y$10$e4wCOujlX8Iv4PO.eZEaXuin9vL835UGC1gun0yH6bwJ0dR5gLK.S','yunita.herdiana93@gmail.com','','085264490350','Jl. Geger Kalong Girang No. 96, RT.04. RW.06, Kel. Isola, Kec. Sukasari, Bandung.',NULL,'ID','id_ID',NULL,'2017-07-03 13:12:32',NULL,'2018-02-19 08:32:33',0,NULL,NULL,0,NULL,0,NULL),(99,'vincentia','$2y$10$/dCuS5nieIZiW6oTFbABrelSDuDiBdIifsSReVweFRqhibJJw9ViS','vincentpipin2709@gmail.com','','','',NULL,'','id_ID',NULL,'2017-07-03 13:28:04',NULL,'2017-07-03 13:28:06',0,NULL,NULL,0,NULL,0,NULL),(100,'ridwan','$2y$10$4hp3tDT4nfdbcoVLUh3aS.8fADlBKZvR9fh/SpckGgsGn9dVaTOka','muhamadrd58@gmail.com','','','',NULL,'ID','id_ID',NULL,'2017-07-03 14:50:22',NULL,'2017-11-12 04:52:43',0,NULL,NULL,0,NULL,0,NULL),(101,'aziz','$2y$10$FN3LeCcKsHh/zeYtdUxkaOZRlYzWg0rtxtywTHPfHWErz6mvdTDyu','aziz@upy.ac.id','','081328222311','',NULL,'ID','id_ID',NULL,'2017-07-04 12:14:43',NULL,'2017-07-04 12:14:45',0,NULL,NULL,0,NULL,0,NULL),(102,'sofi','$2y$10$HRJYA6BQP2Cu0oVXvLho6efYmH6Hk28eufX/RZMHwLICUJyHcF6He','Samrrotul.janah@yahoo.co.id','','','',NULL,'ID','id_ID',NULL,'2017-07-04 14:18:56',NULL,'2017-07-04 14:18:58',0,NULL,NULL,0,NULL,0,NULL),(103,'dede','$2y$10$3xM8NNtCY3vmM9NkvCy97.2MBcMD.x597qXa6tf3nbiVNasNRmx8m','dedetriekurniawan@fkip-unswagati.ac.id','','','',NULL,'ID','id_ID',NULL,'2017-07-06 13:06:55',NULL,'2017-07-12 15:03:44',0,NULL,NULL,0,NULL,0,NULL),(104,'heninurkholisah','$2y$10$5In/ggw6EZWbrVDbD0fCY.BmaIAjGVZOL/Ec2kaLa.91Sw7V2OfP.','heninurkholisah65@gmail.com','','082384963808','',NULL,'ID','id_ID',NULL,'2017-07-07 09:48:33',NULL,'2017-07-07 09:48:35',0,NULL,NULL,0,NULL,0,NULL),(106,'wahyu_n','$2y$10$mTC01no89T9AC1Ah5HyjrOilLnXptAJ7vpMErqFJKXWVnl6k/XLQ.','wahyunasaruddin@gmail.com','','085260195589','',NULL,'ID','id_ID',NULL,'2017-07-10 15:21:31',NULL,'2017-07-10 15:21:35',0,NULL,NULL,0,NULL,0,NULL),(107,'rifki_maqfirah','$2y$10$xslb0Hsnj7QGeUpkN/PVTODkBbzaNmXtimQJA1KStRNF.VOa5kdMu','rifkimaqfirah@gmail.com','','085360024982','',NULL,'ID','id_ID',NULL,'2017-07-10 15:22:09',NULL,'2018-12-21 20:10:18',0,NULL,NULL,0,NULL,0,NULL),(108,'siska','$2y$10$saWZScKYobe11YJ4p.5ag.ohujDXE.dxq7B6PfQy6LKjzbIE.U8RW','siska.fs27@gmail.com','','085295856566','Jalan Perjuangan No.01 Cirebon',NULL,'ID','id_ID',NULL,'2017-07-10 16:12:49',NULL,'2018-04-10 13:41:42',0,NULL,NULL,0,NULL,0,NULL),(109,'dedetk','$2y$10$cwumtSycL6pBdbwcX3EmPOj6N51FZ1fyqJtQO.DGr8LCKyqwbtsgy','sementara@gmail.com','','','',NULL,'ID','id_ID',NULL,'2017-07-12 15:01:44',NULL,'2017-07-12 15:01:45',0,NULL,NULL,0,NULL,0,NULL),(110,'indah_suryawati','$2y$10$YrOOhOpLZdqOtQNELEHUh.aH0h4hYiwGcS8CSN/MfG0J3M.JFKJ1O','haek4l.ind4h@gmail.com','','','',NULL,'','',NULL,'2017-07-12 16:26:10',NULL,'2017-07-12 17:30:19',0,NULL,NULL,0,NULL,0,NULL),(111,'deviana','$2y$10$B4jpfo0buo70v.PLxET/nOI8MEbfLXu5BwchJuwQvh2BK5iLybQ3a','Deviana.Nian@gmail.com','','085786531649','',NULL,'ID','id_ID',NULL,'2017-07-13 11:00:16',NULL,'2017-07-13 11:31:03',0,NULL,NULL,0,NULL,0,NULL),(112,'fitriaisyah','$2y$10$bxQWZtWn/QbKCB0sbH444us3XUXIfLElB0AKRsmu3uTJUwkvTwwym','fitriaisyah15@ymail.com','','082135279210','',NULL,'ID','id_ID',NULL,'2017-07-13 11:40:57',NULL,'2017-07-13 11:41:18',0,NULL,NULL,0,NULL,0,NULL),(113,'siti_khotimah','$2y$10$F8mQHtG67sY/5KeUYqGSzeDcgpHX0bUaiPo0bOw2IAboJn2XZSDAK','khotimahsiti885@gmail.com','','082243952224','',NULL,'ID','id_ID',NULL,'2017-07-13 14:59:17',NULL,'2017-07-13 14:59:18',0,NULL,NULL,0,NULL,0,NULL),(114,'rezanike','$2y$10$0DPfP6r5kL5Z4PWuXWShauiz5d5wfW8hsxRDSZUFHyLudbKYbmufW','rezanikeoktariani@gmail.com','','082372138772','',NULL,'ID','id_ID',NULL,'2017-07-14 19:18:42',NULL,'2017-11-05 15:04:52',0,NULL,NULL,0,NULL,0,NULL),(115,'coba1','$2y$10$PjXpam4I7PWe1MMlxHiBousyJzEozi1UEwfMlGEL/1ohlL9GprLnK','kalamatika@uhamka.ac.id','','','',NULL,'ID','id_ID',NULL,'2017-07-15 11:22:43',NULL,'2017-07-15 11:23:14',0,NULL,NULL,0,NULL,0,NULL),(116,'evaderika','$2y$10$h8skxoibRo7kLNC6jWG7keVRc5p5CX7b029SLveeQrsph2TeF3ydm','artikasarie13@gmail.com','','08995100720','',NULL,'ID','id_ID',NULL,'2017-07-24 17:32:10',NULL,'2017-07-24 17:32:15',0,NULL,NULL,0,NULL,0,NULL),(117,'anisa25','$2y$10$qifnakAufOQoB2dduWsAcuJz473vp.CQjL2algpUc1mbGoqD4lv/6','annafitri750@gmail.com','','089649754825','',NULL,'ID','id_ID',NULL,'2017-07-24 17:56:44',NULL,'2017-07-24 17:56:48',0,NULL,NULL,0,NULL,0,NULL),(118,'hikmatulhusnaaa','$2y$10$nKsPkpGlu0uqPafMDcz3I.mBrEfs.aY9sg7dpdtPQd4p9ABo0NRdq','hikmatulhusnaaa@gmail.com','','','jalan rawajati timur 2 gang porti rt 01 rw 01 no. 18, rawajati, pancoran, jakarta selatan 12750',NULL,'ID','id_ID',NULL,'2017-07-28 11:57:19',NULL,'2017-07-28 11:57:35',0,NULL,NULL,0,NULL,0,NULL),(119,'frenafardillah','$2y$10$M2TBlU3nz4S/1KwoeyTrs.0Ub/YkZtOOJCqz219y3uHik3sAJV/e.','frenafardillah22@gmail.com','','083812520999','',NULL,'ID','id_ID',NULL,'2017-07-29 15:30:09',NULL,'2017-08-03 00:14:46',0,NULL,NULL,0,NULL,0,NULL),(120,'niajusniani_2017','$2y$10$Ooy/TMh3ATyrKTC2bajB5O6rPR1E9kLJZk6341Plcr6fI.9dndkfq','niajusniani56@gmail.com','','085863559400','',NULL,'ID','id_ID',NULL,'2017-08-02 09:57:26',NULL,'2017-08-02 09:57:32',0,NULL,NULL,0,NULL,0,NULL),(121,'andybangkit','$2y$10$2MfamUGy.rsWExCx54W1jOogFFdlYCqCBROsbFbqbEuF/2/.kOeO2','andy.bangkit.setiawan@h.mbox.nagoya-u.ac.jp','https://scholar.google.co.id/citations?user=qX4cOSUAAAAJ&hl=id&oi=ao','','',NULL,'ID','id_ID:en_US',NULL,'2017-08-09 10:02:55',NULL,'2017-08-09 10:40:25',0,NULL,NULL,0,NULL,0,NULL),(122,'nureva','$2y$10$gjxPDOcHL5lzJV2Upg8fP.sijRVcNUqCd4iNVlhCOLc0BqYfzfKBG','nureva.math@gmail.com','','082315509464','Depan Pon.Pes Al Barkah RT 05 RW 07 Desa Sukajadi Kec. Sadananya Kab. Ciamis 46256 Jawa Barat',NULL,'ID','id_ID','2017-08-16 11:42:19','2017-08-14 01:17:55',NULL,'2017-08-14 11:48:34',0,NULL,NULL,0,NULL,0,NULL),(123,'prima_crismono','$2y$10$C9jYrRx8c/TTTNJ.o7UZi.7dYNoyeIhf2cyBFDSSXmvPk0LtbokFu','primacrismono@gmail.com','','085258700880','Krajan 03/02 Tempurejo Jember',NULL,'ID','id_ID',NULL,'2017-08-17 11:08:11',NULL,'2017-08-23 05:03:24',0,NULL,NULL,0,NULL,0,NULL),(124,'asepikinsugandi','$2y$10$UTFbpHfmpb7S/b5BqvRfVugno93yDgmgTX3OoXoVCGVjLUpPHD8Y2','asepikinsugandi@gmail.com','','08126666581','',NULL,'ID','id_ID',NULL,'2017-08-18 13:50:05',NULL,'2017-11-20 17:31:35',0,NULL,NULL,0,NULL,0,NULL),(125,'resynirawati15','$2y$10$joEI0KG3oReeI9BOnBZSrOPWpB.5g05TqHRomvBE8xXBIwKm0OmuW','resynirawaty@gmail.com','https://orcid.org/0000-0002-4544-1614?lang=en','089694001678','',NULL,'ID','id_ID:en_US',NULL,'2017-08-20 09:30:06',NULL,'2017-08-20 09:30:11',0,NULL,NULL,0,NULL,0,NULL),(126,'noor425-fajriah','$2y$10$a2W6iCatePoPl5Uas9NCAu5ECACxUbcggNgeO5kZRHBvpABldZomq','n.fajriah@unlam.ac.id','','05113363534','Batu Benawa IV No 25 Rt 48 Banjarmasin',NULL,'ID','id_ID',NULL,'2017-09-03 03:35:52',NULL,'2018-04-14 08:04:50',0,NULL,NULL,0,NULL,0,NULL),(127,'tian_abdul_aziz','$2y$10$JSZGOs0kUl4bLdFQklAGeumULwJXs5HBi9zyV2oFhZguq3GZ958.u','tianabdulaziz85@gmail.com','https://www.scopus.com/authid/detail.uri?authorId=57195477298','','Cahaya Garuda Residence Kav.37\r\nJl. Ciputat Parung KM.22 Bojongsari Baru Depok Jawa Barat',NULL,'ID','id_ID:en_US',NULL,'2017-09-04 08:24:17',NULL,'2017-09-05 13:35:34',0,NULL,NULL,0,NULL,0,NULL),(128,'rosmaiyadi','$2y$10$taefZKJFHggiTbR/yD12puZPPA4ZgXqIrV8XW093NFEp1X7TooUUu','rosmaiyadialong@gmail.com','','089670439010','Jl. STKIP, Kelurahan Naram, Kecamatan Singkawang Utara, Kota Singkawang.\r\nKalimantan Barat 79251',NULL,'ID','id_ID',NULL,'2017-09-05 10:21:31',NULL,'2017-11-27 19:18:31',0,NULL,NULL,0,NULL,0,NULL),(129,'ryan13','$2y$10$1jWejicg7xk2D1Qy0ga0V..HPMw2nl7GYA4pXkZZtIk4XEQpH.I6O','ryananggapratama13@gmail.com','','','',NULL,'','id_ID',NULL,'2017-09-05 12:53:21',NULL,'2017-10-20 10:34:26',0,NULL,NULL,0,NULL,0,NULL),(130,'4yutsurayya','$2y$10$93DRoA6kiLR3YjCI67XSb.CseA5YKwv1ZhM.woJ6ueNajiWEbvLdS','ayu.tsurayya@uhamka.ac.id','','085780006675','',NULL,'','id_ID',NULL,'2017-09-11 15:27:17',NULL,'2019-08-16 17:36:17',0,NULL,NULL,0,NULL,0,NULL),(131,'isnarafianti','$2y$10$vVCJ0ZaS2Hq11V9pAjBPjevYzdVdvSx5.NbummzOFCNRf5aCa8py6','isnarafianti@untirta.ac.id','','081931335597','perumahan green serang madani prisma B4/28 Kec. Cipocok Jaya, Kel. Panancangan, Serang-Banten 42124',NULL,'ID','id_ID',NULL,'2017-09-19 22:40:49',NULL,'2018-10-15 16:14:10',0,NULL,NULL,0,NULL,0,NULL),(132,'wahyuni','$2y$10$znWud3fDKzms74XJNasBjedkNMHsEsK2nxwUXNSXDqvytd9CpjZF2','ayuni2009pma@gmail.com','','085276027167','',NULL,'ID','id_ID',NULL,'2017-09-20 10:19:50',NULL,'2017-09-20 10:29:00',0,NULL,NULL,0,NULL,0,NULL),(133,'irdarisanti','$2y$10$woNoKJqIJO/VVQldiumVjelQLXte.YTkipaKYh2cPkvM0V9m1z4Ha','irdarisanti91@gmail.com','','085263000322','',NULL,'ID','id_ID',NULL,'2017-09-27 07:21:45',NULL,'2017-09-27 16:39:37',0,NULL,NULL,0,NULL,0,NULL),(134,'ainilmardiyah','$2y$10$MH45aiZJJRDJVsAZRhnWheW4uQcQjQQpBzLWglUdqDV9C.MCsGImu','m.ainil@yahoo.com','','081363170387','Perumahan Trisandi Indah 4 Blok D6 Kelurahan Gurun Laweh, Nanggalo. Padang Sumatera Barat',NULL,'ID','id_ID',NULL,'2017-09-28 09:09:28',NULL,'2017-09-28 10:58:49',0,NULL,NULL,0,NULL,0,NULL),(135,'elsarahmah','$2y$10$sA2kZ/O0iZv1NFEB1LPGMOjXDUucqSxVise7y6h8.G0lHLwfMs1aO','elsarahmah92@gmail.com','','','',NULL,'ID','id_ID',NULL,'2017-10-02 10:26:58',NULL,'2017-10-02 10:54:57',0,NULL,NULL,0,NULL,0,NULL),(136,'rusdian_rifai','$2y$10$NnZh/fBM1vWvRNhuvn3xzuORMy4or.74m6WIwm505GIgDMlx5.T9e','rusdianrifai@gmail.com','','081320363722','rusdianrifai@gmail.com',NULL,'ID','id_ID','2017-11-04 23:04:53','2017-10-10 22:08:42',NULL,'2017-12-15 21:59:48',0,NULL,NULL,0,NULL,0,NULL),(137,'wahyudiuksw','$2y$10$4qKP81zA/eRK83pmQQ9GaOKgubF132SsUSyGLVRJUY0v0R0Nzsx6y','yudhi@staff.uksw.edu','','085225350085','Wahyudi, S.Pd., M.Pd\r\nGedung E Lantai 2\r\nUniversitas Kristen Satya Wacana\r\nJl. Diponegoro 52-60 Salatiga 50711',NULL,'ID','id_ID:en_US',NULL,'2017-10-14 13:11:16',NULL,'2017-10-20 22:41:24',0,NULL,NULL,0,NULL,0,NULL),(138,'muktisinta','$2y$10$tVGxCJERI9FTwievJDd0wuDW9mMR5XYS2Ym.kAnaVRkqKkqENVe7m','mukti.sintawati@pgsd.uad.ac.id','','085643443668','',NULL,'','id_ID',NULL,'2017-10-15 04:05:36',NULL,'2018-06-14 19:58:29',0,NULL,NULL,0,NULL,0,NULL),(139,'rifqi_hidayat','$2y$10$nucBpn4eeL57D6bapw8CgeGh7fNvmOAqHM5m/xCicpc6umvFLk3Km','rifqi.math@gmail.com','','+6289612369310','Kampus 2 Universitas Muhammadiyah Cirebon Gedung FKIP. \r\nJalan Fatahilah-Watubelah-Sumber Kabupaten Cirebon',NULL,'ID','id_ID',NULL,'2017-10-17 04:40:12',NULL,'2017-12-20 13:21:56',0,NULL,NULL,0,NULL,0,NULL),(140,'arie_wahyuni11','$2y$10$Z9n2OGwkJJ4x78.Veyx8suv/Fo9bsqMU1UhTYar1ex5rNIbk9i1zy','arie_wahyuni11@yahoo.com','','082133960642','',NULL,'ID','id_ID',NULL,'2017-10-23 14:53:27',NULL,'2017-10-24 10:23:06',0,NULL,NULL,0,NULL,0,NULL),(141,'sekarrani','$2y$10$S1rwqrynh.NwDuynyCuyFe1m9t3Kt1Rchb7uiVb0YC41HaYsAcq6q','tyascantika50@gmail.com','','085814611302','',NULL,'ID','id_ID',NULL,'2017-10-27 11:33:48',NULL,'2017-10-27 11:33:55',0,NULL,NULL,0,NULL,0,NULL),(142,'ekawidyawati','$2y$10$2dmXCtKWNeyINT5Kgc67Vu0FYzIxAHpVRLTzW5O4CuhH77E3uFhYK','eka.adel48@gmail.com','','08115868488','jl.seroja 1 RT.39 No.02 B kelurahan karang anyar kecamatan tarakan barat kota tarakan provinsi kalimantan utara',NULL,'ID','id_ID',NULL,'2017-10-30 15:22:18',NULL,'2017-10-30 15:22:23',0,NULL,NULL,0,NULL,0,NULL),(143,'frediganda','$2y$10$YzhPhXQ4f2K2CJwNgvH.uOdHGE0zxSWRlt8TnDFtK2zpNn/04Pf1S','fredigpsw@radenintan.ac.id','','','',NULL,'ID','en_US',NULL,'2017-10-31 09:23:32',NULL,'2018-09-19 12:05:06',0,NULL,NULL,0,NULL,0,NULL),(144,'restiani','$2y$10$XTSGmcuA03tl./aqYaVLTe/3XNrh49qCVWqWVvuq5jwzz3D4rxDDS','arestiani80@gmail.com','','','',NULL,'ID','id_ID:en_US',NULL,'2017-10-31 10:30:12',NULL,'2017-11-01 09:40:26',0,NULL,NULL,0,NULL,0,NULL),(145,'holidun','$2y$10$mX.eIlAsNHRkvnzh3eQ.AO2Vy3gN719e/FkCciGY9fKgk1vFX2iN2','kholidun99@gmail.com','','','',NULL,'ID','id_ID:en_US',NULL,'2017-10-31 10:41:35',NULL,'2017-11-06 16:43:16',0,NULL,NULL,0,NULL,0,NULL),(146,'88tutut88','$2y$10$3pkRm4y3QfSYVTWdoYJU2.NfnkCWsSBufhwauQcLsY9BkTNVXLsD6','widiastuti@uinsgd.ac.id','','085706552155','Cibiru Asri 1 Blok B29 Cileuyi wetan Kabupaten Bandung',NULL,'ID','id_ID',NULL,'2017-10-31 16:04:40',NULL,'2017-11-28 04:17:04',0,NULL,NULL,0,NULL,0,NULL),(147,'nuraini','$2y$10$XZ7HxnYbL25Fd0NQac0cqeM48rMZ5uVTDqKI2WROY29hq7kNMjZxa','nurainisukmawati21@gmail.com','','082371282156','',NULL,'ID','id_ID',NULL,'2017-11-01 08:56:50',NULL,'2017-11-01 08:56:56',0,NULL,NULL,0,NULL,0,NULL),(148,'sariherlina','$2y$10$zie3TxQ4bdouSBuSLq582OoL7nfzIXZ4oXq034HjNOZVmML5aEucW','sariherlina99@edu.uir.ac.id','https://www.google.com/search?q=universitas+islam+riau&ie=utf-8&oe=utf-8&client=firefox-b','085265640008','Jalan Kaharuddin Nasution No.113 Marpoyan, Pekanbaru, Riau',NULL,'ID','id_ID',NULL,'2017-11-04 15:27:18',NULL,'2017-11-04 15:40:10',0,NULL,NULL,0,NULL,0,NULL),(149,'putri','$2y$10$NP06D5Clzr/MlN15VoGuwuGyFKBVMgafD170JS8fnDCp5n6jVigXe','i.putri@ymail.com','','','',NULL,'ID','id_ID',NULL,'2017-11-11 20:23:18',NULL,'2018-05-30 19:15:04',0,NULL,NULL,0,NULL,0,NULL),(150,'ortizagustina4404','$2y$10$JwWnl7qC37mvV/fKKQOCa.E/9MnI2cbfUdeELgMr9YxvwsOFLBbs2','pcvf00+ortizagustina4404@gmail.com',NULL,NULL,NULL,NULL,NULL,'',NULL,'2017-11-18 20:23:41',NULL,'2018-02-16 15:08:26',0,NULL,NULL,0,NULL,0,NULL),(151,'vdelgado4021','$2y$10$4oQdJf2aXtaQ0sg7XtFT4ewjKOqTbWthb7/0Q4yz.7pXEfT/SCzXu','pcvf00+vdelgado4021@gmail.com',NULL,NULL,NULL,NULL,NULL,'',NULL,'2017-11-24 07:10:46',NULL,'2018-02-12 21:52:24',0,NULL,NULL,0,NULL,0,NULL),(152,'jramires1846','$2y$10$3ngsY6UyGUk4N19LmUhN4u9PC6dnVFpDvDm0srBzYWDX3wCTckFF2','pcvf.00+jramires1846@gmail.com',NULL,NULL,NULL,NULL,NULL,'',NULL,'2017-11-30 00:27:00',NULL,'2018-04-27 12:53:17',0,NULL,NULL,0,NULL,0,NULL),(153,'yuniams','$2y$10$91OCABBYjYN1zpq7Gq/MXOydQEXcgJ3aYd9KNQId.npQ9SVUlRUM2','yuniams@yahoo.com','','08382814312','Jl. Atlas Raya No.25 Bandung',NULL,'ID','id_ID',NULL,'2017-12-08 09:50:34',NULL,'2017-12-08 09:50:40',0,NULL,NULL,0,NULL,0,NULL),(154,'egaedistria','$2y$10$TyqbLogJW7IlNifhlWpgQutbC7dodTYml3F.ZTBKGOL/jSsSubnXC','ega.edistria@stkipsurya.ac.id','','','',NULL,'ID','id_ID',NULL,'2017-12-11 10:49:22',NULL,'2017-12-11 16:16:47',0,NULL,NULL,0,NULL,0,NULL),(155,'siska1105','$2y$10$Ww1kG8pjoXZTEVGq4cT/YegdJJp1N6hwAMZZM0VzCW6hbKcuQOqX6','siska.f1105@gmail.com','','085295856566','Jalan Perjuangan No.01 Cirebon',NULL,'ID','id_ID:en_US',NULL,'2017-12-14 09:27:24',NULL,'2018-02-15 12:03:13',0,NULL,NULL,0,NULL,0,NULL),(156,'antikamuning','$2y$10$P6OvgrwX6zHCoUEBWvqUy.kBE4wgOJiHBN0O94Q/KEGFQExtblpRe','202014003@student.uksw.edu','','089522655490','Jl. Pemandangan 1 Rt 06 Rw 08, Sidorejo lor, Sidorejo, Salatiga, Jawa Tengah, 50711',NULL,'','id_ID',NULL,'2017-12-18 05:45:11',NULL,'2018-02-06 05:44:37',0,NULL,NULL,0,NULL,0,NULL),(157,'destri','$2y$10$mYEfFOiXbq13gQ8Mr06FY.DOKN20wb7HGHWkxoCu5Qfc9qvDFVBHC','Destri.naufal03@gmail.com','','08998063440','',NULL,'ID','id_ID',NULL,'2017-12-22 18:57:02',NULL,'2018-05-09 00:44:32',0,NULL,NULL,0,NULL,0,NULL),(158,'darmawan','$2y$10$ptR6iibn3DnGcq/ra6dKAuz9G0RHkSGiybcW0cW8WqIWOiWPuDHDm','igusti.darmawan@adelaide.edu.au','https://www.scopus.com/authid/detail.uri?authorId=15764572300','+61407182552','',NULL,'AU','id_ID:en_US',NULL,'2017-12-26 22:33:50',NULL,'2017-12-26 22:35:22',0,NULL,NULL,0,NULL,0,NULL),(159,'sarah','$2y$10$O.aXdo1LUaqq2acrppuQOOS8MhDTiUx8eVHIgB5owI9NikZiNOTzK','inayahsarah@gmail.com','https://scholar.google.co.id/citations?user=8jnDxIMAAAAJ&hl=en&oi=ao','','',NULL,'ID','id_ID','2018-04-24 09:59:10','2017-12-26 22:57:35',NULL,'2018-04-24 09:57:51',0,NULL,NULL,0,NULL,0,NULL),(160,'rafika_dinda11','$2y$10$D/p4vWWuB1ckjUg4kWEQGeKoBIRX3wWbTh47HKIbcTAvpKPIyY4mK','Rafikadinda11@gmail.com','','083892767457','',NULL,'ID','id_ID',NULL,'2018-01-01 06:06:26',NULL,'2018-01-03 18:05:52',0,NULL,NULL,0,NULL,0,NULL),(161,'indah05','$2y$10$uf01dOk5wEDtckYtwHVgnuMFu3l9/NadSxSwSgLWo0HG4EnZxVkKe','Sariindahpermata97@gmail.com','','','',NULL,'','id_ID',NULL,'2018-01-01 09:51:02',NULL,'2018-01-01 12:10:20',0,NULL,NULL,0,NULL,0,NULL),(162,'yundakurniawan','$2y$10$WuMvdXTp4eAq9qsEDbRpE.UOPDe43XX8CxF30i/bYR8ZbqfWyOOyS','yundakurniawan@uhamka.ac.id','','','FKIP UHAMKA PASAR REBO',NULL,'ID','id_ID',NULL,'2018-01-02 15:23:00',NULL,'2018-01-02 15:23:11',0,NULL,NULL,0,NULL,0,NULL),(163,'umars','$2y$10$FOzfKGe0lXcb4doVzMkWxOiah9RKEHc/1cDr4MZt0BqbqfvZslepu','umar.soleh95@gmail.com','','','',NULL,'ID','id_ID',NULL,'2018-01-07 08:50:44',NULL,'2018-10-19 06:16:43',0,NULL,NULL,0,NULL,0,NULL),(164,'wieka','$2y$10$YqQnOoD0h1w8uphiXJkki.OpzCtt6MuAAJYrq0hhKIawWiFM.Fm3K','wieka.septiyana@yahoo.com','','','',NULL,'ID','id_ID',NULL,'2018-01-07 09:08:53',NULL,'2018-01-14 05:54:40',0,NULL,NULL,0,NULL,0,NULL),(165,'mellawaty','$2y$10$5AoGAk/UjeWvrkIBiZCD3edOKZ80Rb.IDMqa84dc9sF5x8OgluzGe','mellatristiana78@gmail.com','','081546700380','Jln Ir. H. Juanda KM 3 Indramayu Jawa Barat',NULL,'ID','id_ID',NULL,'2018-01-11 01:23:40',NULL,'2018-01-11 01:23:45',0,NULL,NULL,0,NULL,0,NULL),(166,'elis','$2y$10$rcE93qzz5fFG6DKut2kAxuD6ZUFG6mLmV3.znhwY/XbFkJFIzSFsO','elisitikomara@gmail.com','','085295000863','taman bunga cilame blok c no 17 rt 02 rw 23 cilme ngamrah',NULL,'ID','id_ID',NULL,'2018-01-15 21:09:27',NULL,'2018-01-18 07:51:04',0,NULL,NULL,0,NULL,0,NULL),(167,'sriadiwidodo','$2y$10$huVtrfOo0BW8zaKMJQGh8u/IiYsR7FykHmPAsA762ow0ACeM/GM3O','sriadi@ustjogja.ac.id','https://www.scopus.com/authid/detail.uri?authorId=57196328078','','',NULL,'ID','id_ID:en_US',NULL,'2018-01-18 11:19:15',NULL,'2018-12-24 08:37:31',0,NULL,NULL,0,NULL,0,NULL),(168,'firdausi','$2y$10$4.Jcm5SZSQHKxsFClRPsE.iaGXIiK5Vrj86ESYFmFM6ifw3r6yBVO','firdausi@uinjkt.ac.id','https://orcid.org/0000-0002-6145-313X','081584869527','Perumahan Puri Serpong 2 Blok C1 No.17 Babakan Setu Tangerang Selatan 15315',NULL,'ID','id_ID',NULL,'2018-01-24 16:43:03',NULL,'2018-09-11 17:11:56',0,NULL,NULL,0,NULL,0,NULL),(169,'tetty','$2y$10$YhQ0OJ.5rYoBtF.lQA8/sO1z0LL63pSwOqchxCI2BcwHb5ZxG1e2W','tettysipayung83@gmail.com','','082168325206','Jln. Setia Budi No. 479-F Tanjung Sari Medan 20154',NULL,'ID','id_ID',NULL,'2018-01-24 19:21:32',NULL,'2018-03-03 19:07:50',0,NULL,NULL,0,NULL,0,NULL),(170,'auliadewi','$2y$10$el5dzR1uL8A3fTUanGBO9.RmxY4e5snc/mdmv/99QTsYFMcJ3ggMK','202014064@student.uksw.edu','','085713082428','Padaan, Gedangan RT.02 RW.07',NULL,'ID','id_ID',NULL,'2018-02-01 13:07:29',NULL,'2018-02-01 13:07:42',0,NULL,NULL,0,NULL,0,NULL),(171,'heri_nugroho','$2y$10$u.zKvHioCqZIi8zGseNAXuJNWMHiyPdfp7pirwgtNiSQIR7OvJhSO','202014024@student.uksw.edu','','085741643805','Sidoharjo Gang III RT.01 / RW.04, Kelurahan Cebongan, Kecamatan Argomulyo, Kota Salatiga, Jawa Tengah',NULL,'ID','id_ID',NULL,'2018-02-02 09:42:58',NULL,'2018-04-18 10:07:28',0,NULL,NULL,0,NULL,0,NULL),(172,'ditaandini52','$2y$10$9zJmDXxqL8Q6jm/D571c7.pA125Sx9UdQJ2fFrFfwt2.9aDAdYpaC','dita.andini52@yahoo.com','','082282875849','',NULL,'ID','id_ID',NULL,'2018-02-07 08:48:59',NULL,'2018-04-24 22:31:50',0,NULL,NULL,0,NULL,0,NULL),(173,'dwiyanti','$2y$10$hzIB2ZyBdRIjvU2b5ya2m.7pzCE7YUagOOEuIaJOW.SVnYGMc.I4.','dwi09yanti@gmail.com','','6285268553494','',NULL,'ID','id_ID:en_US',NULL,'2018-02-16 06:54:41',NULL,'2018-02-16 06:54:46',0,NULL,NULL,0,NULL,0,NULL),(174,'midomidi2013','$2y$10$4XE4QagfPI0emcB3k.65gOei3Rsd3s8vN40JVurFrEMoTsHG46Ahq','midomidi2013@gmail.com','http://sauditourguide.com','','',NULL,'SA','en_US',NULL,'2018-02-17 03:54:25',NULL,'2018-02-17 03:54:26',0,NULL,NULL,1,'Spam?',0,NULL),(175,'kakwahyu3','$2y$10$KJODzatxyC7dRpuV7HV6sOa5GYOK1205Cjqm7sZs85vo12pMLBud.','kakwahyu3@gmail.com','','085722383601','Jl Cigugur Tengah Rt 04 Rw 10 No 151 Cimahi',NULL,'ID','id_ID:en_US',NULL,'2018-02-17 21:55:54',NULL,'2018-02-17 21:55:59',0,NULL,NULL,0,NULL,0,NULL),(176,'trisnaroypradipta','$2y$10$Ui8hcTt5XRMg3FThZbJd.uiEPJ/mLFJ4GTjXUqnZCoIOmeb0r2OFW','troymath@uhamka.ac.id','','085890330181','FKIP UHAMKA, Jl. Tanah Merdeka, Kp. Rambutan, Ciracas, Ps.Rebo, Jakarta Timur 13830',NULL,'ID','id_ID:en_US',NULL,'2018-02-22 14:01:08',NULL,'2018-02-22 14:01:14',0,NULL,NULL,0,NULL,0,NULL),(177,'indriherdiman','$2y$10$CYkGTFBUfHJ5dPOwlJV3COpf8m4Jye2sqx6waXiBwtX9KfA8e7w8u','herdiman0111@ikipsiliwangi.ac.id','','085659440111','',NULL,'ID','id_ID',NULL,'2018-02-28 23:56:42',NULL,'2018-08-12 17:20:22',0,NULL,NULL,0,NULL,0,NULL),(178,'dian_fitri','$2y$10$VlKr79lhbWxbxm6yKcByD.KBA9BtwSLmTIj6AxLnm6guFB7u0AReW','kejora.subuh14@gmail.com','','082135904972','Jl. Citandui No 46 Kelurahan Purwantoro Kecamatan Blimbing Kota Malang',NULL,'ID','id_ID','2018-09-20 11:53:33','2018-03-01 10:12:52',NULL,'2019-04-06 18:36:38',0,NULL,NULL,0,NULL,0,NULL),(179,'helsinapakpahan','$2y$10$t/TQKGBwNnpat/AMbJP4H.wyPELCXHnVjq.xh.L79/El47Z5UsAeK','helsinapakpahan26@gmail.co.id','','081296390010','',NULL,'ID','id_ID',NULL,'2018-03-09 14:51:04',NULL,'2018-03-09 14:51:09',0,NULL,NULL,0,NULL,0,NULL),(180,'restu_armawati','$2y$10$58t9/JAYwSV6wfwIoE6R2uD7v4BeGcY94l3FJrgrmOuOmmyO/Y6cK','restuarmawati@gmail.com','','089609768079','',NULL,'ID','id_ID',NULL,'2018-03-09 15:35:44',NULL,'2018-03-09 15:35:51',0,NULL,NULL,0,NULL,0,NULL),(181,'niakurniasih92','$2y$10$8PHtLTs4T4tiwzGz/NKhiuniEwqaAzTN5fSlLzdIZAmhkiv4PMQBO','nkurniasih92@gmail.com','','','',NULL,'ID','',NULL,'2018-03-09 15:51:49',NULL,'2018-03-09 15:51:50',0,NULL,NULL,0,NULL,0,NULL),(182,'irainalihsan','$2y$10$kW1CbblgjVRNo8Q9QbFH7upeVQQL/2Ba9F56Iwn2UDW3vrA/dgk5a','irainalihsan@uninus.ac.id','','','',NULL,'ID','id_ID:en_US',NULL,'2018-03-09 15:53:43',NULL,'2018-03-09 16:08:40',0,NULL,NULL,0,NULL,0,NULL),(183,'yolaratal','$2y$10$Jo1OU/j1dAgoyCRq3zsUc.yDpLK9y567WGEES8sjaXX2ksKKDAie2','yolaratal@gmail.com','','085211309809','bekasi, rawa panjang',NULL,'ID','id_ID:en_US',NULL,'2018-03-09 16:22:35',NULL,'2018-03-09 16:22:39',0,NULL,NULL,0,NULL,0,NULL),(184,'shasyarifa','$2y$10$4nvTjv7p9lHpt1fvdAMqlennibIRUGUfFoujmCjmJAyFX/mut6tvi','sarifa.rafsanjani01@gmail.com','','081806660094','',NULL,'','id_ID:en_US',NULL,'2018-03-09 16:33:31',NULL,'2018-03-09 16:33:36',0,NULL,NULL,0,NULL,0,NULL),(185,'yennynuraini','$2y$10$Z05J1jsIcwfJUZ6.A4HG7e2hd7QkosBamEhsJSTDBpJTKw6WqJpZq','yennynuraini1306@gmail.com','','','',NULL,'','id_ID',NULL,'2018-03-09 18:52:02',NULL,'2018-03-09 18:52:06',0,NULL,NULL,0,NULL,0,NULL),(186,'atikahalf','$2y$10$pTHQG6L0J0v8//J1WSYD0.5fiPs5xhhFUGW7.0AGE5GBM6P75cAHm','atikahalff@gmail.com','','089635160433','',NULL,'ID','id_ID',NULL,'2018-03-09 18:58:34',NULL,'2018-03-09 18:58:39',0,NULL,NULL,0,NULL,0,NULL),(187,'aini_07','$2y$10$7gQLQWpfrTgsOi0XTQssJu9UL/Phawlvy9viEu441AvJWUpk/OM8q','ainihafsah3@gmail.com','','08977526652','',NULL,'ID','id_ID',NULL,'2018-03-09 21:12:55',NULL,'2018-03-09 21:12:59',0,NULL,NULL,0,NULL,0,NULL),(188,'adindaayupangesti','$2y$10$f0A9QQ.ORAjtlsmzb3zJ3e7yUahjTtua5zNAxmKKG/9LEjh7l3D.G','adindaayupangesti1@gmail.com','','','',NULL,'','id_ID',NULL,'2018-03-09 22:05:25',NULL,'2018-03-09 22:05:30',0,NULL,NULL,0,NULL,0,NULL),(189,'gunawan','$2y$10$YmtU6Mq996mqGLHnN95hw.V9vPl1sYkIx81hhEEEVlL6k180ul5/K','gun.oge@gmail.com','','085647928414','',NULL,'ID','id_ID','2018-03-12 12:05:14','2018-03-10 12:04:54',NULL,'2018-10-27 10:15:50',0,NULL,NULL,0,NULL,0,NULL),(190,'widyaastuti','$2y$10$st1O6df/af1oxr4kENIcdOcno.cfLorsEHgVlE3gN.uee77/NqaJq','202014096@student.uksw.edu','','085701552555','',NULL,'ID','id_ID',NULL,'2018-03-13 13:06:23',NULL,'2018-03-13 13:06:29',0,NULL,NULL,0,NULL,0,NULL),(191,'johannistakaria','$2y$10$wV209boNoRd8MvZpMf8mluTicbwZ0tINpD1u/pcpnFYsP5ftpVpeW','takaria_joni@yahoo.com','','082292811291','Jl Nn Saar Sopacua OSM Ambon',NULL,'ID','id_ID:en_US',NULL,'2018-03-20 14:12:27',NULL,'2018-04-15 02:15:55',0,NULL,NULL,0,NULL,0,NULL),(192,'mardiatimardiati','$2y$10$fL9T/./NUYlhzb7QGB2KLum2Dj98eoauAmzzqoc9IRt8B.X9on0mu','mardiati2208@gmail.com','','081370967720','Jalan Tuasan Gang pribadi II No. 99A sidorejo Hilir medan tembung',NULL,'ID','id_ID',NULL,'2018-03-22 21:36:37',NULL,'2018-03-22 21:36:43',1,NULL,NULL,0,NULL,0,NULL),(193,'neng_hanipah','$2y$10$CbqTtZ7lcd95YQri/DJlQuoiCPkjg8vIiya6YeX9VydroxQOGyIB6','nenghanipah12@gmail.com','','082217700323','jl. sukagalih no 52 rt 04 rw 34 kel melong kec. cimahi selatan kota Cimahi 40534',NULL,'ID','id_ID',NULL,'2018-04-05 15:02:54',NULL,'2018-04-05 15:03:05',0,NULL,NULL,0,NULL,0,NULL),(194,'tia21','$2y$10$RMLS5DXCggoSYr8p8trWeeojWlU.AbRjMGT5JHIygtGWrQSN/mNwO','apriliasetiani96@gmail.com','','085840919522','',NULL,'ID','id_ID',NULL,'2018-04-09 16:51:39',NULL,'2018-04-09 16:51:45',0,NULL,NULL,0,NULL,0,NULL),(195,'toadroot44','$2y$10$6TeaodXcsbrO115wZ1bd/en3epa0WGr2Ftw3E/fQRMWxOcPMZHW4O','martensvelling60wslhuu@fastestsmtp.com','https://comoganharmusculos.pro/colastrina-funciona/','',NULL,NULL,'SA','en_US',NULL,'2018-04-12 09:06:03',NULL,'2018-04-13 01:32:43',0,NULL,NULL,0,NULL,0,NULL),(196,'wydawidya','$2y$10$VmHQYJdByki0W5IR4Kvpc.5CgFdO5uZQnyVM4EvGaCPY4Oq0J5n7y','wydawidyanti2512@gmail.com','','081910988474','',NULL,'ID','id_ID',NULL,'2018-04-17 20:42:25',NULL,'2018-04-17 20:42:32',0,NULL,NULL,0,NULL,0,NULL),(197,'hafidz_fadilah_r','$2y$10$aO9pZD/ex.QkCcqR3D4QyO7UBmaBQNgXSRl0chIISrQqkdkr69OuG','hafidaonly77@gmail.com','','','',NULL,'ID','id_ID',NULL,'2018-04-20 22:56:38',NULL,'2018-04-20 22:56:43',0,NULL,NULL,0,NULL,0,NULL),(198,'raraskartikasari','$2y$10$dPSGoRMST7mfGxLZhwVGROW3eKSMImwYLi2F2NFeXMMZv8mooXRim','raraskartikasari@gmail.com','','082336501008','',NULL,'ID','id_ID',NULL,'2018-04-23 12:01:32',NULL,'2018-12-03 13:02:08',0,NULL,NULL,0,NULL,0,NULL),(199,'hafidzuhamka','$2y$10$/2G/pRHiakieRCTEMoDsreOw14G1PLrTtW7CJslxqDYWwE/dqVd1O','hafidaonly@gmail.com','','0214225239','jl.Rawa Sawa 2 Rt 10/Rw 01 No.9',NULL,'ID','id_ID',NULL,'2018-04-24 18:56:47',NULL,'2018-04-24 18:56:52',0,NULL,NULL,0,NULL,0,NULL),(200,'hafida1997','$2y$10$pcMuS8YfKcLEWFesDzsJmu80Zo3OfkO9NSACx0N2d4DqJf9v1rgya','hafidaonly@yahoo.com','','0214225239','jl.Rawa Sawa 2 Rt 10/Rw 01 No.9',NULL,'ID','id_ID',NULL,'2018-04-24 18:58:59',NULL,'2018-04-24 18:59:03',0,NULL,NULL,0,NULL,0,NULL),(201,'firnandapradana_0712','$2y$10$FJo2vZam4d.mt/tR0BYQWO/NtxSZB9Eva4GPfnWeoDxyaYLldRjIq','pradana.0712@gmail.com','','081253495315','Jl. Terusan Bendungan Sigura-gura Blok H No. 178 A Kecamatan Lowokwaru, Malang.',NULL,'ID','id_ID:en_US',NULL,'2018-05-18 13:02:33',NULL,'2018-07-25 09:22:18',0,NULL,NULL,0,NULL,0,NULL),(202,'lusilutfia14','$2y$10$tm/9UdiJwEXvPTR9CWgzWuRY/lnd7jayXNEcoJbEVDzerNQqsZ7ma','Lusilutfia1997@gmail.com','','085793243751','Jl. Terusan Jendral Achmad Yani, Cimahi',NULL,'ID','',NULL,'2018-05-20 23:25:39',NULL,'2018-05-20 23:25:46',0,NULL,NULL,0,NULL,0,NULL),(203,'zlf031296ind','$2y$10$ZfwfYEvBagIYvZLLhGSC5eXvnk/74QD2we2eC6tqHjhB/ptLVlvl6','zulfaindana67@yahoo.com','','081515891203','Jalan Tambangan No. 53 RT/RW 03/II Desa Ngadiluwih Kecamatan Ngadiluwih Kabupaten Kediri',NULL,'ID','id_ID',NULL,'2018-05-21 12:41:30',NULL,'2018-05-21 12:41:36',0,NULL,NULL,0,NULL,0,NULL),(204,'alberta_makur','$2y$10$5QX1srC8O3fxPHNGfg1aj.hm45Hb0X5DJtgGqlNrNGUvUDHSpYtYG','alberta.makur@stkipsantupaulus.ac.id','','85285333857','Waso',NULL,'ID','id_ID',NULL,'2018-05-29 11:48:02',NULL,'2018-05-30 09:38:14',0,NULL,NULL,0,NULL,0,NULL),(205,'17204153230','$2y$10$CJOmQ66G07HiSoSLSkDMueAm7Zw1AhHIqK36VwNfLwU.DRPyJQLmO','rendiz789@gmail.com','','','',NULL,'','id_ID',NULL,'2018-05-30 09:38:31',NULL,'2018-11-29 15:27:38',0,NULL,NULL,0,NULL,0,NULL),(206,'indana1996','$2y$10$q0EUwsP3mIkpQYXohz8Yw..wDb53qpmhBHjnP5VrVgufsiHulOdfW','iz120396@gmail.com','','081515891203','',NULL,'','id_ID',NULL,'2018-05-30 12:27:45',NULL,'2019-01-08 09:59:43',0,NULL,NULL,0,NULL,0,NULL),(207,'putri_frd1212','$2y$10$wyHmZfjctqPztvK4sgjfduEmQK/7AEcV9hlPUR5bu.uG7c5XVcgvW','putryfrd@yahoo.co.id','','','',NULL,'','id_ID',NULL,'2018-05-30 19:21:06',NULL,'2018-05-30 19:21:10',0,NULL,NULL,0,NULL,0,NULL),(208,'ulwan_syafrudin','$2y$10$IUNvmHa8Y2YQ9KzuDrODVew4ErNLDZQL68Xnu018bH2jRz.ubPasu','ulwansyafrudin23@gmail.com','','085772686858','',NULL,'ID','id_ID',NULL,'2018-06-01 08:50:02',NULL,'2018-06-01 08:50:07',0,NULL,NULL,0,NULL,0,NULL),(209,'sitiutamio','$2y$10$xGu6.pwsuF9.yh5bABeyZ.MOGoUbs2XdWtdnGBUSVTECb5m9VaJs2','sitiutamioctaviani@gmail.com','','085659548389','jl.pelabuan II Km.6 perum salagedang no 23. RT 03/04 Kel.Lembursitu, Kec.Lembursitu Kota Sukabumi',NULL,'ID','id_ID',NULL,'2018-06-09 11:05:16',NULL,'2019-04-30 10:04:27',0,NULL,NULL,0,NULL,0,NULL),(210,'rima_aksen','$2y$10$MiAgRBW9d43EdwCaWvzxSOBY7QKcq0GgAITPP41rNjFcs9xTsh0XC','rima.cahdriyana@pmat.uad.ac.id','','085643306016','Nitikan UH VI/375 Yogyakarta 55162',NULL,'ID','',NULL,'2018-06-22 03:47:44',NULL,'2019-01-22 10:02:45',0,NULL,NULL,0,NULL,0,NULL),(211,'arifnurochman','$2y$10$N577wQurfzhjMTqz7ZR8q.MzhU36QuT8SUUVK32x3TRR/jb7NUNNK','arief.nurochman70@gmail.com','','089675064606','Jl. Brigjen Dharsono Desa Kertawinangun Blok Cikropak rt21/rw05 Kecamatan Kedawung Kabupaten Cirebon',NULL,'ID','id_ID',NULL,'2018-06-29 08:26:22',NULL,'2019-01-09 19:13:39',0,NULL,NULL,0,NULL,0,NULL),(212,'divyannisa11','$2y$10$g40kQALhUMSDoEl2BnBFw.GqiJD0yaR4dTYxchWsphPLKl7wAwUdq','divyannisa@gmail.com','','082211558720','',NULL,'ID','id_ID',NULL,'2018-06-29 10:41:18',NULL,'2019-05-01 17:47:20',0,NULL,NULL,0,NULL,0,NULL),(213,'chatrienalfaris','$2y$10$uN2f4scfr0YErRo7m4iG1O5qHpZRChgCUPBqM5fiSGS8DHkP9KxwS','chatrien.alfrs@gmail.com','','081312145214','',NULL,'ID','id_ID',NULL,'2018-06-29 11:26:30',NULL,'2018-06-29 11:26:37',0,NULL,NULL,0,NULL,0,NULL),(214,'aritsya','$2y$10$VqYxqiISUwr9Ah638C9E4utN1TatyD3zteKhqm2MwhvqIVbU9pk/K','iaritsya@gmail.com','','85228012268','Ds. Jenarlor, Rt. 03, Rw. 01, Kecamatan Purwodadi, Kab. Purworejo',NULL,'ID','id_ID',NULL,'2018-07-02 10:40:07',NULL,'2019-01-18 10:45:51',0,NULL,NULL,0,NULL,0,NULL),(215,'indah_lestari','$2y$10$BnRHysC0A3FoYImvUv1EV.nmZJ0AADPYmKpGqAcRzXs2LdyjIp1p.','indah.lestari@unindra.ac.id','','085697267825','',NULL,'ID','id_ID',NULL,'2018-07-04 10:08:23',NULL,'2018-08-15 11:30:38',0,NULL,NULL,0,NULL,0,NULL),(216,'ilham27','$2y$10$2XyWX7WkaPw0Zc9j2KtXAuF.5p.bXQbZkw4zNlQx9GlXFxzmUHiP.','ilhamjaya185@gmail.com','','','',NULL,'','id_ID',NULL,'2018-07-10 10:53:13',NULL,'2018-07-12 11:29:38',0,NULL,NULL,0,NULL,0,NULL),(217,'arsyi19','$2y$10$wmQb7EBGyX22aaOybLAgbOS1TzRxbQPSPDom4W.VMzfA4miYV6iqK','jaya48427@gmail.com','','','',NULL,'','id_ID',NULL,'2018-07-10 10:56:00',NULL,'2018-07-10 10:56:03',0,NULL,NULL,0,NULL,0,NULL),(218,'mawarnianita','$2y$10$jiI1UIQiS.6PQ8OtzUTbMOL4bdMGTGZin.siZx2YCkMmMB96gJhbe','anitamawarni@gmail.com','','085759165440','',NULL,'ID','id_ID',NULL,'2018-07-13 12:38:49',NULL,'2018-07-13 12:38:50',0,NULL,NULL,0,NULL,0,NULL),(219,'herma_hh','$2y$10$gghhasYuKbYWdNMbA9tiTenjb6QOVX4EK4KgrmJy29.2P4b.r8F1u','hermawanherma.hh@gmail.com','','08164210530','',NULL,'ID','id_ID',NULL,'2018-07-13 12:39:34',NULL,'2018-07-13 13:50:21',0,NULL,NULL,0,NULL,0,NULL),(220,'fitriindri','$2y$10$Kb.uotaMtlcqv2Dw5Wbjb.9IlWq/dg0U3fRf6YLwAofUuyP0i079i','fithriindri.28@gmail.com','','085723227203','',NULL,'ID','id_ID',NULL,'2018-07-13 13:07:12',NULL,'2018-07-13 15:55:14',0,NULL,NULL,0,NULL,0,NULL),(221,'rinarr','$2y$10$HmuLMN1TAccGG0zmKCjwdul44fppKu.h6zgOO.OxdiKX1PEPVp2rK','rose24524@gmail.com','','085703675922','',NULL,'ID','id_ID',NULL,'2018-07-19 16:41:38',NULL,'2018-09-08 09:56:40',0,NULL,NULL,0,NULL,0,NULL),(222,'rahmadnk7','$2y$10$nLN/suNbTij6DF9v67QikOM9LHVmZsM9quiQfY01XeMd02YzCT3FO','rahmadnk72@gmail.com','','','',NULL,'ID','id_ID',NULL,'2018-07-21 19:54:54',NULL,'2018-07-21 19:54:59',0,NULL,NULL,0,NULL,0,NULL),(223,'anisatiara','$2y$10$ZYUUBGPlSJgYcKzsJicTb.HWe2Xhc.7ZqVXRjQ8iTqy1mk/YKs34q','annisatiarakamhar@gmail.com','','','',NULL,'','',NULL,'2018-07-22 13:26:09',NULL,'2018-07-22 13:35:57',0,NULL,NULL,0,NULL,0,NULL),(224,'andesva','$2y$10$h2Fquv4K9dLSZ.jBIgE24exzWibSog7LS4uSvN/fY4K8jyr.SinzS','Andesvadansi09@yahoo.com','','082176104091','',NULL,'ID','id_ID',NULL,'2018-07-22 13:36:29',NULL,'2018-10-02 22:31:22',0,NULL,NULL,0,NULL,0,NULL),(225,'nurhayati','$2y$10$jMBfy3sVV0CvKgcSMWmpMudYXMEAiEXW.TJPVZH6SsXzArPTIOpzW','nur03279@gmail.com','','085215845285','',NULL,'','id_ID',NULL,'2018-07-22 13:39:33',NULL,'2018-07-22 13:47:12',0,NULL,NULL,0,NULL,0,NULL),(226,'nur','$2y$10$yT6TMw6jXxZ/SNKYYQDjx.iLjCg1S49NgeB2EdBps15ySLmc/fI5y','nur03297@gmail.com','','085215845285','',NULL,'','id_ID',NULL,'2018-07-22 13:53:31',NULL,'2018-07-22 13:53:35',0,NULL,NULL,0,NULL,0,NULL),(227,'venioktaviani344','$2y$10$mtibaiA.q0vIxgI73lSGE.iLujhdqv2V2hFdQg2gGYH7ZsiPm91AK','venioktaviani344@gmail.com','','','',NULL,'ID','id_ID',NULL,'2018-07-22 14:11:31',NULL,'2018-07-27 16:30:04',0,NULL,NULL,0,NULL,0,NULL),(228,'nirapuspitasari123','$2y$10$.m.xaICDMsB0z/SLhHDTYO1xmd74ld.jVEhwlouvMeTdZI.6.9g1G','arryzonero123@gmail.com','','082280266017','',NULL,'ID','id_ID',NULL,'2018-07-22 14:18:00',NULL,'2018-07-31 15:09:54',0,NULL,NULL,0,NULL,0,NULL),(229,'septiherlina96','$2y$10$8uXHhaq3zpuVvu8INCGsoe9V/fpp5pJlukQ7pXeVnkI.d38ZgUhka','septiherlina04@gmail.com','','','',NULL,'ID','id_ID',NULL,'2018-07-22 14:31:35',NULL,'2018-07-28 14:55:44',0,NULL,NULL,0,NULL,0,NULL),(230,'fitri05','$2y$10$IR4jvUrW1sAK4KymQ3HfoepggNZWu00.ywcooR1R5xiI3WpEYvuyy','fitrimhey@gmail.com','','085378337826','',NULL,'ID','id_ID',NULL,'2018-07-22 17:54:57',NULL,'2018-07-22 17:56:04',0,NULL,NULL,0,NULL,0,NULL),(231,'heni','$2y$10$8xtq7ZoYEagfO0wB3wdcYO0h5pkWTEN9wQeW7FGhg4Ll9Wvsa0NJa','heniwekasari@gmail.com','','','',NULL,'','id_ID',NULL,'2018-07-23 00:15:25',NULL,'2018-07-23 00:15:29',0,NULL,NULL,0,NULL,0,NULL),(232,'desi','$2y$10$l9NuDnHsN9eHuo4ehDy6nu3Vrw14.8BUaBMupEScjQ5n3S23WMZn.','aprianidesi243@yahoo.com','','','',NULL,'ID','id_ID',NULL,'2018-07-23 08:11:31',NULL,'2018-07-29 15:46:37',0,NULL,NULL,0,NULL,0,NULL),(233,'dian725','$2y$10$biMiCkuL93QzJmTQf3V3ierbPAM3faGryc6adKOBWLAh7Oe8QtBZq','ddwi725@gmail.com','','081818645301','puluhan argomulyo sedayu bantul yogyakarta',NULL,'ID','id_ID',NULL,'2018-07-23 11:50:24',NULL,'2018-09-24 21:27:11',0,NULL,NULL,0,NULL,0,NULL),(234,'ayuariyanti','$2y$10$n6Xd/qeZSUjOgHiH52CNYO3Q/VFTHncx/WheqXm/Vy2AK02xhT9qu','ayuariyanti70@gmail.com','','081278618789','',NULL,'ID','id_ID',NULL,'2018-07-24 19:48:46',NULL,'2018-07-24 19:48:50',0,NULL,NULL,0,NULL,0,NULL),(235,'cipto_2216','$2y$10$yzS4mLY.OAF4rlk9SM.z5eTls7YoGHPFp01/0PVMJT3kT.JOt7.72','bagussucipto80@gmail.com','','081227551441','',NULL,'','id_ID',NULL,'2018-07-27 17:50:30',NULL,'2018-07-27 17:50:34',0,NULL,NULL,0,NULL,0,NULL),(236,'lizaagustiana','$2y$10$FbVeps1PdBcXkDxPaHZg4uAletrdm/i/Ml9alTOf5m8NGCLn3zuI2','lizaagustiana27@gmail.com','','082279177360','',NULL,'','id_ID',NULL,'2018-07-29 12:34:09',NULL,'2018-07-29 12:34:13',0,NULL,NULL,0,NULL,0,NULL),(237,'melianti','$2y$10$U6nu4.1Hrb2B8R5MHea8RuPxVuPIV46iKx7tkQFSWOxxvSFweuajO','meli36982@gmail.com','','081367323687','',NULL,'','id_ID',NULL,'2018-07-29 13:09:16',NULL,'2018-07-29 13:09:20',0,NULL,NULL,0,NULL,0,NULL),(238,'rofik_123','$2y$10$opiPCVUZB8kPqUjRZm3MC.EJ8qtiJ7ARO6MVkVW7xkIKn/GBvVOnq','ngainurrofik1995@gmail.com','','','',NULL,'ID','id_ID',NULL,'2018-07-30 15:36:30',NULL,'2018-07-30 15:36:34',0,NULL,NULL,0,NULL,0,NULL),(239,'rizenhandika','$2y$10$w71S1TC9vEngfvzf2rnvdOVhWnaJJ3C4KfQApTpqlYkMYNXU1.YHm','rizenhandika@gmail.com','','081532632257','',NULL,'ID','id_ID',NULL,'2018-07-31 13:20:58',NULL,'2018-07-31 13:21:03',0,NULL,NULL,0,NULL,0,NULL),(240,'nirapuspitasari96','$2y$10$uGPhXtI0AAbKcEEbaC5pmO6kl6yC7S2luxPae7itY.6ez44Xc.Wh2','nirapuspitasari@yahoo.co.id','','','',NULL,'ID','id_ID',NULL,'2018-07-31 15:07:53',NULL,'2018-07-31 15:14:18',0,NULL,NULL,0,NULL,0,NULL),(241,'lita-arianti25','$2y$10$3WlWzkeinc43usysSBvaSOjj/yJcyqQx5e3kaJe.WBtLd2G6DZys6','litaarianti2@gmail.com','','089680691027','Jl. Raya Pondok Aren no.17',NULL,'ID','id_ID',NULL,'2018-07-31 17:37:52',NULL,'2018-07-31 17:37:57',0,NULL,NULL,0,NULL,0,NULL),(242,'rusmiyati','$2y$10$EIYKqj6iWxd5dfm0tzCRq.Q4hqDo7VoQvHEpkmIzdcIqYorNZ7YT6','rusmi304@gmail.com','','087887310100','jl. Poncol, kav 27, no 8, Cimanggis, Depok',NULL,'ID','id_ID',NULL,'2018-07-31 17:59:00',NULL,'2018-07-31 17:59:04',0,NULL,NULL,0,NULL,0,NULL),(243,'zulfardinah','$2y$10$goejK3d.KUTb8e1/OXQsfOWhVksyqoj20TRwRFbDpno.zxJgRknle','zulfardina21zein@gmail.com','','089635509113','Jalan Cendrawasih, no.111 Jatiraden Jatisampurna, Jawa Barat',NULL,'ID','id_ID',NULL,'2018-07-31 18:15:15',NULL,'2018-07-31 18:15:19',0,NULL,NULL,0,NULL,0,NULL),(244,'nurlaela','$2y$10$V3dDEXsGQkbyPNor3N496u.sPGIGHMzowWM6bUM9GrNN4V8TGZqyO','nurlaelarahmawatipoenya@gmail.com','','085224026501','pamulang elok blok N2 no 6 RT 03 RW 014 kel. pondok petir kel. bojongsari',NULL,'ID','id_ID',NULL,'2018-07-31 18:19:18',NULL,'2018-07-31 18:19:22',0,NULL,NULL,0,NULL,0,NULL),(245,'pitriyulianti','$2y$10$EPYHORBOtqK6KBFL80vybOUQplTPHC/.FcVL0CV67FaSwLcZAMOwC','pitriyulianti1@gmail.com','','089683958144','jalan kemajuan no 56, rt 004/05. kelurahan petukangan selatan, kecamatan pesanggrahan, jakarta selatan, 12270',NULL,'ID','id_ID',NULL,'2018-07-31 18:23:56',NULL,'2018-07-31 18:24:00',0,NULL,NULL,0,NULL,0,NULL),(246,'khoerunnissasholihatti','$2y$10$c85IPvimys9J7zNiqL9SBuyTwwErxz6lQE/7hSK.Lz4234d8ZAsum','khoerunnissas@gmail.com','','083813307270','kp. bulak timur rt 007/04 no. 1 kedaung-pamulang 15415',NULL,'ID','id_ID',NULL,'2018-07-31 18:37:29',NULL,'2018-11-24 19:05:38',0,NULL,NULL,0,NULL,0,NULL),(247,'laela','$2y$10$bLLbfPy/iGLOebLWnvIWBecBvsTKjCVLtTka7i9IgxD64R4hvUPf6','dklamriani@gmail.com','','089607237352','jalan peninggaran barat 2 no 99 rt 11 rw 11 kebayoran lama, jakarta selatan',NULL,'ID','id_ID',NULL,'2018-07-31 18:38:16',NULL,'2018-08-01 10:24:14',0,NULL,NULL,0,NULL,0,NULL),(248,'abimanyu','$2y$10$Vcf7bMbWGxQ9I9yGeuW.5.yms4tzABfTVZdYplObgyoEVeO16FFBq','abimanyuhs13@gmail.com','','','komplek BNI 46 Pesing Grogol Petamburan 11460',NULL,'ID','id_ID',NULL,'2018-07-31 19:00:56',NULL,'2018-07-31 19:01:00',0,NULL,NULL,0,NULL,0,NULL),(249,'aris-imam91','$2y$10$FreITQYl/gVYYN94bdcEfeVgIK70ric.74bCLcDRaRYjX2VYxoPCq','arissuhendar91@gmail.com','','','',NULL,'ID','id_ID',NULL,'2018-07-31 19:48:24',NULL,'2018-07-31 19:48:28',0,NULL,NULL,0,NULL,0,NULL),(250,'wawanpipi','$2y$10$UAEU2SkfgJqGsCME8w0lIemQQI5d9jLXg/l1cym8asPe0jeZP8R5a','man103780@gmail.com','','085774763733','Jl.Pinding RT.002/01 Cipedak Jagakarsa Jakarta Selatan',NULL,'ID','id_ID',NULL,'2018-07-31 19:52:44',NULL,'2018-07-31 19:52:45',0,NULL,NULL,0,NULL,0,NULL),(251,'lantarymuhinggar','$2y$10$3DP7O28jy66JG3Slcib6suZBJdu99gouiu9BfDaeXGtDx/BrGiZlW','lantary.muhinggar@gmail.com','','085200879799','',NULL,'ID','id_ID',NULL,'2018-08-01 08:48:14',NULL,'2019-01-09 00:46:48',0,NULL,NULL,0,NULL,0,NULL),(252,'hasan','$2y$10$Spn7psQ985i3Fdc8qHJiA.AUr7Dia.Vd0bVri8axT4uBpBaF2euUG','muhasan_sarmidi@yahoo.com','','082122079776','Jl. Ki Hajar Dewantoro Gg KH Siun No. 29 RT OO4/003 Kel. Gondrong Kec. Cipondoh Kota Tangerang',NULL,'ID','id_ID',NULL,'2018-08-01 14:21:37',NULL,'2018-08-01 14:39:54',0,NULL,NULL,0,NULL,0,NULL),(253,'sitinurfitrianingsih','$2y$10$CD5MBHiVe0usirHOMYQ7o.Kr7Vw/5qF7t53MZzZfeZghTSv7VKUJa','sitinurfitrianingsih28@gmail.com','','','',NULL,'','id_ID',NULL,'2018-08-02 19:45:35',NULL,'2018-08-02 20:09:18',0,NULL,NULL,0,NULL,0,NULL),(254,'marlita','$2y$10$n0XyEUvT.38zEy593RZol.a/2y1DwRdJwJ.omj0bMhARYD.26UOr2','marlita15@yahoo.com','','082374854925','',NULL,'ID','id_ID',NULL,'2018-08-03 11:08:19',NULL,'2018-08-03 14:54:48',0,NULL,NULL,0,NULL,0,NULL),(255,'tunjungdyahovi','$2y$10$nka8LdednE37Uma0j78ieuKUPqTsfqP9qrwbkOX.x8MBd/yJtZfLK','Tunjungdyahovi@gmail.com','','','',NULL,'','id_ID',NULL,'2018-08-05 23:39:47',NULL,'2018-08-06 00:00:50',0,NULL,NULL,0,NULL,0,NULL),(256,'elvira','$2y$10$FE4UZY1soiIGjytUwilHveFDx5KU4yA74Izzc4VZPF11db8s2XHEa','elviraabqar@gmail.co.id','','','',NULL,'ID','id_ID',NULL,'2018-08-09 16:54:43',NULL,'2018-08-09 16:54:47',0,NULL,NULL,0,NULL,0,NULL),(257,'desiherlina','$2y$10$zjE7Uwozx4/5oMnICco7suqCGXv8pb6d/pWblDERz6bNqAKGV/sSK','desiherlina2801@gmail.com','','085641201347','',NULL,'ID','id_ID',NULL,'2018-08-15 21:55:29',NULL,'2018-08-15 21:55:33',0,NULL,NULL,0,NULL,0,NULL),(258,'widodo13','$2y$10$w301uXvfEJV5/2YhD5TAEOT43v9I84mDW20I8CSoB3VjovllvyKoe','widodoiain@gmail.com','https://orcid.org/0000-0002-8527-7660','81324685073','Jln. By Pass Sunyaragi',NULL,'ID','id_ID:en_US',NULL,'2018-08-16 13:43:34',NULL,'2019-05-13 12:04:33',0,NULL,NULL,0,NULL,0,NULL),(259,'riana','$2y$10$S4SC9XcYoP4rSUArscQRKOXWbsK.SgokMV2pPKXFv55.JAcuHw4Y.','202015059@student.uksw.edu','','081575874780','kupang tanjung sari, rt 03/11\r\nkelurahan kupang\r\nkecamatan ambarawa \r\nkabupaten semarang, jawa tengah',NULL,'ID','id_ID',NULL,'2018-08-22 14:40:44',NULL,'2018-08-22 14:40:49',0,NULL,NULL,0,NULL,0,NULL),(260,'ira84','$2y$10$lQC8UjCZtwkI6OwGlPW0H.nkn8fMXRyo8AsEfg211QG6zh8sznLxK','dira.irawati@gmail.com','','','Universitas Madura\r\nJl.Raya Panglegur KM 3,5 Pamekasan',NULL,'ID','id_ID',NULL,'2018-08-25 09:24:55',NULL,'2019-02-23 11:34:21',0,NULL,NULL,0,NULL,0,NULL),(261,'yulianto','$2y$10$kFRTwwhRLWdkyVeuCLxq1uCodNsN8GSCrzkyDG66oqS7sOiRypn.i','yulianto_w18@yahoo.com','','+6281994847387','Politeknik Negeri Sriwijaya\r\nJl. Srijaya Negara Bukit Besar Palembang',NULL,'ID','id_ID',NULL,'2018-08-25 15:46:54',NULL,'2018-08-25 15:46:57',0,NULL,NULL,0,NULL,0,NULL),(262,'rita3691','$2y$10$Hds1T0wPs/gpGUphVo0Jd.66F6K5EPBORqqa.qh4e.505XZCYIyzC','robby.arema@gmail.com','','08987711089','',NULL,'ID','id_ID',NULL,'2018-08-28 07:19:18',NULL,'2018-08-28 07:19:22',0,NULL,NULL,0,NULL,0,NULL),(263,'annajmi','$2y$10$Jc0QugngE001xgyHdwfRIeI0MFahGqbVxP4Kuh19zg.7s/FjfThkS','annajminajmi86@gmail.com','','085207745513','',NULL,'ID','',NULL,'2018-08-29 14:16:15',NULL,'2019-06-13 15:22:40',0,NULL,NULL,0,NULL,0,NULL),(264,'agustina_leni','$2y$10$QUf0Il5wVgik3MFvH4YM0.lLcIBe5jqU37maYqVZR1GN7bddZI4ZK','agustina_leni@yahoo.com','','','',NULL,'ID','id_ID:en_US',NULL,'2018-08-30 17:31:58',NULL,'2018-08-30 17:32:02',0,NULL,NULL,0,NULL,0,NULL),(265,'sukmasaa0','$2y$10$/mbVaiFgZjJnPBDFyfqZVOjUZdFWZIOV/WQKletkQ2VzoufIY7GUi','sukmasaa0@gmail.com','','089662399395','Dusun Jambean rt 03/rw 01. kel. Glagah, Kec. Glagah, Kab. Banyuwangi. Jawa timur',NULL,'ID','id_ID',NULL,'2018-09-04 17:29:07',NULL,'2018-09-04 17:29:11',0,NULL,NULL,0,NULL,0,NULL),(266,'ulvasur','$2y$10$PEv7aKZxQB3k41rp6.5KMOr8WoaBhBhnDMjXJynmHosqWxJdfS3/y','Ulva.pesek01@gmail.com','','082330714583','Jl. Ikan Banyar no. 64. Kel. Kertosari, Kab. Banyuwangi. Jawa Timur',NULL,'ID','id_ID',NULL,'2018-09-04 17:41:04',NULL,'2018-09-04 17:41:08',0,NULL,NULL,0,NULL,0,NULL),(267,'hamdansugilar','$2y$10$HhHSfWLTYsU1XUzTSwLCMugEzSMDgQOcf9YdfC8cgu6GkXwuMa7/O','hamdansugilar@uinsgd.ac.id','','','',NULL,'ID','id_ID:en_US',NULL,'2018-09-05 20:10:16',NULL,'2019-05-14 20:42:16',0,NULL,NULL,0,NULL,0,NULL),(268,'budi_hartanto','$2y$10$xL.J.y/g3Efr2utFp/4OROVp9jgSawU6VLbmMzQU.jY93veUJGgK6','sutrisnojr@upgris.ac.id','https://scholar.google.co.id/citations?user=7Ej64C0AAAAJ&hl=id','085640677567','<p>Jl. Sidodadi Timur No. 24 -Dr. Cipto Semarang</p>',NULL,'ID','id_ID',NULL,'2018-09-06 21:39:09',NULL,'2019-08-29 19:44:03',0,NULL,NULL,0,NULL,0,NULL),(269,'vera0510','$2y$10$DWbg.RsNtWuszg8JYTxwm.6EbpDTfndqgJPFegVpkpQEdD4/Lhl/W','veraoc0510@gmail.com','','','',NULL,'ID','',NULL,'2018-09-13 10:09:41',NULL,'2018-09-13 10:09:41',0,NULL,NULL,0,NULL,0,NULL),(270,'kusmaryono','$2y$10$ziddhRLAbwf2KYGrKf/oduBCNnj4geeBmy3fD/mUAm4WXqwvi.qLi','kusmaryono@unissula.ac.id','','+6281575626844','Prodi Pendidikan Matematika - FKIP UNISSULA\r\nJl. Kaligawe Raya Km. 4 Semarang 50112\r\nJawa Tengah',NULL,'ID','id_ID:en_US',NULL,'2018-09-13 15:17:15',NULL,'2018-09-17 14:45:06',0,NULL,NULL,0,NULL,0,NULL),(271,'ningrumyuliaa','$2y$10$/jWcK73px81PskTBacO6x.zzrMi/usrQRx7Tg.xUPr7tsMSAZQYFS','ningrumy08@gmail.com','','081261117508','',NULL,'ID','id_ID',NULL,'2018-09-14 19:51:38',NULL,'2018-10-01 18:56:38',0,NULL,NULL,0,NULL,0,NULL),(272,'aswasw','$2y$10$bjRjBsdl6TFGYoV5rQOnk.onR0p1lxMta.uBvJqM/dq01UPPGXyui','skacauska2@gmail.com','','9375461398','9375461398',NULL,'US','',NULL,'2018-09-16 21:42:26',NULL,'2018-09-16 21:42:26',0,NULL,NULL,1,'Spam?',0,NULL),(273,'zinatunhayati','$2y$10$8KOCRY7Tc4mJlDvc92v.Y.b7zmblY9wbvg7sv.lpdcesW4djk7iQq','hayatizinatul@gmail.com','http://hayatizinatul@gmail.com','+6285360051474','',NULL,'ID','id_ID:en_US',NULL,'2018-09-19 22:23:40',NULL,'2018-09-19 22:23:44',0,NULL,NULL,0,NULL,0,NULL),(274,'anggi3007','$2y$10$zNtKzqr5YB9davgAyHTJx.0HPYk.XGibbCNRIcty5IxZJmFChhEDm','anggi3007@yahoo.co.id','','','',NULL,'','id_ID',NULL,'2018-09-21 09:40:23',NULL,'2018-09-28 21:05:08',0,NULL,NULL,0,NULL,0,NULL),(275,'dina_maulida','$2y$10$6WWdijYwNPJ.F7TRR/a/XeheGLCKNZ2IvwYwTO7g2kTgpYAbfxa5m','dinamaulieda@gmail.com','','085776523476','',NULL,'ID','id_ID',NULL,'2018-09-24 16:00:33',NULL,'2018-09-24 16:02:09',0,NULL,NULL,0,NULL,0,NULL),(276,'jeanialfi07','$2y$10$u37MWcW5YNq5a9cfAmP2k.2QDrCGqH9RQxUm6wQwkwP.Xfg/yCOcy','jeanialfi.0701@gmail.com','','','',NULL,'ID','id_ID:en_US',NULL,'2018-09-25 17:51:22',NULL,'2018-09-25 17:51:26',0,NULL,NULL,0,NULL,0,NULL),(277,'andigp','$2y$10$LJyf60aogxgtG9cKljJWIOXJZ1030sBWj8gGFUI7Hqh/brRfops86','andiguntur.pratomo@gmail.com','','081315324416','',NULL,'ID','id_ID',NULL,'2018-09-28 18:55:03',NULL,'2018-11-08 00:58:31',0,NULL,NULL,0,NULL,0,NULL),(278,'radhiati','$2y$10$vWZ2i92qifCn8zx0ETAnuOA1SvQMTVI0/0hrHFJ5oZKPxRoDh8i3a','radiatir@gmail.com','','','SMP Negeri 3 Darul Hikmah, Jalan Patek-Ligan kecamatan Darul Hikmah, Kabupaten Aceh Jaya, Aceh',NULL,'ID','id_ID',NULL,'2018-09-30 20:27:34',NULL,'2018-09-30 20:27:38',1,NULL,NULL,0,NULL,0,NULL),(279,'alfachar0306','$2y$10$74Kg7.gRheTq0qqWD0yKTegUcPpCClbREiLLyZv1GmSTlpzZ2d5WS','albega127@gmail.com','','082140086766','',NULL,'ID','id_ID:en_US',NULL,'2018-10-08 09:34:50',NULL,'2018-10-08 09:34:54',0,NULL,NULL,0,NULL,0,NULL),(280,'nitha_umpar','$2y$10$TP1N0DaovHa433mMqiTtIOqn.SR454eayxaGnG9drfCC4pYDw16dK','sari_vernita@yahoo.com','','085343983068','',NULL,'ID','id_ID',NULL,'2018-10-10 10:17:49',NULL,'2018-10-10 10:17:53',0,NULL,NULL,0,NULL,0,NULL),(281,'rikafebrilia','$2y$10$pAvHlMj5B.NgOHo3H9c4p.Ky7X71eb2w0BkdK6seikk5ivtL18yMW','rika.febrilia@gmail.com','','087722522708','Jl. Hidayatullah No. 8 Karang Baru KebunSari Kecamatan Ampenan, Kota Mataram, NTB',NULL,'ID','id_ID',NULL,'2018-10-15 14:29:55',NULL,'2019-05-02 15:19:55',0,NULL,NULL,0,NULL,0,NULL),(282,'17ika18','$2y$10$wWOVEFaOpSKHvyRnTIdFCu.ixbahY0jc/mjHXfHmAdx1D7CgVheTW','ikakrisdiana.mathedu@unipma.ac.id','','081259338893','Jl. Setia Budi No.85 madiun',NULL,'','id_ID',NULL,'2018-10-17 09:33:35',NULL,'2018-10-17 09:33:45',0,NULL,NULL,0,NULL,0,NULL),(283,'tb_sofwan','$2y$10$narkFdJ20XhVwPtX0t6f1.Qu06ypp3Zr0Xa0/lIu2.uwF5BYiGv2y','tubagusaja31@gmail.com','','','',NULL,'','id_ID',NULL,'2018-10-17 18:41:32',NULL,'2018-10-17 18:44:03',0,NULL,NULL,0,NULL,0,NULL),(284,'ervinabeliuk','$2y$10$I7H5q6dnRoxrV3yOkPvfqumJ3aWr8PsVAzDKqLjt6PMTQ2DNWymMm','ervinabeliuk@gmail.com','','089609556691','Jalan Nurul Amal 20 RT 008 RW 005 No. 7\r\nCengkareng Timur',NULL,'ID','id_ID',NULL,'2018-10-22 09:40:18',NULL,'2018-10-22 09:40:23',0,NULL,NULL,0,NULL,0,NULL),(285,'jaliafardila','$2y$10$wfIAPNSl4oZnN7Nwg5btO.5Buu0Yw24oXV9R2i6lyJk54gWCt//YC','jaliafardila01@gmail.com','','081384352075','JL. bakti 4 rt.011 rw.05 no. 30 kec. cilincing kel. cilincing 14120',NULL,'ID','id_ID',NULL,'2018-10-28 14:56:06',NULL,'2019-08-24 07:53:49',0,NULL,NULL,0,NULL,0,NULL),(286,'silvia_fitriani','$2y$10$dXhBsY0FVDFfR0S3IbzX2eJ2F8MVKr5jfJPWiLfV/UnQOLM9YWQBC','silviafitriani1089@yahoo.com','','','Universitas Batanghari Jambi jalan Slamet Riyadi Broni, kelurahan sungai putri kecamatan Telanaipura Jambi',NULL,'ID','id_ID:en_US',NULL,'2018-11-01 12:59:05',NULL,'2018-11-01 12:59:05',0,NULL,NULL,0,NULL,0,NULL),(287,'sella_apri07','$2y$10$9kxMB.jc9uIEkrx66ht5sOS5913KyuZNv7KWw5Y51Dg8vnqMFrULa','Sellaaprijayantii@gmail.com','','085218979919','perum global mansion blok b3 no 4 kelurahan periu kecamatan periuk kota tangerang',NULL,'ID','id_ID',NULL,'2018-11-01 14:05:01',NULL,'2019-04-21 12:28:31',0,NULL,NULL,0,NULL,0,NULL),(288,'sugianto','$2y$10$sUAOTZsTlDsXeq9JKZo4lO3OUiDTvVBsinll53qlc2XEn4KD.n1Tm','sugiantoramlan90@gmail.com','','085264106030','',NULL,'ID','id_ID',NULL,'2018-11-02 14:02:21',NULL,'2018-11-02 14:02:23',0,NULL,NULL,0,NULL,0,NULL),(289,'gpramesti','$2y$10$dvNnCtoj5LGkfFlXJ/rETuJwN4b0RVpGqSamH1T.JWKMZTQTnoBHe','getut.uns@gmail.com','','','Gedung D lantai 3 FKIP Universitas Sebelas Maret\r\nJl. Ir. Sutami 36A Surakarta',NULL,'ID','id_ID',NULL,'2018-11-03 14:43:39',NULL,'2018-11-05 11:26:40',0,NULL,NULL,0,NULL,0,NULL),(290,'rizkinurhanafriantini','$2y$10$DeW99UbmGutFg2498CXFN.ZswkMEq2BcL6lYDor9.TxK.ilfWuaj6','keyheart1315@gmail.com','','','',NULL,'','',NULL,'2018-11-05 10:46:45',NULL,'2018-11-05 10:46:51',0,NULL,NULL,0,NULL,0,NULL),(291,'alishodikin','$2y$10$9Mva82ub1q0/QX5C3sG6Ne5EbcJ1kvkijdkrMidRlimbYiLEuUBce','alishodikin@unisda.ac.id','','+6285743072382','',NULL,'ID','id_ID:en_US',NULL,'2018-11-07 23:11:38',NULL,'2018-11-29 07:23:18',0,NULL,NULL,0,NULL,0,NULL),(292,'shinta_tk','$2y$10$0KbqU6J/W0BSiRNIxrlMwOkdRHnyCbTrBFlIqDYw/hPIVgDHIR5nW','kismanti88@gmail.com','','085246652628','jl. lili 2 pasir putih rt. 57\r\nkarang anyar, tarakan\r\nkalimantan utara',NULL,'ID','id_ID',NULL,'2018-11-09 13:13:27',NULL,'2018-11-09 13:13:29',0,NULL,NULL,0,NULL,0,NULL),(293,'rina110389','$2y$10$JQnj1mpQdRouzBajmPo2v.dN6MEo3ak85c5O.ouq6Rv9If7GTWes2','rina110389@gmail.com','','','',NULL,'ID','id_ID',NULL,'2018-11-09 18:55:37',NULL,'2018-11-09 18:55:39',0,NULL,NULL,0,NULL,0,NULL),(294,'asmuna','$2y$10$rOsx1nK58xi8xw.Opp5AgeNKsBIim0e.rW8V1RCCyIzgjCgiAI5i.','asmunadevi@gmail.com','','','',NULL,'ID','id_ID',NULL,'2018-11-16 09:20:09',NULL,'2018-11-16 09:20:11',0,NULL,NULL,0,NULL,0,NULL),(295,'mardiati','$2y$10$MbP0P/W5QCLyc4KLCSAf3elaFervcX.4bCQs983rEnMR8uBmRiaaO','tugaskuselesai@gmail.com','','081370967720','jalan tuasan gang pribadi 2 no 99A medan',NULL,'ID','id_ID',NULL,'2018-12-01 16:47:58',NULL,'2018-12-01 16:48:01',0,NULL,NULL,0,NULL,0,NULL),(296,'nurul_rahmawati','$2y$10$qvQ9EtuNaCTxuVTYvFm2NeXDVoMvYdagD9gEcQNdOmzh83poZoDJO','rahmawatinurul43@gmail.com','','0215749030','Jl. Karet Pasar Baru Barat I/16',NULL,'ID','id_ID',NULL,'2018-12-05 19:13:10',NULL,'2018-12-05 19:13:13',0,NULL,NULL,0,NULL,0,NULL),(297,'larasyulia','$2y$10$bDV6KP7B3hr36zUsUyBBcO9sSKu1rxC6cTNK4aKN3gYtun8rjkpwq','larasyulia211@gmail.com','','6281-2195-8289-9','',NULL,'','id_ID',NULL,'2018-12-09 05:14:29',NULL,'2018-12-09 05:14:30',0,NULL,NULL,0,NULL,0,NULL),(298,'ahmadrosyid03','$2y$10$G3nCCebJzYNCcqxH3vdN..Rz6kJ/5DlDbqdK9oT94uuR.LRx3PgSG','ahmadrosyinurismail03@gmail.com','','089633908332','',NULL,'ID','id_ID:en_US',NULL,'2018-12-11 13:54:28',NULL,'2018-12-11 13:54:32',0,NULL,NULL,0,NULL,0,NULL),(299,'devitaindraa','$2y$10$lihJqzFDG/6M8pV1hZ2ZN.eNiFydOCdsEzu4WEHUkqAwWRpw6p5QO','aziza.indraswari@students.amikom.ac.id','','','',NULL,'ID','id_ID',NULL,'2018-12-16 20:05:34',NULL,'2018-12-16 20:14:30',0,NULL,NULL,0,NULL,0,NULL),(300,'anjaspurnomo','$2y$10$phIaCV0SOSP8PhPE6N92je4lRLlGQAc7c/qD.dlpjtP2ARfite6Be','Anjaspurnomo1234@gmail.com','','','',NULL,'ID','id_ID',NULL,'2018-12-17 10:59:24',NULL,'2019-02-11 17:47:41',0,NULL,NULL,0,NULL,0,NULL),(301,'dickysubadras','$2y$10$0XIEO1lnYXzevCwFrK5Vx.DlsLZ7XUdGv8Ogkl5lGx7DnnaHaVmPi','dickysubadras@gmail.com','','082237606359','Mandi Api 1',NULL,'ID','id_ID',NULL,'2018-12-18 10:24:18',NULL,'2018-12-18 10:24:23',0,NULL,NULL,0,NULL,0,NULL),(302,'fitriameini','$2y$10$ew959mYFQsNRYXBPydFrYe0rHCDn3HHsYVrzvFM/3RQbOCeK18eO6','Fitriaa.fms@gmail.com','','','',NULL,'','id_ID',NULL,'2018-12-18 12:17:10',NULL,'2018-12-18 12:17:11',0,NULL,NULL,0,NULL,0,NULL),(303,'ratnasari','$2y$10$6GbNxOc46x29RowFVwKUyuBd0yZXCW8tuBODbzY7ty/rtcQvkmeym','ratnanhana203@gmail.com','','085797852751','',NULL,'ID','id_ID',NULL,'2018-12-20 09:37:17',NULL,'2019-02-05 05:35:19',0,NULL,NULL,0,NULL,0,NULL),(304,'titinsupriyatin','$2y$10$iX2lBGah//8QTiy9ThWyFOUbG/B4iZ1G/zVHwkPZjJ73bb8kvdyde','titinsupriyatin06@gmail.com','','085771282636','',NULL,'ID','id_ID',NULL,'2018-12-25 00:30:29',NULL,'2018-12-28 01:41:23',0,NULL,NULL,0,NULL,0,NULL),(305,'lianhendy','$2y$10$t0VUBJNP9ZF6Qi8MWI/XpOKYymAdneD68PqLj7r4FoR7CUlEn2Quy','lianhendi7@gmail.com','','085546760362','RT003/RW004 Desa Mlorah, Kecamatan Rejoso, Kabupaten Nganjuk, Povinsi Jawa Timur',NULL,'ID','id_ID',NULL,'2018-12-29 09:05:37',NULL,'2019-02-08 10:41:13',0,NULL,NULL,0,NULL,0,NULL),(306,'henipujiastuti','$2y$10$gkk8eHHMKQTP/gcV726r6uKwplPzbCnb./5Td/HuB1hbhve9iURqu','henipujiastuti@untirta.ac.id','','+6287821320371','Ciceri Indah Blok S 7 Serang',NULL,'ID','id_ID:en_US',NULL,'2018-12-29 09:24:58',NULL,'2018-12-29 09:25:01',0,NULL,NULL,0,NULL,0,NULL),(307,'anipujilestari1','$2y$10$dbxv4FPg6uwMQ3I3UhxiNuJXu5r2DXy7XrrBVGjSSkTUISdkum5zC','anipujiles@gmail.com','http://orcid.org/0000-0002-0339-2543','081385940028','Pejaten Mas Estat Blok C1 No.10 Kramatwatu, Serang, Banten',NULL,'ID','id_ID',NULL,'2019-01-03 06:02:08',NULL,'2019-01-17 12:33:56',0,NULL,NULL,0,NULL,0,NULL),(308,'kuswandi','$2y$10$F6/afWlnJ5Do0fMV/r6qi.wkhsEZpgD78pS1a78VZtFvVspimu9fO','kuswandi813@gmail.com','','081910960435','',NULL,'','id_ID',NULL,'2019-01-04 20:45:17',NULL,'2019-07-16 10:51:47',1,NULL,NULL,0,NULL,0,NULL),(309,'nurwan','$2y$10$UWNpZ4mF6If0M13u1ZfEfOYzr/HWSMm.qHK9DLtlUoPgwio9Oca6i','nurwan@ung.ac.id','','','Program Studi Matematika FMIPA Universitas Negeri Gorontalo, Jln. Jenderal Sudirman No. 6 Kota Gorontalo',NULL,'ID','id_ID:en_US',NULL,'2019-01-07 10:56:34',NULL,'2019-01-07 10:56:39',0,NULL,NULL,0,NULL,0,NULL),(310,'riswanfauzi','$2y$10$LMPhVt6MMValWsXJ4ci4OeVqy1N0G2neL0e8rwVUlXQZ3d2TQcfFW','riswanfauzi69@gmail.com','','083840630033','',NULL,'ID','id_ID',NULL,'2019-01-07 15:12:58',NULL,'2019-01-11 14:03:25',0,NULL,NULL,0,NULL,0,NULL),(311,'rohmadjoen','$2y$10$xzN8QDOaXUiji9y4zMSQg.hZi7ZhUov.dFLP3rLJqJhNrkedzkhdq','rohmad.junia@gmail.com','','+6285225163418','Dukuh Jetis RT. 03/01 Gunting Wonosari Klaten Kode Pos 57473',NULL,'ID','id_ID:en_US',NULL,'2019-01-07 16:24:59',NULL,'2019-01-09 15:34:12',0,NULL,NULL,0,NULL,0,NULL),(312,'neneng_farhatin','$2y$10$lHZAyVgm92jqWBo9FsoV5uBkRFhFOunhxkIJMHBTae3TshRSh799m','nfarhatin05@gmail.com','','087772777101','Jl. A. Yani No. 18 RT.002/RW.002 Pandeglang, Banten',NULL,'ID','id_ID',NULL,'2019-01-07 20:40:07',NULL,'2019-06-10 15:40:37',0,NULL,NULL,0,NULL,0,NULL),(313,'novitanuri','$2y$10$3k9/yyJ5.dx0gliACz5.v.nf8e5/iJY2kzC1rEy.Ar.3xcfkMzR22','novitanuri70@gmail.com','','082189679491','',NULL,'','',NULL,'2019-01-08 10:27:31',NULL,'2019-01-19 14:34:06',0,NULL,NULL,0,NULL,0,NULL),(314,'devyimansari','$2y$10$UapQ2qjXVLXa1doJZbDHfO6tzcVrkaDdNMvyqEZuwdUy2bBCGag9q','devyimansari6@gmail.com','','','',NULL,'','id_ID',NULL,'2019-01-08 11:36:15',NULL,'2019-02-07 21:35:04',0,NULL,NULL,0,NULL,0,NULL),(315,'siswinor4','$2y$10$ev6q4y6AV3oV59qm3uXgz.ynsud64u/50FfvgIBDV8/JUwSvnLuPW','siswinor3@gmail.com','','','',NULL,'','id_ID',NULL,'2019-01-09 15:37:48',NULL,'2019-01-09 15:37:48',0,NULL,NULL,0,NULL,0,NULL),(316,'setsuryaaa','$2y$10$0mcc5jJVsxreL.O.mU32HOo8cngsF./fQi4LhMe.JjfUMQit.Fo4K','setyasurya998@gmail.com','https://orcid.org/0000-0002-3810-066X','087888589085','Jl. Mayabon, Komplek Permata Banjar Asri A3/53 42123',NULL,'ID','id_ID',NULL,'2019-01-10 10:31:09',NULL,'2019-01-31 20:01:26',0,NULL,NULL,0,NULL,0,NULL),(317,'beniarif','$2y$10$Vur8TkatvMbowyh990NXKuzMUmqX/2VMbDOArRARn2yMzq.DBhjay','benyarif04@gmail.com','','082243839633','',NULL,'ID','id_ID',NULL,'2019-01-11 10:55:31',NULL,'2019-01-11 13:31:46',0,NULL,NULL,0,NULL,0,NULL),(318,'dandyapviano','$2y$10$OygwFpTlwEBUYw9E4NHVBO1sAhQQpHJ7e7ddl.OSecAOtW4BAMPje','dandy.ap@students.amikom.ac.id','','081273735143','',NULL,'ID','id_ID:en_US',NULL,'2019-01-11 16:15:18',NULL,'2019-01-19 09:49:11',0,NULL,NULL,0,NULL,0,NULL),(319,'nova','$2y$10$xX2QUbzs3s1kpyq9jh1jJu7uMc1BdHxWfrwkveSD2ZL64H6lf9uwK','novasetya72@gmail.com','','','',NULL,'ID','id_ID',NULL,'2019-01-12 16:58:47',NULL,'2019-02-07 17:42:14',0,NULL,NULL,0,NULL,0,NULL),(320,'napfiah','$2y$10$st8SfUxcaB9w5tOPZnWHLO.fQ5yG/CUlsB2LJluaDNDVdLxnoLfTK','adiemap@gmail.com','','085649950929','',NULL,'ID','',NULL,'2019-01-13 12:16:02',NULL,'2019-04-09 12:29:04',0,NULL,NULL,0,NULL,0,NULL),(321,'agung','$2y$10$rLCc94Y5JtqTVJeskO4Rj.rxL/XgthkQChzmH25/bFMaJa4OlX7J.','agung.triyadi@students.amikom.ac.id','','082254775921','Yogyakarta',NULL,'ID','id_ID',NULL,'2019-01-17 12:42:58',NULL,'2019-01-26 19:41:10',0,NULL,NULL,0,NULL,0,NULL),(322,'ardhia23','$2y$10$wog/DOQPYrP9867oA8cQTufq5Kn.vyBUm/USWfcysAT9BNhoaZJrS','ardhiamahardhika80@gmail.com','','','',NULL,'','id_ID:en_US',NULL,'2019-01-17 14:47:51',NULL,'2019-01-17 21:16:33',0,NULL,NULL,0,NULL,0,NULL),(323,'rochmat_setiawan','$2y$10$OXhvaJj6aO7D8vOrWzil5ezjz5651pvJjKT/clTWBXHdoiw8Z3cT.','rohmatstwn7@gmail.com','','085647560803','pokakan rt 2 rw 4 jetis sukoharjo',NULL,'ID','id_ID',NULL,'2019-01-18 13:54:36',NULL,'2019-01-18 13:54:42',0,NULL,NULL,0,NULL,0,NULL),(324,'vinniaprilia','$2y$10$fk2ke3V88ZzOPBCoRQllI.4xxbFYil9DsZ60/3vuPblA4BaGkrwbG','vinniaprilia17@gmail.com','','','',NULL,'','id_ID:en_US',NULL,'2019-01-18 15:04:59',NULL,'2019-01-18 15:05:04',0,NULL,NULL,0,NULL,0,NULL),(325,'rizqi','$2y$10$Olhr2KSa/l.Jj8q5cCpkpeZ/YPl8lqRxjqso8UlW.T/BBvpdr5/C6','rizqiaja020@gmail.com','','','',NULL,'','id_ID',NULL,'2019-01-19 09:02:43',NULL,'2019-01-19 10:28:02',0,NULL,NULL,0,NULL,0,NULL),(326,'eviwidayanti','$2y$10$K6sVrk45qoTHgx2GHUClX.aQtrX4E0Ib5sDH6fGQQEpvBPT4GVmhG','eviwidayanti@stkipbim.ac.id','','085655259338','Jl. Raya Menganti Kramat No. 133 Wiyung Surabaya',NULL,'ID','id_ID',NULL,'2019-01-21 09:38:39',NULL,'2019-08-20 09:59:53',0,NULL,NULL,0,NULL,0,NULL),(327,'yuliarz','$2y$10$DXRy37kcyEYO0Hh.LG4BcuJn7GYAwAVJPvoP5vtMWaGd1FFBrXyjy','yulia_rahmawatiz@ymail.com','','085274069895','',NULL,'ID','id_ID:en_US',NULL,'2019-01-22 10:22:50',NULL,'2019-01-22 10:22:54',0,NULL,NULL,0,NULL,0,NULL),(328,'khalukaahsanafitri','$2y$10$cx1gV36aYeKJC3kroNts4OWfodniHqNyu4tyNFMJzYtViJJJGT0U.','khalukaahsana@gmail.com','','082367078010','Lr. Mangga. No. 142. Kota Fajar, Aceh Sealatan',NULL,'ID','id_ID',NULL,'2019-01-24 20:00:44',NULL,'2019-01-26 10:55:52',0,NULL,NULL,0,NULL,0,NULL),(329,'ehda','$2y$10$U4UGiuTP6cPvw2u/hN//FOLoVWDpstnWy5SxLysamZ4QKMbSvnF3a','ehda.farlina@uinsgd.ac.id','','','',NULL,'','id_ID',NULL,'2019-01-25 01:40:20',NULL,'2019-01-25 01:46:10',0,NULL,NULL,0,NULL,0,NULL),(330,'nitahida','$2y$10$QIzgd9r.DQCSDha1dTZGmOdaVOL89/Yfyr1RTM.rF8BUmESg1TqZS','fififafaathara@gmail.com','','','',NULL,'','',NULL,'2019-02-01 15:23:36',NULL,'2019-02-01 15:23:36',0,NULL,NULL,0,NULL,0,NULL),(331,'isti','$2y$10$7Yb3oh5/kLv/ooU1VXjlXe997q3/DeHR/SLeluWZnwfQL1buSl9K2','istingnatuzzakiyah_40@student.uns.ac.id','','','',NULL,'','id_ID',NULL,'2019-02-05 15:16:23',NULL,'2019-02-05 15:16:28',0,NULL,NULL,0,NULL,0,NULL),(332,'nuralam','$2y$10$yyZisQFm.xYHP34Lkr6uzeC9vpkvPGbUG.j.ewtGpTXkGaQLaOen6','nuralam@ar-raniry.ac.id','','08126998985','Fakultas Tarbiyah dan Keguruan UIN Ar-Raniry\r\nJln. Syech Abdur Rauf Komplek UIN Ar-Raniry \r\nKopelma Darussalam Banda Aceh 23111',NULL,'ID','id_ID',NULL,'2019-02-07 22:29:29',NULL,'2019-03-17 12:11:59',0,NULL,NULL,0,NULL,0,NULL),(333,'hella_jusra','$2y$10$AgzS4fCxQL28CRLL/vKo3ucAWyX4Vf9PMyWYRkzB7jccnyKo9sY6G','hella.jusra@uhamka.ac.id','','085691501961','',NULL,'ID','id_ID',NULL,'2019-02-17 22:39:15',NULL,'2019-04-11 20:00:47',0,NULL,NULL,0,NULL,0,NULL),(334,'1609200160030','$2y$10$oXoUlsrOhfnTXVXeheeYeu15YFnaR/irwuziAC8sgfgDuh8z.N6cq','almunirsihotang@gmail.com','','085289818345','',NULL,'ID','id_ID',NULL,'2019-02-18 10:40:10',NULL,'2019-08-22 21:27:30',0,NULL,NULL,0,NULL,0,NULL),(335,'siskacn','$2y$10$Cme7xzcjPGWnlO/CBmhxD.mnQdE1J9odT0SD77kZ7qYDPbLDHC5uO','siska@upy.ac.id','','081325259987','Program Studi Pendidikan Matematika universitas PGRI Yogyakarta. Jl PGRI I Sonosewu No.117 Yogyakarta',NULL,'ID','id_ID',NULL,'2019-02-19 13:29:37',NULL,'2019-09-25 09:59:59',0,NULL,NULL,0,NULL,0,NULL),(336,'santiarum','$2y$10$x1YlwZ4P3FS7qIgnJCpIcOADLK870MJ9pm8xe6iCFhq/TEwrFKeQO','santi.arum@ubpkarawang.ac.id','','085694418802','Universitas Buana Perjuangan Karawang\r\nJln. H.S. Ronggowaluyo, Telukjambe Timur Karawang, 41361',NULL,'ID','id_ID',NULL,'2019-02-20 16:12:40',NULL,'2019-08-23 16:06:56',0,NULL,NULL,0,NULL,0,NULL),(337,'rully2401','$2y$10$ySNAziRgdhLAJg8PuvgPa.917cq6GsxC3oqQGQUSmTAJXemodPagy','rully.indra@mpmat.uad.ac.id','https://www.scopus.com/authid/detail.uri?authorId=57192302745','085774991187','',NULL,'ID','id_ID:en_US',NULL,'2019-02-21 20:12:32',NULL,'2019-02-21 20:12:37',0,NULL,NULL,0,NULL,0,NULL),(338,'heris_hendriana','$2y$10$r2p8kwjX58StwTf6d5LLse1bmC2lyWMd5A5BbZsxtjeYBF153mvsC','herishen@ikipsiliwangi.ac.id','https://www.scopus.com/authid/detail.uri?authorId=57194710188','','',NULL,'ID','id_ID:en_US',NULL,'2019-02-22 20:02:42',NULL,'2019-02-22 20:02:43',0,NULL,NULL,0,NULL,0,NULL),(339,'dhestha123','$2y$10$fFqHAIAYisudKjMJAF.ikOelqKXH5ZhT/AM9TZCIZOrdG9gBxLc0S','292015073@student.uksw.edu','','','',NULL,'','',NULL,'2019-02-23 14:00:36',NULL,'2019-03-13 17:12:30',0,NULL,NULL,0,NULL,0,NULL),(340,'doni13','$2y$10$xPNrbhtIEF1E921JWQjtrOzzMq.Kro5ojaNgsH5swZ2wqr8AdcBMu','donzmor3@gmail.com','','','',NULL,'','id_ID',NULL,'2019-03-12 21:04:19',NULL,'2019-07-25 11:21:39',0,NULL,NULL,0,NULL,0,NULL),(341,'m_rifqi','$2y$10$P6.c/aheARajowfSlAwt3umP/WdWCg.u/sfD2RWKWZhdgwF/NOa5q','m.rifqi.mahmud@uinsgd.ac.id','','','',NULL,'ID','id_ID',NULL,'2019-03-16 15:06:46',NULL,'2019-03-26 05:42:24',0,NULL,NULL,0,NULL,0,NULL),(342,'minda','$2y$10$zAMgzvz.sjW/8FcdXCRLHupJjAhzoS2lU6KBI60KpPE6vTWZ.TV8O','mindaubamanora95@gmail.com','','','',NULL,'ID','id_ID',NULL,'2019-03-16 15:56:09',NULL,'2019-04-01 11:44:59',0,NULL,NULL,0,NULL,0,NULL),(343,'rinaindriani','$2y$10$S3RUfBL00HBP/vC8ZJ.O6uiVIXrO6GfzF.Kce/qAeLb7mBA567ZGa','rinaindriani@unpas.ac.id','','','',NULL,'ID','id_ID',NULL,'2019-03-16 16:15:34',NULL,'2019-03-26 04:19:45',0,NULL,NULL,0,NULL,0,NULL),(344,'niasetiani9','$2y$10$sl4.ZgVfQguaQQX/u2DliudWyFC5XY4VveX1FEHsXoymH2yvXDPu2','niasetiani3@gmail.com','','','',NULL,'','',NULL,'2019-03-20 07:46:09',NULL,'2019-05-31 08:00:48',0,NULL,NULL,0,NULL,0,NULL),(345,'nurma_28','$2y$10$ln.eT6JAhm.fltWhh6EVluInBo6KXguXlHgQf7dJTj2ahMGieZUbW','nurmawati2828@gmail.com','','082136639792','',NULL,'ID','id_ID',NULL,'2019-03-20 08:15:17',NULL,'2019-03-25 11:30:50',0,NULL,NULL,0,NULL,0,NULL),(346,'fikrimath','$2y$10$/SOe2nlWSrHe1pNhyfboMOjS37yY9j3Ux.QH8rYYa.38DwJ5wFMYS','fikrimath@gmail.com','','085259383259','',NULL,'ID','id_ID',NULL,'2019-03-21 12:21:53',NULL,'2019-09-09 10:42:09',0,NULL,NULL,0,NULL,0,NULL),(347,'windips','$2y$10$c5SzvX6xDjd96W29AnxDQ.SdEMb7vOOtef3AFa8mAw2t/Eq3zvUcy','windi.p.sari@gmail.com','','089670873438','',NULL,'ID','id_ID',NULL,'2019-03-28 07:43:59',NULL,'2019-03-28 10:00:39',0,NULL,NULL,0,NULL,0,NULL),(348,'novisariani','$2y$10$IHbl.UWfwTY8l.3dVyarqOoA51Aunk9P1ff7h1P8MhFAM9e78Uzce','novisariani23@gmail.com','','082186645967','',NULL,'ID','id_ID',NULL,'2019-04-02 11:44:10',NULL,'2019-04-18 11:23:49',0,NULL,NULL,0,NULL,0,NULL),(349,'metrilitna','$2y$10$HWeeuR9jVn0PCP8ng0FDTOwuNNaVeFD.v.cmAKWdQ8AhpdTdO3WYW','metrilitna@gmail.com','','','',NULL,'ID','id_ID',NULL,'2019-04-06 14:16:54',NULL,'2019-04-06 14:16:58',0,NULL,NULL,0,NULL,0,NULL),(350,'rasiah','$2y$10$HWE0VyW9iBCykz/yzdJyyuDug5ca8IqwgKPi/m3.A8gYA10xVPYyi','rasiahunswa@gmail.com','','083824798567','Desa Cadangpinggan Rt 03/Rw 01, Kec. Sukagumiwang, Kab. Indramayu',NULL,'ID','id_ID',NULL,'2019-04-10 19:50:05',NULL,'2019-06-16 17:54:55',0,NULL,NULL,0,NULL,0,NULL),(351,'nfsiregar','$2y$10$i3hIaYurYu3lrTiR4d7HKeL2kJfbeoU71CIBtEJvki.6GAlLG7oeq','nurfadilahsiregar@unsil.ac.id','','081263607567','Jl. Siliwangi No.24, Tasikmalaya, Jawa Barat',NULL,'ID','id_ID:en_US',NULL,'2019-05-08 10:32:43',NULL,'2019-09-24 16:09:48',0,NULL,NULL,0,NULL,0,NULL),(352,'hanimfaizah','$2y$10$jNFTXHg1mBV7qD/Uq4QSTe.7CHBdJO.2CetMUNM6GP2B5.EJxfvPK','fhanim@unipasby.ac.id','','085649692049','Tebel Timur RT 02 RW 6 No. 22 Gedangan-Sidoarjo',NULL,'ID','id_ID',NULL,'2019-05-10 15:03:08',NULL,'2019-05-10 15:03:11',0,NULL,NULL,0,NULL,0,NULL),(353,'putrimaqomam','$2y$10$/..wzMKbeEgZXp1r3FuQy.7c.tKp0BzuCDSn0AuBa0s15BRjGVX0m','Putrip719@gmail.com','','','',NULL,'','id_ID',NULL,'2019-05-23 10:32:07',NULL,'2019-05-23 10:32:07',0,NULL,NULL,0,NULL,0,NULL),(354,'subhan','$2y$10$2ZjpeSLRSDn8E3Kyb7NsUe/r/MJqm/2vs35Jq3zxSxKZrUejLT4LW','subhanajiz@uhamka.ac.id','https://www.scopus.com/authid/detail.uri?authorId=57200720466','087880601893','',NULL,'ID','id_ID:en_US',NULL,'2019-05-29 12:01:46',NULL,'2019-05-29 12:15:06',0,NULL,NULL,0,NULL,0,'(SCOPUSID: 57200720466)'),(355,'erisa_ramadhanty','$2y$10$vfP1LdAu3G5LZIH00vqHruby.vPRIcUO52VLYKaXNTOKYaFT5lATC','erisaramadhanty@gmail.com','','082258404954','Jl. Sukajadi Rt 05 Rw 10 No.09 Kec. Cibadak KAB. Sukabumi Jawa Barat',NULL,'ID','id_ID',NULL,'2019-06-20 07:00:53',NULL,'2019-06-20 07:00:58',0,NULL,NULL,0,NULL,0,NULL),(356,'nurlianti28','$2y$10$xY1txOQXTAxyKEtDMR619ObEug0uHwK/zM6mU4zFNvYlCdue9.gb2','nurlianti28@gmail.com','','085798811122','Kp. Pamekaran Samolo RT 04 RW 02 Kec. Karangtengah Kab. Cianjur, Jawa Barat',NULL,'ID','id_ID',NULL,'2019-06-20 07:39:57',NULL,'2019-06-20 07:39:58',0,NULL,NULL,0,NULL,0,NULL),(357,'risma1234','$2y$10$nmKdOOXZ2vTihCrHrT.Tv.05o2UhqlRNsdFZ62CNbH1QZNBv2I3qi','Rismamaryani96@gmail.com','','0895397216919','Kp. Balung Tunggal rt 01 rw 08 ds. Sukamaju kec. Cianjur kab.Cianjur',NULL,'ID','id_ID',NULL,'2019-06-20 16:14:46',NULL,'2019-06-20 16:14:50',0,NULL,NULL,0,NULL,0,NULL),(358,'eneng','$2y$10$RB9pcvlbIl8qVU4suTOTOO.HhFK5oInRr63eluEs0UxkLKKxOjiJK','enengindriyanifitri@gmail.com',NULL,NULL,NULL,NULL,'ID','',NULL,'2019-06-25 14:25:52',NULL,'2019-06-25 14:25:53',0,NULL,NULL,0,NULL,1,NULL),(359,'biancaoktaria','$2y$10$Mr9kad9F0IeB8ixTGJ7AcOPUrW0ekzTxqKcnUV3rmvimJNkkhju6C','Biancaoktaria@yahoo.com',NULL,NULL,NULL,NULL,'ID','',NULL,'2019-06-25 21:12:35',NULL,'2019-07-09 10:43:03',1,NULL,NULL,0,NULL,1,NULL),(360,'rusyda_maulida','$2y$10$WMISBsA1d6StE0mpytF1HeDcOjSql11xQqLwNvxcCkcUM4erFvx9K','dosen02114@unpam.ac.id',NULL,NULL,NULL,NULL,'ID','',NULL,'2019-06-28 20:57:06',NULL,'2019-09-20 08:56:29',1,NULL,NULL,0,NULL,1,NULL),(361,'alicefloyd','$2y$10$swL1P/CChmNfFYo3qbe.h.CRn757TlyLa13a/kN.Nt0LttoHlDvxO','alicefloyd@gawab.com',NULL,NULL,NULL,NULL,'NL','',NULL,'2019-07-01 19:49:12',NULL,'2019-07-01 19:49:12',0,NULL,NULL,0,NULL,1,NULL),(362,'fauziahnurulhakiqi','$2y$10$JA6VcTq9VJT31XexU8xmVe0QKP7s5EN/TMjrcpe36wT8sHqqeXJj6','fauziahnurul.h@gmail.com',NULL,NULL,NULL,NULL,'ID','',NULL,'2019-07-19 15:57:54',NULL,'2019-08-24 08:02:59',0,NULL,NULL,0,NULL,1,NULL),(363,'rumahweb3','$2y$10$cwfd5fXv2W.ArKXR4INX3.ffONpSemPVU6Y0mvXByNKjotziUYWVy','rw@onewaymail.com','','','',NULL,'ID','',NULL,'2019-07-20 09:24:13',NULL,'2019-07-26 08:48:31',0,NULL,NULL,0,NULL,1,''),(364,'deddy','$2y$10$8UU6OkWcRz.B38RdyDOBMOT2bmCn4q96ULQWCRd34Gp8PIzJ2Ci2m','deddy@umm.ac.id',NULL,NULL,NULL,NULL,'ID','',NULL,'2019-07-23 08:29:06',NULL,'2019-09-25 15:25:37',0,NULL,NULL,0,NULL,1,NULL),(365,'faefinney','$2y$10$IFCo8G/O7xV2Y9MgKuHc..yg482b4BNS8mHFuOul77LbVWai2V1Pe','faefinney@gmx.de',NULL,NULL,NULL,NULL,'US','',NULL,'2019-07-29 20:10:14',NULL,'2019-07-29 20:10:17',0,NULL,NULL,0,NULL,1,NULL),(366,'rimayukianti','$2y$10$kRD34bV/k3.jG0TWDTtJ9uxh8v9.fzV5I8K0tWNfTSizlgWd14xb6','rimayukiantixiipaii@gmail.com',NULL,NULL,NULL,NULL,'ID','',NULL,'2019-07-31 10:47:56',NULL,'2019-07-31 10:53:53',0,NULL,NULL,0,NULL,1,NULL),(367,'liliaroney','$2y$10$JBL//pPV0AWy6/yPwhBcLOoTcRISGNLa3sa56G/EnEEjXD6NsugEu','liliaroney@gmx.net',NULL,NULL,NULL,NULL,'BR','',NULL,'2019-08-13 21:51:17',NULL,'2019-08-13 21:57:51',0,NULL,NULL,0,NULL,1,NULL),(368,'adolphvega','$2y$10$inT/NNsNUEEq.EFtzoZt.euNk7n6FXutdmXyFcU20j7.KlR1CXHbi','adolphvega@arcor.de',NULL,NULL,NULL,NULL,'AU','',NULL,'2019-08-14 02:31:29',NULL,'2019-08-14 02:31:30',0,NULL,NULL,0,NULL,1,NULL),(369,'lonups','$2y$10$jIeSdQRCN7McZv9PuE0M6Op1NIJrhRk/mzzmtYC/QqpOvBJDBW5hS','elosbnfea1@qmails.co',NULL,NULL,NULL,NULL,'IS','',NULL,'2019-08-17 19:48:51',NULL,'2019-08-17 19:48:52',0,NULL,NULL,0,NULL,1,NULL),(370,'colbyludwi','$2y$10$mtpP/mq6uR4xKWWoCHWSYOsJ9LNbhCED3J3ObPqFAVKtQcHFXXT.q','colby.ludwig@zoho.com',NULL,NULL,NULL,NULL,'FR','',NULL,'2019-08-18 03:49:28',NULL,'2019-08-18 03:49:28',0,NULL,NULL,0,NULL,1,NULL),(371,'rickietutt','$2y$10$x8d6b5kmpc67mf2ntmBT3.Z7zPbEuI7HM.OcUjIG0YMS9T36cW2AO','rickietuttle@gawab.com',NULL,NULL,NULL,NULL,'DE','',NULL,'2019-08-20 05:02:25',NULL,'2019-08-20 05:02:25',0,NULL,NULL,0,NULL,1,NULL),(372,'hasti','$2y$10$LXxAruN5Lt/d8bAvrRrXJeyonSHXOvomuyjBgON/Dii2qSPZOIi2K','hastidiyah@gmail.com',NULL,NULL,NULL,NULL,'ID','',NULL,'2019-08-20 12:21:33',NULL,'2019-09-26 10:56:52',0,NULL,NULL,0,NULL,1,NULL),(373,'kurtki','$2y$10$uKq//ULMdVQ4LM5oYdFUbO9B8wktk6RcqvjuezJNdr.SlwNzfUoG.','kurtkikuroky@gmail.com',NULL,'','',NULL,'RU','',NULL,'2019-08-26 23:32:15',NULL,'2019-08-26 23:32:16',0,NULL,NULL,0,NULL,1,NULL),(374,'haniutari','$2y$10$4f5YSU9cZWAJzezhcbuWw.crO1DY/xrQlGRDw6LGZUT6cCnAxtbAS','hannyutari26@gmail.com',NULL,'','',NULL,'ID','id_ID',NULL,'2019-08-28 06:11:58',NULL,'2019-08-29 05:51:40',0,NULL,NULL,0,NULL,1,NULL),(375,'romi748','$2y$10$PGydLILKeHgSP0eIoT0p/.jDut174LowMQzDzk6ilz93Palk31s1W','ikromi748@gmail.com',NULL,NULL,NULL,NULL,'ID','',NULL,'2019-09-05 07:51:37',NULL,'2019-09-05 08:30:54',0,NULL,NULL,0,NULL,1,NULL),(376,'firman_bangkiy','$2y$10$iMOMZ.G.cTfp/yiPgE4l5emuD0nHkvyzhihNKeojdjmPnyKumoePm','firmanbangkitmulyantoro@yahoo.co.id',NULL,NULL,NULL,NULL,'ID','',NULL,'2019-09-06 13:45:38',NULL,'2019-09-23 11:21:09',0,NULL,NULL,0,NULL,1,NULL),(377,'archimaulyda','$2y$10$sTtUH6SO5EW8tTxz2SWOAOYAmjdBd8Fja0ADrwhEskqYQ7W82pOgi','archimaulyda@unram.ac.id',NULL,NULL,NULL,NULL,'ID','',NULL,'2019-09-06 16:40:33',NULL,'2019-09-06 16:40:33',0,NULL,NULL,0,NULL,1,NULL),(378,'martingold','$2y$10$Sj7dJOWVn.0BzWgLaEXk7O5DvFDhoaFhucFuEV7GD2qsM7WzNszxG','martingoldsmith@gmail.com',NULL,NULL,NULL,NULL,'IT','',NULL,'2019-09-08 14:38:29',NULL,'2019-09-09 03:47:27',0,NULL,NULL,0,NULL,1,NULL),(379,'brentmeeks','$2y$10$KQAm4CuK/h2iVyqUVTqEiufaQyUkB5P.hdb1C0k1xh3Q2OcXt71rW','brent_meeks@gmail.com',NULL,NULL,NULL,NULL,'CA','',NULL,'2019-09-08 23:09:36',NULL,'2019-09-08 23:09:37',0,NULL,NULL,0,NULL,1,NULL),(380,'stantims0','$2y$10$qfDzDoq1DF1HyA3KvdWh4esGaSYgz7WFsleqtPN1W1qrc566aHerG','stan.tims@gmail.com',NULL,NULL,NULL,NULL,'NL','',NULL,'2019-09-09 05:40:41',NULL,'2019-09-09 18:06:27',0,NULL,NULL,0,NULL,1,NULL),(381,'sbvgaye34','$2y$10$IYnZz2fu1hNMLTlyt0/3b.ErRsX2TcWc11JtN7GJYaOZOl9c5Vdy6','gayesherwin@gmail.com',NULL,NULL,NULL,NULL,'GB','',NULL,'2019-09-17 19:56:42',NULL,'2019-09-22 14:26:57',0,NULL,NULL,0,NULL,1,NULL),(382,'grazyna30f','$2y$10$U9eFV0Q7vLX3qxR0OfU9Me2qhAC3kytnEuQA9Z/7g.3RzZcJ4QvCG','grazynazajac@gawab.com',NULL,NULL,NULL,NULL,'BR','',NULL,'2019-09-22 00:04:05',NULL,'2019-09-22 00:04:06',0,NULL,NULL,0,NULL,1,NULL),(383,'adrieneaxl','$2y$10$tgaKM/Juh82.X02pjBBxaO1XPf1l0ohOM2I9VP7jDIWoOawJ/7gAm','adriene.donnithorne@gmail.com',NULL,NULL,NULL,NULL,'DE','',NULL,'2019-09-22 10:44:52',NULL,'2019-09-22 15:47:24',0,NULL,NULL,0,NULL,1,NULL),(384,'dawnaujd16','$2y$10$kkutmkDU6wIcsBY10C6u1OA/NTbFGbUTrvWxKua4O7HrCviZOucNe','dawna.hutcheon@gmail.com',NULL,NULL,NULL,NULL,'SE','',NULL,'2019-09-23 22:51:05',NULL,'2019-09-23 22:57:07',0,NULL,NULL,0,NULL,1,NULL),(385,'setia_widia_09','$2y$10$x/Xou1y3jgAYGdUyGevbSuICvXeALlZ4lUhWflVwbboW52pWzKLDe','setia.widiaayu@yahoo.com',NULL,'','<p>Setia Widia Rahayu</p>',NULL,'ID','id_ID',NULL,'2019-09-24 11:45:17',NULL,'2019-09-30 10:44:56',0,NULL,NULL,0,NULL,1,NULL),(386,'qkwangeles','$2y$10$WAZBQMDTMDznE6r1hWS5LuqlcviKAgYD0Y/Ykgsq.LKp7K59bDxKW','angelesbourque@gmail.com',NULL,NULL,NULL,NULL,'AT','',NULL,'2019-09-24 21:47:37',NULL,'2019-09-24 21:47:37',0,NULL,NULL,0,NULL,1,NULL),(387,'linnealind','$2y$10$0hkHuf2h3mBUE7u5p969hOwmHOrVZPA7jE9S/fsEKJpko9xA5F3OO','linnealind@gawab.com',NULL,NULL,NULL,NULL,'FR','',NULL,'2019-09-24 22:18:12',NULL,'2019-09-24 22:18:13',0,NULL,NULL,0,NULL,1,NULL),(388,'annettewlk','$2y$10$50psya5Zx/aAX1OmrQQH8OSKDz9X9iCsj9CXQiS/vY.KQhik/lT3u','annettetrumper@imap-mail.com',NULL,NULL,NULL,NULL,'IT','',NULL,'2019-09-24 23:00:04',NULL,'2019-09-24 23:00:05',0,NULL,NULL,0,NULL,1,NULL),(389,'hannahhayn','$2y$10$k4g08rJiYeO8iPOzP93zBubBdc0hws./.hZHPRGA8UP2z4DVfzjr.','hannahhaynie@freenet.de',NULL,NULL,NULL,NULL,'NL','',NULL,'2019-09-25 01:12:15',NULL,'2019-09-25 01:12:16',0,NULL,NULL,0,NULL,1,NULL),(390,'dallasnye5','$2y$10$lbGSaYaNS9vJeGJeNQ81IOAMYWkgIHq30VR0EdD0cIQgEP7/xFuLq','dallasnye@arcor.de',NULL,NULL,NULL,NULL,'CH','',NULL,'2019-09-25 01:20:55',NULL,'2019-09-25 01:20:55',0,NULL,NULL,0,NULL,1,NULL),(391,'rachaeldes','$2y$10$mJ2suK93.JqHXeJafiwkzO0oWnmiNYw9un4nx4YtKNDpyHQPQBIAC','rachaeldeshotel@zoho.com',NULL,NULL,NULL,NULL,'NL','',NULL,'2019-09-25 15:21:29',NULL,'2019-09-25 15:21:30',0,NULL,NULL,0,NULL,1,NULL),(392,'lurlenebea','$2y$10$c.c2jJXWc9cKPohqFgjisOug6r2aUmzbue2ZepzYJsF7Iv1.jyfdK','lurlene.beall@t-online.de',NULL,NULL,NULL,NULL,'CH','',NULL,'2019-09-25 19:39:27',NULL,'2019-09-25 19:39:28',0,NULL,NULL,0,NULL,1,NULL),(393,'romeokaczm','$2y$10$gMekC1hI.Jx9e8mr42wtfuc8/C6KLLmeKmOmoMmk8v/H0Zpy16tOW','romeokaczmarek@gmail.com',NULL,NULL,NULL,NULL,'FR','',NULL,'2019-09-25 20:12:11',NULL,'2019-09-25 20:12:12',0,NULL,NULL,0,NULL,1,NULL),(394,'stephenhon','$2y$10$5d40fx71PTMnukje39g7ZOv4HtT3IX646OzclWs8aPqPtOxZuR/P6','stephenhonner@gmail.com',NULL,NULL,NULL,NULL,'US','',NULL,'2019-09-25 20:46:39',NULL,'2019-09-25 20:46:40',0,NULL,NULL,0,NULL,1,NULL),(395,'elinorcram','$2y$10$4h0ObgnUj0unrTjFGWGPseBGqRhVbhj2PX.nSEpHRCSgo06BknCa6','elinorcrampton@aol.com',NULL,NULL,NULL,NULL,'NL','',NULL,'2019-09-26 02:30:32',NULL,'2019-09-26 02:30:32',0,NULL,NULL,0,NULL,1,NULL),(396,'dewianggreini','$2y$10$AUVrN87D5WyzBjGElt4MXu.s5I9uXB3pG2Q9tYgS27ipUW.NsjNha','anggreini_004@yahoo.com',NULL,'081325162262','',NULL,'ID','id_ID',NULL,'2019-09-26 10:49:03',NULL,'2019-09-26 10:56:19',0,NULL,NULL,0,NULL,1,NULL),(397,'antonspann','$2y$10$0IFGCIP4hstTNrC06xveeufFpq1GHoq.rlkccctNeoP1hXMd35unm','antonspann@live.de',NULL,NULL,NULL,NULL,'GB','',NULL,'2019-09-27 21:10:08',NULL,'2019-09-27 21:10:08',0,NULL,NULL,0,NULL,1,NULL),(398,'nicky5688','$2y$10$LqMroxn6M/Tb1b9gHabDQejsBRawYfVbsffjjDeys4aI68Uls2HpO','nickcoons@live.com',NULL,NULL,NULL,NULL,'NO','',NULL,'2019-09-29 18:38:55',NULL,'2019-09-29 18:38:56',0,NULL,NULL,0,NULL,1,NULL),(399,'kathrinchu','$2y$10$sG5EoK04kBxpx8A3LGv9Qepo/R0x4mvrexP3CKLNawrpXNTTNX0Fu','kathrinchu@yahoo.com',NULL,NULL,NULL,NULL,'BR','',NULL,'2019-09-29 20:35:41',NULL,'2019-09-29 20:35:42',0,NULL,NULL,0,NULL,1,NULL),(400,'gracemacde','$2y$10$25SkcedrtLa2J6Bov21dI.q0gymxE1y5cL/JJz48eNUpXjb5gp3Hy','gracemacdevitt@gmail.com',NULL,NULL,NULL,NULL,'AT','',NULL,'2019-09-30 02:06:09',NULL,'2019-09-30 02:06:10',0,NULL,NULL,0,NULL,1,NULL),(401,'nurrahmaainii','$2y$10$M3oMMsXMEYcywRLp7i4oguWW5UfABmsKxL9aTG1V4ECBW680d2Yvq','nurrahmaaini15@gmail.com',NULL,NULL,NULL,NULL,'ID','',NULL,'2019-09-30 12:22:49',NULL,'2019-09-30 12:22:50',0,NULL,NULL,0,NULL,1,NULL);

--
-- Table structure for table `versions`
--

CREATE TABLE `versions` (
  `major` int(11) NOT NULL DEFAULT '0',
  `minor` int(11) NOT NULL DEFAULT '0',
  `revision` int(11) NOT NULL DEFAULT '0',
  `build` int(11) NOT NULL DEFAULT '0',
  `date_installed` datetime NOT NULL,
  `current` tinyint(4) NOT NULL DEFAULT '0',
  `product_type` varchar(30) DEFAULT NULL,
  `product` varchar(30) DEFAULT NULL,
  `product_class_name` varchar(80) DEFAULT NULL,
  `lazy_load` tinyint(4) NOT NULL DEFAULT '0',
  `sitewide` tinyint(4) NOT NULL DEFAULT '0',
  UNIQUE KEY `versions_pkey` (`product_type`,`product`,`major`,`minor`,`revision`,`build`)
) ENGINE=InnoDB DEFAULT CHARSET=utf8;

--
-- Dumping data for table `versions`
--

INSERT INTO `versions` VALUES (1,0,0,0,'2016-01-05 12:18:13',1,'plugins.metadata','nlm30','',0,0),(1,0,0,0,'2016-01-05 12:18:13',1,'plugins.metadata','mods34','',0,0),(1,0,0,0,'2016-01-05 12:18:13',1,'plugins.metadata','dc11','',0,0),(1,0,0,0,'2016-01-05 12:18:13',1,'plugins.metadata','openurl10','',0,0),(1,0,0,0,'2016-01-05 12:18:13',1,'plugins.auth','ldap','',0,0),(1,0,0,0,'2016-01-05 12:18:13',1,'plugins.blocks','information','InformationBlockPlugin',1,0),(1,0,0,0,'2016-01-05 12:18:13',1,'plugins.blocks','authorBios','AuthorBiosBlockPlugin',1,0),(1,0,0,0,'2016-01-05 12:18:13',1,'plugins.blocks','readingTools','ReadingToolsBlockPlugin',1,0),(1,0,0,0,'2016-01-05 12:18:13',1,'plugins.blocks','role','RoleBlockPlugin',1,0),(1,0,0,0,'2016-01-05 12:18:13',1,'plugins.blocks','navigation','NavigationBlockPlugin',1,0),(1,0,0,0,'2016-01-05 12:18:13',1,'plugins.blocks','relatedItems','RelatedItemsBlockPlugin',1,0),(1,0,0,0,'2016-01-05 12:18:13',1,'plugins.blocks','notification','NotificationBlockPlugin',1,0),(1,0,0,0,'2016-01-05 12:18:13',0,'plugins.blocks','subscription','SubscriptionBlockPlugin',1,0),(1,0,0,0,'2016-01-05 12:18:13',1,'plugins.blocks','user','UserBlockPlugin',1,0),(1,0,0,0,'2016-01-05 12:18:13',1,'plugins.blocks','keywordCloud','KeywordCloudBlockPlugin',1,0),(1,0,0,0,'2016-01-05 12:18:13',1,'plugins.blocks','help','HelpBlockPlugin',1,0),(1,0,0,0,'2016-01-05 12:18:13',1,'plugins.blocks','donation','DonationBlockPlugin',1,0),(1,0,0,0,'2016-01-05 12:18:13',1,'plugins.blocks','developedBy','DevelopedByBlockPlugin',1,0),(1,0,0,0,'2016-01-05 12:18:13',1,'plugins.blocks','languageToggle','LanguageToggleBlockPlugin',1,0),(1,0,0,0,'2016-01-05 12:18:13',1,'plugins.blocks','fontSize','FontSizeBlockPlugin',1,0),(1,0,0,0,'2016-01-05 12:18:13',1,'plugins.citationLookup','crossref','',0,0),(1,0,0,0,'2016-01-05 12:18:13',1,'plugins.citationLookup','pubmed','',0,0),(1,0,0,0,'2016-01-05 12:18:13',1,'plugins.citationLookup','worldcat','',0,0),(1,0,0,0,'2016-01-05 12:18:13',1,'plugins.citationLookup','isbndb','',0,0),(1,0,0,0,'2016-01-05 12:18:13',1,'plugins.citationParser','regex','',0,0),(1,0,0,0,'2016-01-05 12:18:13',1,'plugins.citationParser','paracite','',0,0),(1,0,0,0,'2016-01-05 12:18:13',1,'plugins.citationParser','parscit','',0,0),(1,0,0,0,'2016-01-05 12:18:13',1,'plugins.citationParser','freecite','',0,0),(1,0,0,0,'2016-01-05 12:18:13',1,'plugins.gateways','resolver','',0,0),(1,0,0,0,'2016-01-05 12:18:13',1,'plugins.gateways','metsGateway','',0,0),(1,0,0,0,'2016-01-05 12:18:13',1,'plugins.generic','backup','BackupPlugin',1,0),(1,0,0,0,'2016-01-05 12:18:13',1,'plugins.generic','externalFeed','ExternalFeedPlugin',1,0),(1,0,0,0,'2016-01-05 12:18:13',1,'plugins.generic','translator','TranslatorPlugin',1,1),(1,0,0,0,'2016-01-05 12:18:13',1,'plugins.generic','webFeed','WebFeedPlugin',1,0),(1,0,0,0,'2016-01-05 12:18:13',1,'plugins.generic','lucene','LucenePlugin',1,1),(1,0,0,0,'2016-01-05 12:18:13',0,'plugins.generic','pdfJsViewer','PdfJsViewerPlugin',1,0),(1,0,0,0,'2016-01-05 12:18:13',1,'plugins.generic','phpMyVisites','PhpMyVisitesPlugin',1,0),(1,0,0,0,'2016-01-05 12:18:13',1,'plugins.generic','browse','BrowsePlugin',1,0),(1,1,1,0,'2016-01-05 12:18:13',1,'plugins.generic','dataverse','DataversePlugin',1,0),(1,0,0,0,'2016-01-05 12:18:13',1,'plugins.generic','piwik','PiwikPlugin',1,0),(1,0,0,0,'2016-01-05 12:18:13',1,'plugins.generic','coins','CoinsPlugin',1,0),(1,0,0,0,'2016-01-05 12:18:13',1,'plugins.generic','googleViewer','GoogleViewerPlugin',1,0),(1,0,0,0,'2016-01-05 12:18:13',1,'plugins.generic','thesisFeed','ThesisFeedPlugin',1,0),(1,0,0,0,'2016-01-05 12:18:13',1,'plugins.generic','booksForReview','BooksForReviewPlugin',1,0),(1,0,0,0,'2016-01-05 12:18:13',1,'plugins.generic','tinymce','TinyMCEPlugin',1,0),(1,0,0,0,'2016-01-05 12:18:13',1,'plugins.generic','driver','DRIVERPlugin',1,0),(1,1,0,0,'2016-01-05 12:18:13',0,'plugins.generic','customBlockManager','CustomBlockManagerPlugin',1,0),(1,0,0,0,'2016-01-05 12:18:13',1,'plugins.generic','thesis','ThesisPlugin',1,0),(1,0,2,0,'2016-01-05 12:18:13',1,'plugins.generic','pln','PLNPlugin',1,0),(1,0,0,0,'2016-01-05 12:18:13',1,'plugins.generic','customLocale','CustomLocalePlugin',1,0),(1,2,0,0,'2016-01-05 12:18:13',1,'plugins.generic','staticPages','StaticPagesPlugin',1,0),(1,1,0,0,'2016-01-05 12:18:13',0,'plugins.generic','acron','AcronPlugin',1,1),(1,0,0,0,'2016-01-05 12:18:13',1,'plugins.generic','usageEvent','',0,0),(1,0,0,0,'2016-01-05 12:18:13',1,'plugins.generic','sehl','SehlPlugin',1,0),(1,0,0,0,'2016-01-05 12:18:13',1,'plugins.generic','xmlGalley','XmlGalleyPlugin',1,0),(1,0,0,0,'2016-01-05 12:18:13',1,'plugins.generic','referral','ReferralPlugin',1,0),(1,0,0,0,'2016-01-05 12:18:13',1,'plugins.generic','usageStats','UsageStatsPlugin',0,1),(1,0,0,0,'2016-01-05 12:18:13',1,'plugins.generic','objectsForReview','ObjectsForReviewPlugin',1,1),(1,0,0,0,'2016-01-05 12:18:13',1,'plugins.generic','openAds','OpenAdsPlugin',1,0),(1,0,0,0,'2016-01-05 12:18:13',1,'plugins.generic','googleAnalytics','GoogleAnalyticsPlugin',1,0),(1,0,0,0,'2016-01-05 12:18:13',1,'plugins.generic','sword','SwordPlugin',1,0),(1,0,0,0,'2016-01-05 12:18:13',1,'plugins.generic','roundedCorners','RoundedCornersPlugin',1,0),(1,1,0,0,'2016-01-05 12:18:13',0,'plugins.generic','openAIRE','OpenAIREPlugin',1,0),(1,0,0,0,'2016-01-05 12:18:13',1,'plugins.generic','announcementFeed','AnnouncementFeedPlugin',1,0),(1,0,0,0,'2016-01-05 12:18:13',1,'plugins.generic','stopForumSpam','StopForumSpamPlugin',1,0),(1,0,0,0,'2016-01-05 12:18:13',1,'plugins.implicitAuth','shibboleth','',0,1),(1,0,0,0,'2016-01-05 12:18:13',1,'plugins.importexport','duracloud','',0,0),(1,0,0,0,'2016-01-05 12:18:13',0,'plugins.importexport','medra','',0,0),(1,0,0,0,'2016-01-05 12:18:13',1,'plugins.importexport','mets','',0,0),(1,0,0,0,'2016-01-05 12:18:13',1,'plugins.importexport','users','',0,0),(1,0,0,0,'2016-01-05 12:18:13',1,'plugins.importexport','native','',0,0),(1,0,0,0,'2016-01-05 12:18:13',1,'plugins.importexport','pubIds','',0,0),(1,0,0,0,'2016-01-05 12:18:13',1,'plugins.importexport','pubmed','',0,0),(1,0,0,0,'2016-01-05 12:18:13',1,'plugins.importexport','quickSubmit','',0,0),(1,0,0,0,'2016-01-05 12:18:13',0,'plugins.importexport','datacite','',0,0),(1,0,0,0,'2016-01-05 12:18:13',0,'plugins.importexport','doaj','',0,0),(1,0,0,0,'2016-01-05 12:18:13',1,'plugins.importexport','erudit','',0,0),(1,0,0,0,'2016-01-05 12:18:13',1,'plugins.oaiMetadataFormats','nlm','',0,0),(1,0,0,0,'2016-01-05 12:18:13',1,'plugins.oaiMetadataFormats','dc','',0,0),(1,0,0,0,'2016-01-05 12:18:13',1,'plugins.oaiMetadataFormats','marc','',0,0),(1,0,0,0,'2016-01-05 12:18:13',1,'plugins.oaiMetadataFormats','marcxml','',0,0),(1,0,0,0,'2016-01-05 12:18:13',1,'plugins.oaiMetadataFormats','rfc1807','',0,0),(1,0,0,0,'2016-01-05 12:18:13',1,'plugins.paymethod','paypal','',0,0),(1,0,0,0,'2016-01-05 12:18:13',1,'plugins.paymethod','manual','',0,0),(1,0,0,0,'2016-01-05 12:18:13',1,'plugins.pubIds','doi','DOIPubIdPlugin',1,0),(1,0,0,0,'2016-01-05 12:18:13',1,'plugins.pubIds','urn','URNPubIdPlugin',1,0),(1,0,0,0,'2016-01-05 12:18:13',1,'plugins.reports','subscriptions','',0,0),(1,0,0,0,'2016-01-05 12:18:13',1,'plugins.reports','reviews','',0,0),(1,0,0,0,'2016-01-05 12:18:13',1,'plugins.reports','timedViewReport','',0,0),(1,0,0,0,'2016-01-05 12:18:13',0,'plugins.reports','counterReport','',0,0),(1,0,0,0,'2016-01-05 12:18:13',1,'plugins.reports','articles','',0,0),(1,0,0,0,'2016-01-05 12:18:13',1,'plugins.reports','views','',0,0),(1,0,0,0,'2016-01-05 12:18:13',1,'plugins.themes','blueSteel','',0,0),(1,0,0,0,'2016-01-05 12:18:13',1,'plugins.themes','lilac','',0,0),(1,0,0,0,'2016-01-05 12:18:13',1,'plugins.themes','custom','',0,0),(1,0,0,0,'2016-01-05 12:18:13',1,'plugins.themes','desert','',0,0),(1,0,0,0,'2016-01-05 12:18:13',1,'plugins.themes','vanilla','',0,0),(1,0,0,0,'2016-01-05 12:18:13',1,'plugins.themes','classicGreen','',0,0),(1,0,0,0,'2016-01-05 12:18:13',1,'plugins.themes','uncommon','',0,0),(1,0,0,0,'2016-01-05 12:18:13',1,'plugins.themes','classicRed','',0,0),(1,0,0,0,'2016-01-05 12:18:13',1,'plugins.themes','steel','',0,0),(1,0,0,0,'2016-01-05 12:18:13',1,'plugins.themes','classicBrown','',0,0),(1,0,0,0,'2016-01-05 12:18:13',1,'plugins.themes','classicNavy','',0,0),(1,0,0,0,'2016-01-05 12:18:13',1,'plugins.themes','night','',0,0),(1,0,0,0,'2016-01-05 12:18:13',1,'plugins.themes','redbar','',0,0),(1,0,0,0,'2016-01-05 12:18:13',1,'plugins.themes','classicBlue','',0,0),(2,4,7,1,'2016-01-05 12:18:13',0,'core','ojs2','',0,1),(1,1,0,0,'2019-06-23 01:13:39',1,'plugins.blocks','subscription','SubscriptionBlockPlugin',1,0),(1,0,0,0,'2019-06-23 01:13:39',1,'plugins.blocks','browse','BrowseBlockPlugin',1,0),(1,0,0,0,'2019-06-23 01:13:39',1,'plugins.blocks','makeSubmission','MakeSubmissionBlockPlugin',1,0),(1,2,0,0,'2019-06-23 01:13:39',1,'plugins.generic','openAIRE','OpenAIREPlugin',1,0),(1,0,0,0,'2019-06-23 01:13:39',1,'plugins.generic','recommendByAuthor','RecommendByAuthorPlugin',1,1),(1,0,0,0,'2019-06-23 01:13:39',1,'plugins.generic','googleScholar','GoogleScholarPlugin',1,0),(1,1,1,1,'2019-06-23 01:13:39',1,'plugins.generic','orcidProfile','OrcidProfilePlugin',1,0),(1,0,0,0,'2019-06-23 01:13:39',1,'plugins.generic','dublinCoreMeta','DublinCoreMetaPlugin',1,0),(1,0,1,0,'2019-06-23 01:13:39',1,'plugins.generic','pdfJsViewer','PdfJsViewerPlugin',1,0),(1,2,0,0,'2019-06-23 01:13:39',1,'plugins.generic','customBlockManager','CustomBlockManagerPlugin',1,0),(1,0,0,0,'2019-06-23 01:13:39',1,'plugins.generic','lensGalley','LensGalleyPlugin',1,0),(1,2,0,0,'2019-06-23 01:13:40',1,'plugins.generic','acron','AcronPlugin',1,1),(1,0,0,0,'2019-06-23 01:13:40',1,'plugins.generic','htmlArticleGalley','HtmlArticleGalleyPlugin',1,0),(0,1,0,0,'2019-06-23 01:13:40',1,'plugins.generic','citationStyleLanguage','CitationStyleLanguagePlugin',1,0),(1,1,0,0,'2019-06-23 01:13:40',1,'plugins.importexport','doaj','',0,0),(2,1,0,0,'2019-06-23 01:13:40',1,'plugins.importexport','crossref','',0,0),(2,0,0,0,'2019-06-23 01:13:40',1,'plugins.importexport','medra','',0,0),(2,0,0,0,'2019-06-23 01:13:40',1,'plugins.importexport','datacite','',0,0),(1,1,0,0,'2019-06-23 01:13:40',1,'plugins.reports','counterReport','',0,0),(2,0,0,0,'2019-06-23 01:13:40',1,'plugins.reports','reviewReport','',0,0),(1,0,0,0,'2019-06-23 01:13:40',1,'plugins.themes','default','DefaultThemePlugin',1,0),(3,1,2,1,'2019-06-23 01:05:00',1,'core','ojs2','',0,1),(3,1,2,0,'2019-07-15 09:57:06',0,'plugins.themes','bootstrap3','BootstrapThreeThemePlugin',0,0),(3,1,2,5,'2019-07-20 09:22:59',1,'plugins.themes','bootstrap3','BootstrapThreeThemePlugin',0,0);


